000
CXUS53 KLOT 011317
CLMPWK


CLIMATE REPORT
NATIONAL WEATHER SERVICE CHICAGO IL
801 AM CDT FRI APR 1 2016

...................................

...THE CHICAGO EXECUTIVE CLIMATE SUMMARY FOR THE MONTH OF MARCH 2016...

CLIMATE NORMAL PERIOD 1981 TO 2010
CLIMATE RECORD PERIOD 1996 TO 2016

WEATHER         OBSERVED          NORMAL  DEPART  LAST YEAR`S
                 VALUE   DATE(S)  VALUE   FROM    VALUE
                                          NORMAL
.............................................................
TEMPERATURE (F)
RECORD
 HIGH              86   03/21/2012
                        03/20/2012
                        03/20/2012
 LOW               -4   03/03/2014
HIGHEST            71   03/08        MM      MM       73
LOWEST             11   03/02        MM      MM        3
AVG. MAXIMUM     50.7              46.1     4.6     44.5
AVG. MINIMUM     34.3              28.9     5.4     25.4
MEAN             42.5              37.5     5.0     34.9

PRECIPITATION (INCHES)
RECORD
 MAXIMUM           MM   MM
 MINIMUM           MM   MM
TOTALS           2.65              2.25    0.40     0.31

DEGREE_DAYS
HEATING TOTAL     690               853    -163      924
 SINCE 7/1       4753              5591    -838     6052
COOLING TOTAL       0                 0       0        0
 SINCE 1/1          0                 0       0        0
..............................................................

WIND (MPH)
AVERAGE WIND SPEED              8.8
HIGHEST WIND SPEED/DIRECTION    33/260    DATE  03/16
HIGHEST GUST SPEED/DIRECTION    47/250    DATE  03/16

AVERAGE RH (PERCENT)     72


-  INDICATES NEGATIVE NUMBERS.
R  INDICATES RECORD WAS SET OR TIED.
MM INDICATES DATA IS MISSING.
T  INDICATES TRACE AMOUNT.

$$
