000
CXUS56 KPDT 011721
CLMRDM

CLIMATE REPORT
NATIONAL WEATHER SERVICE PENDLETON OREGON
1018 AM PDT WED NOV 01 2017

....................................

...THE REDMOND OR CLIMATE SUMMARY FOR THE MONTH OF OCTOBER 2017...

CLIMATE NORMAL PERIOD 1981 TO 2010
CLIMATE RECORD PERIOD 1949 TO 2017

WEATHER         OBSERVED          NORMAL  DEPART  LAST YEAR`S
                 VALUE   DATE(S)  VALUE   FROM    VALUE  DATE(S)
                                          NORMAL

................................................................

TEMPERATURE (F)
RECORD
 HIGH              95  10/ 3/1970
 LOW               -3  10/31/2002
HIGHEST            76  10/ 6       77        -1            80  10/ 8
LOWEST             14  10/31       14         0            23  10/12
AVG. MAXIMUM     62.4            63.5      -1.1          61.0
AVG. MINUMUM     29.0            31.3      -2.3          36.7
MEAN             45.7            47.4      -1.7          48.9
DAYS MAX >= 90      0               0         0             0
DAYS MAX <= 32      0               2        -2             0
DAYS MIN <= 32     22              18         4            11
DAYS MIN <= 0       0               3        -3            11


PRECIPITATION (INCHES)
RECORD
 MAXIMUM          2.75   1950
 MINIMUM          0.00   1988
TOTALS            0.52            0.65     -0.13          1.74
DAILY AVG.        0.02            0.02      0.00          0.06
DAYS >=  0.01        5               6        -1            16
DAYS >=  0.10        2               2         0             3
DAYS >=  0.50        0               0         0             1
DAYS >=  1.00        0               0         0             0
GREATEST
 24 HR. TOTAL     0.21  10/13



SNOWFALL (INCHES)
RECORD
 MAXIMUM           2.2   1991
 MINIMUM           0.0   2016
TOTALS             0.0             0.2      -0.2           0.0
SINCE 7/1          0.0             0.2      -0.2           0.0
DAYS >=  TRACE                       0         0
DAYS >=  1.0         0               0         0             0
GREATEST
 24 HR. TOTAL      0.0  10/31


DEGREE DAYS
HEATING TOTAL      589             547        42           495
 SINCE 7/1         834             946      -112           853
COOLING TOTAL        0               0         0             0
 SINCE 1/1         434             216       218           240

.............................................................

WIND (MPH)
AVERAGE WIND SPEED                     7.0
RESULTANT WIND SPEED/DIRECTION         4/225
HIGHEST WIND SPEED/DIRECTION          31/270      DATE          10/22
HIGHEST GUST SPEED/DIRECTION          39/280      DATE          10/22


WEATHER CONDITIONS. NUMBER OF DAYS WITH
THUNDERSTORM               0    MIXED PRECIP                        0
HEAVY RAIN                 0    RAIN                                2
LIGHT RAIN                 9    FREEZING RAIN                       0
LT FREEZING RAIN           0    HAIL                                0
HEAVY SNOW                 0    SNOW                                0
LIGHT SNOW                 0    SLEET                               0
FOG                        4    FOG W/VIS <=1/4 MILE                0
HAZE                       5

-  INDICATES NEGATIVE NUMBERS.
R  INDICATES RECORD WAS SET OR TIED.
MM INDICATES DATA IS MISSING.
T  INDICATES TRACE AMOUNT.

$$
