000
CXUS56 KPDT 011351 RRA
CLMRDM

CLIMATE REPORT
NATIONAL WEATHER SERVICE PENDLETON OREGON
644 AM PDT WED JUL 01 2015

....................................

...THE REDMOND OR CLIMATE SUMMARY FOR THE MONTH OF JUNE 2015...

CLIMATE NORMAL PERIOD 1981 TO 2010
CLIMATE RECORD PERIOD 1949 TO 2015

WEATHER         OBSERVED          NORMAL  DEPART  LAST YEAR`S
                 VALUE   DATE(S)  VALUE   FROM    VALUE  DATE(S)
                                          NORMAL

................................................................

TEMPERATURE (F)
RECORD
 HIGH             101   6/26/2015
 LOW               24   6/ 4/1962
HIGHEST           101   6/26       90        11            85   6/30
LOWEST             33   6/13       26         7            31   6/17
AVG. MAXIMUM     85.0            76.1       8.9          75.4
AVG. MINUMUM     46.6            40.9       5.7          39.3
MEAN             65.8            58.5       7.3          57.3
DAYS MAX >= 90      9               3         6             0
DAYS MAX <= 32      0               1        -1             0
DAYS MIN <= 32      0               4        -4             1
DAYS MIN <= 0       0               1        -1             1


PRECIPITATION (INCHES)
RECORD
 MAXIMUM          3.87   1969
 MINIMUM             T   1973
TOTALS            0.11            0.64     -0.53          0.30
DAILY AVG.        0.00            0.02     -0.02          0.01
DAYS >=  0.01        1               5        -4             5
DAYS >=  0.10        1               2        -1             1
DAYS >=  0.50        0               0         0             0
DAYS >=  1.00        0               0         0             0
GREATEST
 24 HR. TOTAL     0.11   6/ 1



SNOWFALL (INCHES)
RECORD
 MAXIMUM           2.0   1966
 MINIMUM           0.0   2014
TOTALS             0.0             0.0       0.0           0.0
SINCE 7/1          5.3            16.6     -11.3           8.5
DAYS >=  TRACE                       0         0
DAYS >=  1.0         0               0         0             0
GREATEST
 24 HR. TOTAL      0.0   6/30


DEGREE DAYS
HEATING TOTAL       77             217      -140           223
 SINCE 7/1        5782            6717      -935          6689
COOLING TOTAL      107              22        85             1
 SINCE 1/1         116              22        94             1

.............................................................

WIND (MPH)
AVERAGE WIND SPEED                     6.8
RESULTANT WIND SPEED/DIRECTION         4/271
HIGHEST WIND SPEED/DIRECTION          31/200      DATE          06/26
HIGHEST GUST SPEED/DIRECTION          47/210      DATE          06/26


WEATHER CONDITIONS. NUMBER OF DAYS WITH
THUNDERSTORM               4    MIXED PRECIP                           0
HEAVY RAIN                 0    RAIN                                   1
LIGHT RAIN                 4    FREEZING RAIN                          0
LT FREEZING RAIN           0    HAIL                                   0
HEAVY SNOW                 0    SNOW                                   0
LIGHT SNOW                 0    SLEET                                  0
FOG                        1    FOG W/VIS <=1/4 MILE                   0
HAZE                       0

-  INDICATES NEGATIVE NUMBERS.
R  INDICATES RECORD WAS SET OR TIED.
MM INDICATES DATA IS MISSING.
T  INDICATES TRACE AMOUNT.

$$
