000
CXUS55 KRIW 011934 AAA
CLMRKS

CLIMATE REPORT...UPDATED
NATIONAL WEATHER SERVICE RIVERTON WY
133 PM MDT TUE JUL 1 2014

...PRELIMINARY MONTHLY CLIMATE SUMMARY FOR ROCK SPRINGS FOR THE
MONTH OF MAY 2014...

...OFFICIAL CLIMATE DATA FOR THE MONTH OF JUNE 2014 WILL BE
AVAILABLE APPROXIMATELY IN AUGUST 2014 FROM THE NATIONAL CLIMATIC
DATA CENTER (HTTP://WWW.NCDC.NOAA.GOV/OL/CLIMATEDATA.HTML).
UNOFFICIAL ASOS DAILY SUMMARIES ARE AVAILABLE ON THE INTERNET AT
HTTP://WWW.CRH.NOAA.GOV/RIW/CLIMATE/...

...ROCK SPRINGS WAS SLIGHTLY COOLER AND MUCH DRIER THAN NORMAL IN
JUNE...

THE AVERAGE TEMPERATURE FOR ROCK SPRINGS IN JUNE WAS 60.4 DEGREES...
WHICH WAS 0.4 DEGREES BELOW NORMAL. THE WARMEST READING FOR THE
MONTH WAS 87 DEGREES ON THE 25TH...AND THE COLDEST READING WAS 34
DEGREES...WHICH OCCURRED ON THE 17TH. NO TEMPERATURE RECORDS WERE
SET DURING THE MONTH.

TOTAL PRECIPITATION FOR THE MONTH WAS ONLY 0.29 OF AN INCH...WHICH
WAS 37 PERCENT OF NORMAL. THE WETTEST 24 HOUR PERIOD OF THE MONTH
WAS THE 8TH...WHEN 0.10 OF AN INCH OF PRECIPITATION FELL. THERE
WERE NO PRECIPITATION RECORDS FOR THE MONTH. THE HIGHEST WIND GUST
WAS 52 MPH...WHICH OCCURRED ON THE 10TH.

...THE ROCK SPRINGS WY CLIMATE SUMMARY FOR THE MONTH OF JUNE 2014...

CLIMATE NORMAL PERIOD 1981 TO 2010
CLIMATE RECORD PERIOD 1948 TO 2014

WEATHER         OBSERVED          NORMAL  DEPART
                 VALUE   DATE(S)  VALUE   FROM
                                          NORMAL
................................................
TEMPERATURE (F)
RECORD
 HIGH              96   06/23/1954
 LOW               26   06/03/1951
                        06/02/1951
HIGHEST            87   06/25
LOWEST             34   06/17
                        06/09
AVG. MAXIMUM     75.2              74.8     0.4
AVG. MINIMUM     45.6              46.4    -0.8
MEAN             60.4              60.6    -0.2
DAYS MAX >= 90      0
DAYS MAX <= 32      0
DAYS MIN <= 32      0
DAYS MIN <= 0       0

PRECIPITATION (INCHES)
RECORD
 MAXIMUM         3.49   1969
 MINIMUM         0.00   1956
TOTALS           0.29              0.79   -0.50
DAILY AVG.       0.01              0.03   -0.02
DAYS >= .01         4
DAYS >= .10         1
DAYS >= .50         0
DAYS >= 1.00        0
GREATEST
 24 HR. TOTAL    0.10   06/08 TO 06/08

DEGREE_DAYS
HEATING TOTAL     147               167     -20
 SINCE 7/1       7491              8142    -651
COOLING TOTAL      17                35     -18
 SINCE 1/1         24                36     -12
.................................................

WIND (MPH)
AVERAGE WIND SPEED              11.7
RESULTANT WIND SPEED/DIRECTION   6/262
HIGHEST WIND SPEED/DIRECTION    41/280    DATE  06/23
HIGHEST GUST SPEED/DIRECTION    52/280    DATE  06/10

SKY COVER
POSSIBLE SUNSHINE (PERCENT)   MM
AVERAGE SKY COVER           0.20
NUMBER OF DAYS FAIR           24
NUMBER OF DAYS PC              5
NUMBER OF DAYS CLOUDY          1

AVERAGE RH (PERCENT)     40

WEATHER CONDITIONS. NUMBER OF DAYS WITH
THUNDERSTORM              4     MIXED PRECIP               0
HEAVY RAIN                1     RAIN                       2
LIGHT RAIN               10     FREEZING RAIN              0
LT FREEZING RAIN          0     HAIL                       0
HEAVY SNOW                0     SNOW                       0
LIGHT SNOW                1     SLEET                      0
FOG                       2     FOG W/VIS <= 1/4 MILE      0
HAZE                      0

-  INDICATES NEGATIVE NUMBERS.
R  INDICATES RECORD WAS SET OR TIED.
MM INDICATES DATA IS MISSING.
T  INDICATES TRACE AMOUNT.

LOOKING AHEAD TO JULY 2014...THE AVERAGE HIGH TEMPERATURE ON THE
FIRST OF THE MONTH IS 81 DEGREES...AND THE AVERAGE LOW TEMPERATURE
IS 51. THE AVERAGE HIGH BY THE END OF THE MONTH IS 85 DEGREES...AND
THE AVERAGE LOW TEMPERATURE IS 55. THE AVERAGE MONTHLY PRECIPITATION
IS 0.64 INCHES.

$$
