000
CXUS55 KREV 010856
CLMRNO

CLIMATE REPORT
NATIONAL WEATHER SERVICE RENO NV
1249 AM PST SUN FEB 1 2015

...................................

...THE RENO TAHOE AIRPORT NV CLIMATE SUMMARY FOR THE MONTH OF JANUARY 2015...

THE AVERAGE TEMPERATURE FOR JANUARY 2015 AT THE RENO TAHOE AIRPORT
WAS 40.3 DEGREES WHICH IS 4.7 DEGREES ABOVE NORMAL.  THIS MAKES
JANUARY 2015 TIED FOR THE SECOND WARMEST JANUARY ON RECORD AT RENO.

THE HIGHEST TEMPERATURE FOR JANUARY WAS 66 DEGREES WHICH OCCURRED ON
THE 18TH.  THE LOWEST TEMPERATURE FOR THE MONTH WAS 9 DEGREES WHICH
WAS RECORDED ON THE 1ST.

FOR JANUARY 2015 A TOTAL OF 0.06 INCH OF PRECIPITATION WAS RECORDED
AT THE RENO TAHOE INTERNATIONAL AIRPORT.  THIS IS 0.97 INCH BELOW
NORMAL.  THIS MAKES JANUARY 2015 TIED FOR THE SEVENTH DRIEST JANUARY
ON RECORD AT RENO.  NO SNOWFALL WAS REPORTED FOR THE MONTH.  THE
AVERAGE SNOWFALL FOR JANUARY AT RENO IS 5.6 INCHES.

THE AVERAGE WIND SPEED FOR THE MONTH WAS 2.5 MPH.  THE PEAK WIND
GUST FOR THE MONTH WAS 29 MPH FROM THE WEST WHICH OCCURRED ON THE
18TH.


CLIMATE NORMAL PERIOD 1981 TO 2010
CLIMATE RECORD PERIOD 1888 TO 2015

WEATHER         OBSERVED          NORMAL  DEPART
                 VALUE   DATE(S)  VALUE   FROM
                                          NORMAL
................................................
TEMPERATURE (F)
RECORD
 HIGH              71   01/31/2003
 LOW              -19   01/08/1890
HIGHEST            66   01/18        70      -4
LOWEST              9   01/01       -16      25
AVG. MAXIMUM     53.5              45.7     7.8
AVG. MINIMUM     27.1              25.4     1.7
MEAN             40.3              35.6     4.7
DAYS MAX >= 90      0               0.0     0.0
DAYS MAX <= 32      0               1.7    -1.7
DAYS MIN <= 32     22              25.1    -3.1
DAYS MIN <= 0       0               0.0     0.0

PRECIPITATION (INCHES)
RECORD
 MAXIMUM         6.76   1916
 MINIMUM         0.00   1872
TOTALS           0.06              1.03   -0.97
DAILY AVG.       0.00              0.03   -0.03
DAYS >= .01         1               6.9    -5.9
DAYS >= .10         0               2.7    -2.7
DAYS >= .50         0               0.4    -0.4
DAYS >= 1.00        0               0.1    -0.1
GREATEST
 24 HR. TOTAL    0.06   01/27 TO 01/27
 STORM TOTAL       MM
 (MM/DD(HH))            MM

SNOWFALL (INCHES)
RECORDS
 TOTAL           65.7   5
                        0
 24 HR TOTAL       MM
TOTALS            0.0               5.6    -5.6
 LIQUID EQUIV    0.00              0.60   -0.60
SINCE 7/1         2.2              14.0   -11.8
 LIQUID 7/1      0.22
DAYS >= TRACE       0               4.0    -4.0
DAYS >= 1.0         0               1.9    -1.9
GREATEST
 SNOW DEPTH         T   01/01
 24 HR TOTAL      0.0   01/31 TO 01/31
 STORM TOTAL       MM
 (MM/DD(HH))            MM

DEGREE_DAYS
HEATING TOTAL     757               913    -156
 SINCE 7/1       2348              2937    -589
COOLING TOTAL       0                 0       0
 SINCE 1/1          0                 0       0

FREEZE DATES
RECORD
 EARLIEST     08/23/1973
 LATEST       06/27/1974
EARLIEST                        10/03
LATEST                          05/21
.................................................

WIND (MPH)
AVERAGE WIND SPEED              2.5
HIGHEST WIND SPEED/DIRECTION    23/300    DATE  01/18
HIGHEST GUST SPEED/DIRECTION    29/290    DATE  01/18

AVERAGE RH (PERCENT)     59

WEATHER CONDITIONS. NUMBER OF DAYS WITH
THUNDERSTORM              0     MIXED PRECIP               0
HEAVY RAIN                0     RAIN                       0
LIGHT RAIN                1     FREEZING RAIN              0
LT FREEZING RAIN          0     HAIL                       0
HEAVY SNOW                0     SNOW                       0
LIGHT SNOW                0     SLEET                      0
FOG                       1     FOG W/VIS <= 1/4 MILE      0
HAZE                      1

-  INDICATES NEGATIVE NUMBERS.
R  INDICATES RECORD WAS SET OR TIED.
MM INDICATES DATA IS MISSING.
T  INDICATES TRACE AMOUNT.

$$
