000
CXUS55 KREV 010853
CLMRNO


CLIMATE REPORT
NATIONAL WEATHER SERVICE RENO NV
1245 AM PST THU FEB 1 2018

...................................

...THE RENO-TAHOE INTL AIRPORT NV CLIMATE SUMMARY FOR THE MONTH OF JANUARY 2018...

THE AVERAGE TEMPERATURE FOR JANUARY 2018 AT THE RENO-TAHOE
INTERNATIONAL AIRPORT WAS 42.4 DEGREES WHICH IS 6.8 DEGREES ABOVE
NORMAL. THIS MAKES JANUARY 2018 THE SECOND WARMEST JANUARY EVER
RECORDED AT THE RENO-TAHOE AIRPORT SECOND ONLY TO JANUARY 2003`S
AVERAGE OF 43.0 DEGREES. THE HIGHEST TEMPERATURE FOR THE MONTH WAS
69 DEGREES RECORDED ON THE 30TH. THE LOWEST TEMPERATURES FOR THE
MONTH WAS 21 DEGREES RECORDED ON THE 21ST.

FOR JANUARY 2018 0.67 INCHES OF PRECIPITATION FELL WHICH IS 0.36
INCHES BELOW NORMAL. ONLY A TRACE OF SNOWFALL FELL FOR THE MONTH.

THE AVERAGE WIND SPEED FOR JANUARY 2018 WAS 4.1 MPH AND THE
HIGHEST GUST RECORDED WAS 54 MPH FROM THE SOUTH ON THE 24TH.

CLIMATE NORMAL PERIOD 1981 TO 2010
CLIMATE RECORD PERIOD 1888 TO 2018

WEATHER         OBSERVED          NORMAL  DEPART
                 VALUE   DATE(S)  VALUE   FROM
                                          NORMAL
................................................
TEMPERATURE (F)
RECORD
 HIGH              71   01/31/2003
 LOW              -19   01/08/1890
HIGHEST            69   01/30        70      -1
LOWEST             21   01/21       -16      37
AVG. MAXIMUM     54.5              45.7     8.8
AVG. MINIMUM     30.3              25.4     4.9
MEAN             42.4              35.6     6.8
DAYS MAX >= 90      0               0.0     0.0
DAYS MAX <= 32      0               1.7    -1.7
DAYS MIN <= 32     22              25.1    -3.1
DAYS MIN <= 0       0               0.0     0.0

PRECIPITATION (INCHES)
RECORD
 MAXIMUM         6.76   1916
 MINIMUM         0.00   1872
TOTALS           0.67              1.03   -0.36
DAILY AVG.       0.02              0.03   -0.01
DAYS >= .01         8               6.9     1.1
DAYS >= .10         3               2.7     0.3
DAYS >= .50         0               0.4    -0.4
DAYS >= 1.00        0               0.1    -0.1
GREATEST
 24 HR. TOTAL    0.37   01/06 TO 01/06
 STORM TOTAL       MM
 (MM/DD(HH))            MM

SNOWFALL (INCHES)
RECORDS
 TOTAL           65.7   5
                        0
 24 HR TOTAL       MM
TOTALS              T               5.6    -5.6
 LIQUID EQUIV      MM              0.60      MM
SINCE 7/1         1.0              14.0   -13.0
 LIQUID 7/1      0.10
DAYS >= TRACE       3               4.0    -1.0
DAYS >= 1.0         0               1.9    -1.9
GREATEST
 SNOW DEPTH         0   MM
 24 HR TOTAL        T   01/25 TO 01/25
 STORM TOTAL       MM
 (MM/DD(HH))            MM

DEGREE_DAYS
HEATING TOTAL     694               913    -219
 SINCE 7/1       2512              2937    -425
COOLING TOTAL       0                 0       0
 SINCE 1/1          0                 0       0

FREEZE DATES
RECORD
 EARLIEST     08/23/1973
 LATEST       06/27/1974
EARLIEST                        10/03
LATEST                          05/21
.................................................

WIND (MPH)
AVERAGE WIND SPEED              4.1
HIGHEST WIND SPEED/DIRECTION    44/190    DATE  01/24
HIGHEST GUST SPEED/DIRECTION    54/190    DATE  01/24

AVERAGE RH (PERCENT)     59

WEATHER CONDITIONS. NUMBER OF DAYS WITH
THUNDERSTORM              0     MIXED PRECIP               0
HEAVY RAIN                0     RAIN                       1
LIGHT RAIN                9     FREEZING RAIN              0
LT FREEZING RAIN          0     HAIL                       0
HEAVY SNOW                0     SNOW                       2
LIGHT SNOW                2     SLEET                      0
FOG                       5     FOG W/VIS <= 1/4 MILE      0
HAZE                      1

-  INDICATES NEGATIVE NUMBERS.
R  INDICATES RECORD WAS SET OR TIED.
MM INDICATES DATA IS MISSING.
T  INDICATES TRACE AMOUNT.

$$
