000
CXUS55 KABQ 011502
CLMROW


CLIMATE REPORT
NATIONAL WEATHER SERVICE ALBUQUERQUE NM
835 AM MDT MON JUN 1 2015

...................................

...THE ROSWELL NM CLIMATE SUMMARY FOR THE MONTH OF MAY 2015...

CLIMATE NORMAL PERIOD 1981 TO 2010
CLIMATE RECORD PERIOD 1893 TO 2015

WEATHER         OBSERVED          NORMAL  DEPART  LAST YEAR`S
                 VALUE   DATE(S)  VALUE   FROM    VALUE  DATE(S)
                                          NORMAL
................................................................
TEMPERATURE (F)
RECORD
 HIGH             106   05/18/2003
 LOW               34   05/03/2013
                        05/07/1975
                        05/01/1967
HIGHEST            92   05/27        MM      MM       98  05/20
                                                          05/19
                                                          05/18
LOWEST             45   05/24        MM      MM       39  05/14
                        05/10
AVG. MAXIMUM     81.8              85.4    -3.6     86.8
AVG. MINIMUM     51.9              54.7    -2.8     53.5
MEAN             66.8              70.1    -3.3     70.1
DAYS MAX >= 90      3              10.1    -7.1       16
DAYS MAX <= 32      0               0.0     0.0        0
DAYS MIN <= 32      0               0.0     0.0        0
DAYS MIN <= 0       0               0.0     0.0        0

PRECIPITATION (INCHES)
RECORD
 MAXIMUM           MM   MM
 MINIMUM           MM   MM
TOTALS           3.75              1.25    2.50     4.45
DAILY AVG.       0.12              0.04    0.08     0.14
DAYS >= .01         8               4.4     3.6        2
DAYS >= .10         7               2.4     4.6        1
DAYS >= .50         3               0.9     2.1        1
DAYS >= 1.00        0               0.4    -0.4        1
GREATEST
 24 HR. TOTAL    1.28   05/29 TO 05/30              4.44

SNOWFALL (INCHES)
RECORDS
 TOTAL             MM   MM
TOTALS            0.0               0.0     0.0      0.0
SINCE 7/1        16.2              11.9     4.3      5.0
SNOWDEPTH AVG.      0                MM      MM        0
DAYS >= 1.0         0               0.0     0.0        0
GREATEST
 SNOW DEPTH         0   MM                             0  MM
 24 HR TOTAL      0.0   05/31 TO 05/31               0.0

DEGREE_DAYS
HEATING TOTAL      26                29      -3       41
 SINCE 7/1       3233              3287     -54     3273
COOLING TOTAL      91               185     -94      209
 SINCE 1/1        107               225    -118      254
.................................................................

WIND (MPH)
AVERAGE WIND SPEED              9.1
HIGHEST WIND SPEED/DIRECTION    36/230    DATE  05/16
HIGHEST GUST SPEED/DIRECTION    46/230    DATE  05/09

SKY COVER
AVERAGE SKY COVER           0.20

AVERAGE RH (PERCENT)     53

WEATHER CONDITIONS. NUMBER OF DAYS WITH
THUNDERSTORM              0     MIXED PRECIP               0
HEAVY RAIN                6     RAIN                       5
LIGHT RAIN               11     FREEZING RAIN              0
LT FREEZING RAIN          0     HAIL                       0
HEAVY SNOW                0     SNOW                       0
LIGHT SNOW                0     SLEET                      0
FOG                      11     FOG W/VIS <= 1/4 MILE      0
HAZE                      5

-  INDICATES NEGATIVE NUMBERS.
R  INDICATES RECORD WAS SET OR TIED.
MM INDICATES DATA IS MISSING.
T  INDICATES TRACE AMOUNT.

$$
