000
CXUS51 KAKQ 011438
CLMSBY


CLIMATE REPORT
NATIONAL WEATHER SERVICE WAKEFIELD, VA
1037 AM EDT TUE JUL 1 2014

...................................

...THE SALISBURY MD CLIMATE SUMMARY FOR THE MONTH OF JUNE 2014...

CLIMATE NORMAL PERIOD 1981 TO 2010
CLIMATE RECORD PERIOD 1900 TO 2014

WEATHER         OBSERVED          NORMAL  DEPART  LAST YEAR`S
                 VALUE   DATE(S)  VALUE   FROM    VALUE  DATE(S)
                                          NORMAL
................................................................
TEMPERATURE (F)
RECORD
 HIGH             102   06/06/1925
 LOW               37   06/02/1966
HIGHEST            98   06/18        87      11       MM  MM
LOWEST             44   06/02        58     -14       MM  MM
AVG. MAXIMUM     85.9              82.2     3.7       MM
AVG. MINIMUM     62.9              61.7     1.2       MM
MEAN             74.4              72.0     2.4       MM
DAYS MAX >= 90      8               4.0     4.0       MM
DAYS MAX <= 32      0               0.0     0.0       MM
DAYS MIN <= 32      0               0.0     0.0       MM
DAYS MIN <= 0       0               0.0     0.0       MM

PRECIPITATION (INCHES)
RECORD
 MAXIMUM         9.27   1972
 MINIMUM         0.38   1988
TOTALS           0.84              3.71   -2.87       MM
DAILY AVG.       0.03              0.12   -0.09       MM
DAYS >= .01         5              10.4    -5.4       MM
DAYS >= .10         2               7.1    -5.1       MM
DAYS >= .50         1               2.5    -1.5       MM
DAYS >= 1.00        0               0.8    -0.8       MM
GREATEST
 24 HR. TOTAL    0.78   06/04 TO 06/05

DEGREE_DAYS
HEATING TOTAL       5                19     -14       MM
 SINCE 7/1       4176              4441    -265       MM
COOLING TOTAL     293               227      66       MM
 SINCE 1/1        428               311     117       MM
.................................................................

WIND (MPH)
AVERAGE WIND SPEED              5.6
HIGHEST WIND SPEED/DIRECTION    23/250    DATE  06/04
HIGHEST GUST SPEED/DIRECTION    28/310    DATE  06/18

SKY COVER
POSSIBLE SUNSHINE (PERCENT)   MM
AVERAGE SKY COVER           0.30

AVERAGE RH (PERCENT)     64

WEATHER CONDITIONS. NUMBER OF DAYS WITH
THUNDERSTORM              3     MIXED PRECIP               0
HEAVY RAIN                2     RAIN                       2
LIGHT RAIN               10     FREEZING RAIN              0
LT FREEZING RAIN          0     HAIL                       0
HEAVY SNOW                0     SNOW                       0
LIGHT SNOW                0     SLEET                      0
FOG                      13     FOG W/VIS <= 1/4 MILE      3
HAZE                      2

-  INDICATES NEGATIVE NUMBERS.
R  INDICATES RECORD WAS SET OR TIED.
MM INDICATES DATA IS MISSING.
T  INDICATES TRACE AMOUNT.

$$
