000
CXUS56 KMTR 021356
CLMSJC


CLIMATE REPORT
NATIONAL WEATHER SERVICE SAN FRANCISCO BAY AREA
656 AM PDT SAT AUG 2 2014

...................................

...THE SAN JOSE AIRPORT CLIMATE SUMMARY FOR THE MONTH OF JULY 2014...

CLIMATE NORMAL PERIOD 1981 TO 2010
CLIMATE RECORD PERIOD 1893 TO 2014

WEATHER         OBSERVED          NORMAL  DEPART  LAST YEAR`S
                 VALUE   DATE(S)  VALUE   FROM    VALUE  DATE(S)
                                          NORMAL
................................................................
TEMPERATURE (F)
RECORD
 HIGH             108   07/14/1972
                        07/07/1905
 LOW               40   07/01/1896
                        07/30/1895
                        07/25/1893
HIGHEST            94   07/25                         92  07/02
                                                          07/01
LOWEST             56   07/03        MM               53  07/12
AVG. MAXIMUM     81.0              83.4    -2.4     80.3
AVG. MINIMUM     59.7              58.4     1.3     57.4
MEAN             70.3                               68.9
DAYS MAX >= 90      1                                  4
DAYS MAX <= 32      0                                  0
DAYS MIN <= 32      0                                  0
DAYS MIN <= 0       0                                  0

PRECIPITATION (INCHES)
RECORD
 MAXIMUM           MM   MM
 MINIMUM           MM   MM
TOTALS              T                 T    0.00        T
DAILY AVG.          T              0.00    0.00        T
DAYS >= .01         0                                  0
DAYS >= .10         0                                  0
DAYS >= .50         0                                  0
DAYS >= 1.00        0                                  0
GREATEST
 24 HR. TOTAL       T   07/22 TO 07/22           07/29 TO 07/29
                                                          07/31 TO 07/31
                                                          07/31 TO 07/31

DEGREE_DAYS
HEATING TOTAL       0                 1      -1        0
 SINCE 7/1          0                 1      -1        0
COOLING TOTAL     176               184      -8      126
 SINCE 1/1        353               369     -16      298
..................................................

WIND (MPH)
AVERAGE WIND SPEED              7.0
RESULTANT WIND SPEED/DIRECTION   5/299
HIGHEST WIND SPEED/DIRECTION    22/310    DATE  07/02
HIGHEST GUST SPEED/DIRECTION    26/330    DATE  07/23

SKY COVER
POSSIBLE SUNSHINE (PERCENT)   MM
AVERAGE SKY COVER           0.30
NUMBER OF DAYS FAIR           18
NUMBER OF DAYS PC             13
NUMBER OF DAYS CLOUDY          0

AVERAGE RH (PERCENT)     65

WEATHER CONDITIONS. NUMBER OF DAYS WITH
THUNDERSTORM              0     MIXED PRECIP               0
HEAVY RAIN                0     RAIN                       0
LIGHT RAIN                1     FREEZING RAIN              0
LT FREEZING RAIN          0     HAIL                       0
HEAVY SNOW                0     SNOW                       0
LIGHT SNOW                0     SLEET                      0
FOG                       2     FOG W/VIS <= 1/4 MILE      0
HAZE                      3

-  INDICATES NEGATIVE NUMBERS.
R  INDICATES RECORD WAS SET OR TIED.
MM INDICATES DATA IS MISSING.
T  INDICATES TRACE AMOUNT.

$$
