000
CXUS56 KPQR 011715
CLMSLE


CLIMATE REPORT
NATIONAL WEATHER SERVICE PORTLAND OREGON
1015 AM PDT SAT NOV 1 2014

...................................

...THE SALEM OR CLIMATE SUMMARY FOR THE MONTH OF OCTOBER 2014...

CLIMATE NORMAL PERIOD 1981 TO 2010
CLIMATE RECORD PERIOD 1892 TO 2014

WEATHER         OBSERVED          NORMAL  DEPART  LAST YEAR`S
                 VALUE   DATE(S)  VALUE   FROM    VALUE  DATE(S)
                                          NORMAL
................................................................
TEMPERATURE (F)
HIGHEST            87                                 75  10/06
LOWEST             43                                 30  10/29
AVG. MAXIMUM     69.1              64.1     5.0     63.4
AVG. MINIMUM     49.9              42.3     7.6     39.8
MEAN             59.5              53.2     6.3     51.6
DAYS MAX >= 90      0               0.0     0.0        0
DAYS MAX <= 32      0               0.0     0.0        0
DAYS MIN <= 32      0               1.3    -1.3        2
DAYS MIN <= 0       0               0.0     0.0        0

PRECIPITATION (INCHES)
RECORD
 MAXIMUM        11.17   1947
 MINIMUM         0.00   1917
                        1895
TOTALS           5.80              3.03    2.77     0.64
DAYS >= .01        18              11.5     6.5        7
DAYS >= .10        15               6.5     8.5        2
DAYS >= .50         3               1.9     1.1        0
DAYS >= 1.00        1               0.3     0.7        0
GREATEST
 24 HR. TOTAL    1.50   10/22 TO 10/23

DEGREE_DAYS
HEATING TOTAL     177               367    -190      413
 SINCE 7/1        209               532    -323      470
COOLING TOTAL      14                 1      13        0
 SINCE 1/1        605               290     315      502
.................................................................

WIND (MPH)
AVERAGE WIND SPEED              5.9
RESULTANT WIND SPEED/DIRECTION   3/170
HIGHEST WIND SPEED/DIRECTION    39/180    DATE  10/25
HIGHEST GUST SPEED/DIRECTION    51/180    DATE  10/25

SKY COVER
POSSIBLE SUNSHINE (PERCENT)   MM
AVERAGE SKY COVER           0.50
NUMBER OF DAYS FAIR           13
NUMBER OF DAYS PC             11
NUMBER OF DAYS CLOUDY          7

AVERAGE RH (PERCENT)     74

WEATHER CONDITIONS. NUMBER OF DAYS WITH
THUNDERSTORM              0     MIXED PRECIP               0
HEAVY RAIN                2     RAIN                      10
LIGHT RAIN               19     FREEZING RAIN              0
LT FREEZING RAIN          0     HAIL                       0
HEAVY SNOW                0     SNOW                       0
LIGHT SNOW                0     SLEET                      0
FOG                      22     FOG W/VIS <= 1/4 MILE      2
HAZE                      3

-  INDICATES NEGATIVE NUMBERS.
R  INDICATES RECORD WAS SET OR TIED.
MM INDICATES DATA IS MISSING.
T  INDICATES TRACE AMOUNT.

$$
