000
CXUS53 KEAX 020349 RRA
CLMSTJ

CLIMATE REPORT
NATIONAL WEATHER SERVICE KANSAS CITY/PLEASANT HILL MO
1044 PM CDT THU JUN 1 2017

...................................

...THE ST. JOSEPH MO CLIMATE SUMMARY FOR THE MONTH OF MAY 2017...

CLIMATE NORMAL PERIOD 1981 TO 2010
CLIMATE RECORD PERIOD 1892 TO 2017

WEATHER         OBSERVED          NORMAL  DEPART  LAST YEAR`S
                 VALUE   DATE(S)  VALUE   FROM    VALUE  DATE(S)
                                          NORMAL
................................................................
TEMPERATURE (F)
RECORD
 HIGH             103   05/30/1934
 LOW               29   05/03/2005
HIGHEST            92   05/15        90       2       87  05/30
                                                          05/29
                                                          05/07
LOWEST             37   05/04        38      -1       37  05/15
AVG. MAXIMUM     76.6              75.4     1.2     73.5
AVG. MINIMUM     51.8              53.3    -1.5     52.0
MEAN             64.2              64.4    -0.2     62.7
DAYS MAX >= 90      2               1.3     0.7        0
DAYS MAX <= 32      0               0.0     0.0        0
DAYS MIN <= 32      0               0.2    -0.2        0
DAYS MIN <= 0       0               0.0     0.0        0

PRECIPITATION (INCHES)
RECORD
 MAXIMUM        11.65   1995
 MINIMUM         0.55   1914
TOTALS           3.85              5.42   -1.57     5.92
DAILY AVG.       0.12              0.17   -0.05     0.19
DAYS >= .01        10              10.6    -0.6       14
DAYS >= .10         6               7.0    -1.0        8
DAYS >= .50         2               3.5    -1.5        4
DAYS >= 1.00        1               1.4    -0.4        1
GREATEST
 24 HR. TOTAL    1.59   05/19 TO 05/19

DEGREE_DAYS
HEATING TOTAL     116               112       4      126
 SINCE 7/1       4260              5450   -1190     4519
COOLING TOTAL     101                92       9       64
 SINCE 1/1        119               113       6       83
.................................................................

WIND (MPH)
AVERAGE WIND SPEED              9.5
HIGHEST WIND SPEED/DIRECTION    43/220    DATE  05/17
HIGHEST GUST SPEED/DIRECTION    63/200    DATE  05/17

SKY COVER
POSSIBLE SUNSHINE (PERCENT)   MM
AVERAGE SKY COVER           0.30
NUMBER OF DAYS FAIR           20
NUMBER OF DAYS PC              9
NUMBER OF DAYS CLOUDY          2

AVERAGE RH (PERCENT)     70

WEATHER CONDITIONS. NUMBER OF DAYS WITH
THUNDERSTORM              7     MIXED PRECIP               0
HEAVY RAIN                4     RAIN                       7
LIGHT RAIN               14     FREEZING RAIN              0
LT FREEZING RAIN          0     HAIL                       0
HEAVY SNOW                0     SNOW                       0
LIGHT SNOW                0     SLEET                      0
FOG                      11     FOG W/VIS <= 1/4 MILE      1
HAZE                      1

-  INDICATES NEGATIVE NUMBERS.
R  INDICATES RECORD WAS SET OR TIED.
MM INDICATES DATA IS MISSING.
T  INDICATES TRACE AMOUNT.

$$
