359
CXUS52 KTAE 011251
CLMTLH

CLIMATE REPORT
NATIONAL WEATHER SERVICE TALLAHASSEE FL
849 AM EDT SAT APR 1 2017

...................................

...THE TALLAHASSEE CLIMATE SUMMARY FOR THE MONTH OF MARCH 2017...

CLIMATE NORMAL PERIOD 1981 TO 2010
CLIMATE RECORD PERIOD 1896 TO 2017

WEATHER         OBSERVED          NORMAL  DEPART  LAST YEAR`S
                 VALUE   DATE(S)  VALUE   FROM    VALUE  DATE(S)
                                          NORMAL
................................................................
TEMPERATURE (F)
RECORD
 HIGH              91   03/21/2006
                        03/23/1935
                        03/22/1935
 LOW               20   03/02/1986
                        03/03/1980
HIGHEST            89   03/22                         89  03/16
                                                          03/15
LOWEST             27   03/16                         34  03/22
AVG. MAXIMUM     76.3              73.8     2.5     77.0
AVG. MINIMUM     50.0              47.1     2.9     53.9
MEAN             63.1              60.4     2.7     65.5
DAYS MAX >= 90      0               0.0     0.0        0
DAYS MAX <= 32      0               0.0     0.0        0
DAYS MIN <= 32      1               2.4    -1.4        0
DAYS MIN <= 0       0               0.0     0.0        0

PRECIPITATION (INCHES)
RECORD
 MAXIMUM        16.48   1948
 MINIMUM         0.18   1908
TOTALS           1.19              5.94   -4.75     6.50
DAILY AVG.       0.04              0.19   -0.15     0.21
DAYS >= .01         6               7.9    -1.9       10
DAYS >= .10         3               5.8    -2.8        7
DAYS >= .50         1               3.3    -2.3        6
DAYS >= 1.00        0               2.0    -2.0        3
GREATEST
 24 HR. TOTAL    0.55   03/13 TO 03/13

SNOWFALL (INCHES)
RECORDS
 TOTAL              T   1996
TOTALS            0.0
SINCE 7/1         0.0               0.1    -0.1      0.0
SNOWDEPTH AVG.      0
DAYS >= 1.0         0               0.0     0.0        0
GREATEST
 SNOW DEPTH         0
 24 HR TOTAL      0.0

DEGREE_DAYS
HEATING TOTAL     128               181     -53       86
 SINCE 7/1        776              1524    -748      931
COOLING TOTAL      80                40      40      108
 SINCE 1/1        140                54      86      111
.................................................................

WIND (MPH)
AVERAGE WIND SPEED              6.9
HIGHEST WIND SPEED/DIRECTION    23/160    DATE  03/30
HIGHEST GUST SPEED/DIRECTION    31/100    DATE  03/20

SKY COVER
AVERAGE SKY COVER           0.40

AVERAGE RH (PERCENT)     63

WEATHER CONDITIONS. NUMBER OF DAYS WITH
THUNDERSTORM              0     MIXED PRECIP               0
HEAVY RAIN                1     RAIN                       2
LIGHT RAIN                7     FREEZING RAIN              0
LT FREEZING RAIN          0     HAIL                       0
HEAVY SNOW                0     SNOW                       0
LIGHT SNOW                1     SLEET                      0
FOG                      13     FOG W/VIS <= 1/4 MILE      5
HAZE                      4

-  INDICATES NEGATIVE NUMBERS.
R  INDICATES RECORD WAS SET OR TIED.
MM INDICATES DATA IS MISSING.
T  INDICATES TRACE AMOUNT.

$$
