000
CXUS55 KCYS 172313 RRA
CLMTOR

CLIMATE REPORT
NATIONAL WEATHER SERVICE CHEYENNE WY
107 PM MST SAT JAN 17 2015

...................................

...THE TORRINGTON WY AIRPORT CLIMATE SUMMARY FOR THE MONTH OF DECEMBER 2014...

CLIMATE NORMAL PERIOD 1981 TO 2010
CLIMATE RECORD PERIOD 1998 TO 2015

WEATHER         OBSERVED          NORMAL  DEPART  LAST YEAR`S
                 VALUE   DATE(S)  VALUE   FROM    VALUE
                                          NORMAL
.............................................................
TEMPERATURE (F)
RECORD
 HIGH              70   12/02/2012
 LOW              -27   12/31/2014
                        12/21/1998
                        02/06/1989
HIGHEST            63   12/12        MM      MM       62
LOWEST            -27R  12/31        MM      MM      -17
AVG. MAXIMUM     40.1              40.0     0.1     38.5
AVG. MINIMUM     13.1              14.3    -1.2     13.6
MEAN             26.6              27.1    -0.5     26.1
DAYS MAX >= 90      0               0.0                0
DAYS MAX <= 32      9               7.7               10
DAYS MIN <= 32     31              29.7               27
DAYS MIN <= 0       4               4.3                8

PRECIPITATION (INCHES)
RECORD
 MAXIMUM         1.10   2014
 MINIMUM         0.02   2008
TOTALS           1.10              0.37    0.73     0.38
DAYS >= .01         7                MM      MM        3
DAYS >= .10         4                MM      MM        1
DAYS >= .50         1                MM      MM        0
DAYS >= 1.00        0                MM      MM        0
GREATEST
 24 HR. TOTAL    0.58   12/25 TO 12/26

DEGREE_DAYS
HEATING TOTAL    1184              1173      11     1197
 SINCE 7/1       2716              2756     -40     2766
COOLING TOTAL       0                 0       0        0
 SINCE 1/1        587               678     -91      893
..............................................................

WIND (MPH)
AVERAGE WIND SPEED              8.1
HIGHEST WIND SPEED/DIRECTION    36/330    DATE  12/23
HIGHEST GUST SPEED/DIRECTION    55/330    DATE  12/23

SKY COVER
POSSIBLE SUNSHINE (PERCENT)   MM
AVERAGE SKY COVER           0.30
NUMBER OF DAYS FAIR           19
NUMBER OF DAYS PC              9
NUMBER OF DAYS CLOUDY          3

AVERAGE RH (PERCENT)     64

WEATHER CONDITIONS. NUMBER OF DAYS WITH
THUNDERSTORM              0     MIXED PRECIP               0
HEAVY RAIN                0     RAIN                       0
LIGHT RAIN                0     FREEZING RAIN              0
LT FREEZING RAIN          0     HAIL                       0
HEAVY SNOW                1     SNOW                       3
LIGHT SNOW                7     SLEET                      0
FOG                      13     FOG W/VIS <= 1/4 MILE      5
HAZE                      9

-  INDICATES NEGATIVE NUMBERS.
R  INDICATES RECORD WAS SET OR TIED.
MM INDICATES DATA IS MISSING.
T  INDICATES TRACE AMOUNT.

$$
