000
CXUS55 KLKN 020107
CLMTPH


CLIMATE REPORT
NATIONAL WEATHER SERVICE ELKO NV
543 PM PDT FRI AUG 1 2014

...................................

...THE TONOPAH AIRPORT NV CLIMATE SUMMARY FOR THE MONTH OF JULY 2014...

CLIMATE NORMAL PERIOD 1981 TO 2010
CLIMATE RECORD PERIOD 1954 TO 2014

WEATHER         OBSERVED          NORMAL  DEPART  LAST YEAR`S
                 VALUE   DATE(S)  VALUE   FROM    VALUE  DATE(S)
                                          NORMAL
................................................................
TEMPERATURE (F)
RECORD
 HIGH             104   07/18/1960
 LOW               40   07/01/1997
                        07/22/1987
HIGHEST           101   07/13       100       1      102  07/20
                        07/01                             07/03
                                                          07/02
LOWEST             57   07/04        49       8       53  07/17
AVG. MAXIMUM     92.9              91.9     1.0     93.5
AVG. MINIMUM     62.6              57.5     5.1     61.7
MEAN             77.8              74.7     3.1     77.6
DAYS MAX >= 90     24              20.9     3.1       25
DAYS MAX <= 32      0               0.0     0.0        0
DAYS MIN <= 32      0               0.0     0.0        0
DAYS MIN <= 0       0               0.0     0.0        0

PRECIPITATION (INCHES)
RECORD
 MAXIMUM         2.49   1985
 MINIMUM         0.00   2000
                        1994
                        1993
TOTALS           1.33              0.45    0.88     0.91
DAILY AVG.       0.04              0.01    0.03     0.03
DAYS >= .01         6               3.1     2.9        8
DAYS >= .10         3               1.2     1.8        2
DAYS >= .50         1               0.2     0.8        0
DAYS >= 1.00        0               0.1    -0.1        0
GREATEST
 24 HR. TOTAL    0.85   07/15 TO 07/15              0.45

DEGREE_DAYS
HEATING TOTAL       0                 2      -2        0
 SINCE 7/1          0                 2      -2        0
COOLING TOTAL     402               303      99      399
 SINCE 1/1        652               475     177      674
.................................................................

WIND (MPH)
AVERAGE WIND SPEED              9.0
HIGHEST WIND SPEED/DIRECTION    40/090    DATE  07/15
HIGHEST GUST SPEED/DIRECTION    47/290    DATE  07/17

AVERAGE RH (PERCENT)     31

WEATHER CONDITIONS. NUMBER OF DAYS WITH
THUNDERSTORM              0     MIXED PRECIP               0
HEAVY RAIN                1     RAIN                       1
LIGHT RAIN               11     FREEZING RAIN              0
LT FREEZING RAIN          0     HAIL                       0
HEAVY SNOW                0     SNOW                       0
LIGHT SNOW                0     SLEET                      0
FOG                       0     FOG W/VIS <= 1/4 MILE      0
HAZE                      1

-  INDICATES NEGATIVE NUMBERS.
R  INDICATES RECORD WAS SET OR TIED.
MM INDICATES DATA IS MISSING.
T  INDICATES TRACE AMOUNT.

&&

=================================================================

...6TH WARMEST JULY ON RECORD AT TONOPAH AIRPORT...
...9TH WETTEST JULY ON RECORD AT TONOPAH AIRPORT...

THE AVERAGE TEMPERATURE AT TONOPAH AIRPORT DURING JULY 2014 WAS
77.8 DEGREES...WHICH IS 3.1 DEGREES ABOVE THE 1981-2010
CLIMATOLOGICAL NORMAL OF 74.7 DEGREES. THIS MAKES JULY 2014 THE
6TH WARMEST ON RECORD. THE TOTAL PRECIPITATION WAS 1.33
INCHES...WHICH IS 0.88 INCHES OR 196% ABOVE THE 1981-2010
CLIMATOLOGICAL NORMAL OF 0.45 INCHES. THIS MAKES JULY 2014 THE
9TH WETTEST ON RECORD.

A DAILY RECORD PRECIPITATION OF 0.21 INCHES WAS SET ON JULY 7TH.
A DAILY RECORD PRECIPITATION OF 0.85 INCHES WAS SET ON JULY 15TH.
A DAILY RECORD PRECIPITATION OF 0.17 INCHES WAS SET ON JULY 29TH.

$$

RCM
