000
CXUS56 KSGX 011533
CLMTRM


CLIMATE REPORT
NATIONAL WEATHER SERVICE SAN DIEGO, CA
832 AM PDT THU SEP 1 2016

...................................

...THE THERMAL AIRPORT CA CLIMATE SUMMARY FOR THE MONTH OF AUGUST 2016...

CLIMATE NORMAL PERIOD 1981 TO 2010
CLIMATE RECORD PERIOD 1950 TO 2016

WEATHER         OBSERVED          NORMAL  DEPART  LAST YEAR`S
                 VALUE   DATE(S)  VALUE   FROM    VALUE  DATE(S)
                                          NORMAL
................................................................
TEMPERATURE (F)
RECORD
 HIGH             121   08/05/1997
 LOW               52   08/31/1999
                        08/21/1993
HIGHEST           115   08/16       106       9      116  08/15
LOWEST             69   08/16        75      -6       68  08/04
AVG. MAXIMUM    107.5             105.8     1.7    109.0
AVG. MINIMUM     76.3              73.6     2.7     78.0
MEAN             91.9              89.7     2.2     93.5
DAYS MAX >= 90     31              30.8     0.2       31
DAYS MAX <= 32      0               0.0     0.0        0
DAYS MAX >= 100    31                                 31
DAYS MAX >= 110     9                                 15
DAYS MIN <= 32      0               0.0     0.0        0

PRECIPITATION (INCHES)
RECORD
 MAXIMUM         3.62   1977
 MINIMUM         0.00   2015
                        2010
                        2006
TOTALS           0.00R             0.19   -0.19     0.00
DAILY AVG.       0.00              0.01   -0.01     0.00
DAYS >= .01         0               1.0    -1.0        0
DAYS >= .10         0               0.5    -0.5        0
DAYS >= .50         0               0.0     0.0        0
DAYS >= 1.00        0               0.0     0.0        0
DAYS >= 1.50        0                                  0
DAYS >= 2.00        0                                  0
GREATEST
 24 HR. TOTAL    0.00   08/20 TO 08/21           08/31 TO 08/31
                        08/21 TO 08/21                    08/31 TO 08/31
                        08/21 TO 08/22                    08/31 TO 08/31
 STORM TOTAL       MM                                 MM
 (MM/DD(HH))            MM                    08/31(00) TO 08/31(00)
                                                 08/31(00) TO 08/31(00)1
                                                 08/31(00) TO 08/31(00)1

DEGREE_DAYS
HEATING TOTAL       0                 0       0        0
 SINCE 7/1          0                 0       0        0
COOLING TOTAL     842               766      76      890
 SINCE 1/1       3337              2833     504     3122

FREEZE DATES
RECORD
 EARLIEST     10/30/1971
 LATEST       04/10/1999
EARLIEST                        12/02
LATEST                          02/06
..................................................

WIND (MPH)
AVERAGE WIND SPEED              6.1
RESULTANT WIND SPEED/DIRECTION   1/072
HIGHEST WIND SPEED/DIRECTION    21/340    DATE  08/22
HIGHEST GUST SPEED/DIRECTION    26/340    DATE  08/22

SKY COVER
POSSIBLE SUNSHINE (PERCENT)   MM
AVERAGE SKY COVER           0.00
NUMBER OF DAYS FAIR           30
NUMBER OF DAYS PC              0
NUMBER OF DAYS CLOUDY          0

AVERAGE RH (PERCENT)     31

WEATHER CONDITIONS. NUMBER OF DAYS WITH
THUNDERSTORM              0     MIXED PRECIP               0
HEAVY RAIN                0     RAIN                       0
LIGHT RAIN                0     FREEZING RAIN              0
LT FREEZING RAIN          0     HAIL                       0
HEAVY SNOW                0     SNOW                       0
LIGHT SNOW                0     SLEET                      0
FOG                       0     FOG W/VIS <= 1/4 MILE      0
HAZE                      7

-  INDICATES NEGATIVE NUMBERS.
R  INDICATES RECORD WAS SET OR TIED.
MM INDICATES DATA IS MISSING.
T  INDICATES TRACE AMOUNT.

$$
