000
CXUS56 KSGX 012153
CLMTRM


CLIMATE REPORT
NATIONAL WEATHER SERVICE SAN DIEGO, CA
153 PM PST MON FEB 1 2016

...................................

...THE THERMAL AIRPORT CA CLIMATE SUMMARY FOR THE MONTH OF JANUARY 2016...

CLIMATE NORMAL PERIOD 1981 TO 2010
CLIMATE RECORD PERIOD 1950 TO 2016

WEATHER         OBSERVED          NORMAL  DEPART  LAST YEAR`S
                 VALUE   DATE(S)  VALUE   FROM    VALUE  DATE(S)
                                          NORMAL
................................................................
TEMPERATURE (F)
RECORD
 HIGH              94   01/31/2003
 LOW               17   01/17/2007
HIGHEST            77   01/29        71       6       83  01/25
                                                          01/07
LOWEST             28   01/02        39     -11       20  01/02
AVG. MAXIMUM     69.0              71.5    -2.5     73.6
AVG. MINIMUM     39.3              37.8     1.5     39.6
MEAN             54.2              54.6    -0.4     56.6
DAYS MAX >= 90      0               0.0     0.0        0
DAYS MAX <= 32      0               0.0     0.0        0
DAYS MAX >= 100     0                                  0
DAYS MAX >= 110     0                                  0
DAYS MIN <= 32      5               5.9    -0.9        6

PRECIPITATION (INCHES)
RECORD
 MAXIMUM         4.57   1993
 MINIMUM         0.00   1976
                        1975
                        1972
TOTALS           1.20              0.67    0.53     0.27
DAILY AVG.       0.04              0.02    0.02     0.01
DAYS >= .01         4               3.4     0.6        3
DAYS >= .10         3               1.7     1.3        2
DAYS >= .50         1               0.3     0.7        0
DAYS >= 1.00        0               0.1    -0.1        0
DAYS >= 1.50        0                                  0
DAYS >= 2.00        0                                  0
GREATEST
 24 HR. TOTAL    0.76   01/05 TO 01/05           01/26 TO 01/26
                                                          01/25 TO 01/26
                                                          01/26 TO 01/26
 STORM TOTAL       MM                                 MM
 (MM/DD(HH))            MM                    01/26(00) TO 01/26(00)
                                                 01/26(00) TO 01/26(00)6
                                                 01/26(00) TO 01/26(00)6

DEGREE_DAYS
HEATING TOTAL     328               322       6      251
 SINCE 7/1        923               860      63      659
COOLING TOTAL       0                 2      -2        0
 SINCE 1/1          0                 0       0        0

FREEZE DATES
RECORD
 EARLIEST     10/30/1971
 LATEST       04/10/1999
EARLIEST                        12/02
LATEST                          02/06
.......................................................

WIND (MPH)
AVERAGE WIND SPEED              4.1
RESULTANT WIND SPEED/DIRECTION   1/325
HIGHEST WIND SPEED/DIRECTION    35/270    DATE  01/31
HIGHEST GUST SPEED/DIRECTION    50/300    DATE  01/31

SKY COVER
POSSIBLE SUNSHINE (PERCENT)   MM
AVERAGE SKY COVER           0.10
NUMBER OF DAYS FAIR           26
NUMBER OF DAYS PC              3
NUMBER OF DAYS CLOUDY          2

AVERAGE RH (PERCENT)     52

WEATHER CONDITIONS. NUMBER OF DAYS WITH
THUNDERSTORM              0     MIXED PRECIP               0
HEAVY RAIN                1     RAIN                       3
LIGHT RAIN                4     FREEZING RAIN              0
LT FREEZING RAIN          0     HAIL                       0
HEAVY SNOW                0     SNOW                       0
LIGHT SNOW                0     SLEET                      0
FOG                       8     FOG W/VIS <= 1/4 MILE      1
HAZE                     11

-  INDICATES NEGATIVE NUMBERS.
R  INDICATES RECORD WAS SET OR TIED.
MM INDICATES DATA IS MISSING.
T  INDICATES TRACE AMOUNT.

$$
