000
CXUS56 KSGX 011430
CLMTRM


CLIMATE REPORT
NATIONAL WEATHER SERVICE SAN DIEGO, CA
730 AM PDT FRI MAY 1 2015

...................................

...THE THERMAL AIRPORT CA CLIMATE SUMMARY FOR THE MONTH OF APRIL 2015...

CLIMATE NORMAL PERIOD 1981 TO 2010
CLIMATE RECORD PERIOD 1950 TO 2015

WEATHER         OBSERVED          NORMAL  DEPART  LAST YEAR`S
                 VALUE   DATE(S)  VALUE   FROM    VALUE  DATE(S)
                                          NORMAL
................................................................
TEMPERATURE (F)
RECORD
 HIGH             110   04/08/1989
 LOW               32   04/10/1999
HIGHEST           103   04/30        88      15       99  04/10
LOWEST             42   04/17        55     -13       45  04/04
                        04/04
AVG. MAXIMUM     88.3              87.4     0.9     89.6
AVG. MINIMUM     55.1              53.2     1.9     55.9
MEAN             71.7              70.3     1.4     72.8
DAYS MAX >= 90     12              11.4     0.6       20
DAYS MAX <= 32      0               0.0     0.0        0
DAYS MAX >= 100     2                                  0
DAYS MAX >= 110     0                                  0
DAYS MIN <= 32      0               0.1    -0.1        0

PRECIPITATION (INCHES)
RECORD
 MAXIMUM         0.50   1975
 MINIMUM         0.00   2013
                        2008
                        2006
TOTALS              T              0.06   -0.06        T
DAILY AVG.          T              0.00    0.00        T
DAYS >= .01         0               0.7    -0.7        0
DAYS >= .10         0               0.2    -0.2        0
DAYS >= .50         0               0.0     0.0        0
DAYS >= 1.00        0               0.0     0.0        0
DAYS >= 1.50        0                                  0
DAYS >= 2.00        0                                  0
GREATEST
 24 HR. TOTAL       T   04/25 TO 04/25           04/26 TO 04/26
                        04/13 TO 04/14                    04/25 TO 04/26
                        04/14 TO 04/14                    04/26 TO 04/26
 STORM TOTAL       MM                                 MM
 (MM/DD(HH))            MM                    04/26(00) TO 04/26(00)
                                                 04/26(00) TO 04/26(00)6
                                                 04/26(00) TO 04/26(00)6

SNOWFALL (INCHES)
TOTALS            0.0
SINCE 7/1         0.0

DEGREE_DAYS
HEATING TOTAL       0                23     -23        9
 SINCE 7/1        749              1180    -431      821
COOLING TOTAL     210               182      28      248
 SINCE 1/1        417               256     161      362

FREEZE DATES
RECORD
 EARLIEST     10/30/1971
 LATEST       04/10/1999
EARLIEST                        12/02
LATEST                          02/06
.......................................................

WIND (MPH)
AVERAGE WIND SPEED              8.3
RESULTANT WIND SPEED/DIRECTION   4/331
HIGHEST WIND SPEED/DIRECTION    28/320    DATE  04/14
HIGHEST GUST SPEED/DIRECTION    36/260    DATE  04/25

SKY COVER
POSSIBLE SUNSHINE (PERCENT)   MM
AVERAGE SKY COVER           0.00
NUMBER OF DAYS FAIR           30
NUMBER OF DAYS PC              0
NUMBER OF DAYS CLOUDY          0

AVERAGE RH (PERCENT)     31

WEATHER CONDITIONS. NUMBER OF DAYS WITH
THUNDERSTORM              0     MIXED PRECIP               0
HEAVY RAIN                0     RAIN                       0
LIGHT RAIN                1     FREEZING RAIN              0
LT FREEZING RAIN          0     HAIL                       0
HEAVY SNOW                0     SNOW                       0
LIGHT SNOW                0     SLEET                      0
FOG                       0     FOG W/VIS <= 1/4 MILE      0
HAZE                      6

-  INDICATES NEGATIVE NUMBERS.
R  INDICATES RECORD WAS SET OR TIED.
MM INDICATES DATA IS MISSING.
T  INDICATES TRACE AMOUNT.

$$
