000
CXUS56 KSGX 011433
CLMTRM


CLIMATE REPORT
NATIONAL WEATHER SERVICE SAN DIEGO, CA
732 AM PDT SAT APR 1 2017

...................................

...THE THERMAL AIRPORT CA CLIMATE SUMMARY FOR THE MONTH OF MARCH 2017...

CLIMATE NORMAL PERIOD 1981 TO 2010
CLIMATE RECORD PERIOD 1950 TO 2017

WEATHER         OBSERVED          NORMAL  DEPART  LAST YEAR`S
                 VALUE   DATE(S)  VALUE   FROM    VALUE  DATE(S)
                                          NORMAL
................................................................
TEMPERATURE (F)
RECORD
 HIGH             103   03/21/2004
 LOW               24   03/04/2002
HIGHEST           100   03/13        81      19       94  03/20
LOWEST             41   03/07        48      -7       44  03/30
                        03/06                             03/27
                                                          03/25
AVG. MAXIMUM     87.2              81.0     6.2     85.3
AVG. MINIMUM     52.4              47.1     5.3     51.1
MEAN             69.8              64.1     5.7     68.2
DAYS MAX >= 90     15               4.4    10.6       13
DAYS MAX <= 32      0               0.0     0.0        0
DAYS MAX >= 100     1                                  0
DAYS MAX >= 110     0                                  0
DAYS MIN <= 32      0               0.6    -0.6        0

PRECIPITATION (INCHES)
RECORD
 MAXIMUM         2.00   1983
 MINIMUM         0.00   2008
                        1999
TOTALS           0.00R             0.38   -0.38        T
DAILY AVG.       0.00              0.01   -0.01        T
DAYS >= .01         0               1.8    -1.8        0
DAYS >= .10         0               1.1    -1.1        0
DAYS >= .50         0               0.2    -0.2        0
DAYS >= 1.00        0               0.0     0.0        0
DAYS >= 1.50        0                                  0
DAYS >= 2.00        0                                  0
GREATEST
 24 HR. TOTAL    0.00   03/31 TO 03/31           03/30 TO 03/30
                        03/30 TO 03/30                    03/31 TO 03/31
                        03/29 TO 03/29                    03/31 TO 03/31
 STORM TOTAL       MM                                 MM
 (MM/DD(HH))            MM                    03/30(00) TO 03/30(00)
                                                 03/31(00) TO 03/31(00)1
                                                 03/31(00) TO 03/31(00)1

DEGREE_DAYS
HEATING TOTAL      34                92     -58       22
 SINCE 7/1        899              1157    -258     1047
COOLING TOTAL     190                62     128      128
 SINCE 1/1        222                74     148      193

FREEZE DATES
RECORD
 EARLIEST     10/30/1971
 LATEST       04/10/1999
EARLIEST                        12/02
LATEST                          02/06
..................................................

WIND (MPH)
AVERAGE WIND SPEED              7.1
RESULTANT WIND SPEED/DIRECTION   4/333
HIGHEST WIND SPEED/DIRECTION    39/300    DATE  03/30
HIGHEST GUST SPEED/DIRECTION    53/260    DATE  03/30

SKY COVER
POSSIBLE SUNSHINE (PERCENT)   MM
AVERAGE SKY COVER           0.00
NUMBER OF DAYS FAIR           31
NUMBER OF DAYS PC              0
NUMBER OF DAYS CLOUDY          0

AVERAGE RH (PERCENT)     38

WEATHER CONDITIONS. NUMBER OF DAYS WITH
THUNDERSTORM              0     MIXED PRECIP               0
HEAVY RAIN                0     RAIN                       0
LIGHT RAIN                0     FREEZING RAIN              0
LT FREEZING RAIN          0     HAIL                       0
HEAVY SNOW                0     SNOW                       0
LIGHT SNOW                0     SLEET                      0
FOG                       0     FOG W/VIS <= 1/4 MILE      0
HAZE                      4

-  INDICATES NEGATIVE NUMBERS.
R  INDICATES RECORD WAS SET OR TIED.
MM INDICATES DATA IS MISSING.
T  INDICATES TRACE AMOUNT.

$$
