000
CXUS51 KPHI 031511
CLMTTN


CLIMATE REPORT
NATIONAL WEATHER SERVICE MOUNT HOLLY NJ
1011 AM EST WED FEB 3 2016

...................................

...THE TRENTON CLIMATE SUMMARY FOR THE MONTH OF JANUARY 2016...

CLIMATE NORMAL PERIOD 1981 TO 2010
CLIMATE RECORD PERIOD 1865 TO 2016

WEATHER         OBSERVED          NORMAL  DEPART  LAST YEAR`S
                 VALUE   DATE(S)  VALUE   FROM    VALUE  DATE(S)
                                          NORMAL
................................................................
TEMPERATURE (F)
RECORD
 HIGH              73   01/14/1932
 LOW              -13   01/22/1984
                        01/30/1873
HIGHEST            65                MM      MM       56
LOWEST              9                MM      MM        7
AVG. MAXIMUM     40.5              39.0     1.5     35.6
AVG. MINIMUM     22.4              23.2    -0.8     20.5
MEAN             31.4              31.1     0.3     28.1
DAYS MAX >= 90      0               0.0     0.0        0
DAYS MAX <= 32      6               8.0    -2.0       10
DAYS MIN <= 32     28              25.1     2.9       29
DAYS MIN <= 0       0               0.1    -0.1        0

PRECIPITATION (INCHES)
RECORD
 MAXIMUM         8.99   1979
 MINIMUM         0.11   1876
TOTALS           3.29              3.16    0.13     4.34
DAILY AVG.       0.11              0.10    0.01     0.14
DAYS >= .01         5                MM      MM        8
DAYS >= .10         4                MM      MM        7
DAYS >= .50         2                MM      MM        3
DAYS >= 1.00        2                MM      MM        1
GREATEST
 24 HR. TOTAL    1.56   01/10 TO 01/10              1.97
                        01/09 TO 01/10
                        01/10 TO 01/10

SNOWFALL (INCHES)
RECORDS
 TOTAL             MM   5
 24 HR TOTAL       MM
TOTALS             MM                MM      MM       MM
SINCE 7/1          MM                MM      MM       MM
SNOWDEPTH AVG.     MM                MM      MM       MM
DAYS >= 1.0         0                MM      MM        0
GREATEST
 SNOW DEPTH        MM                                 MM  MM
 24 HR TOTAL       MM                                 MM

DEGREE_DAYS
HEATING TOTAL    1036              1051     -15     1137
 SINCE 7/1       2269              2946    -677     2905
COOLING TOTAL       0                 0       0        0
 SINCE 1/1          0                 0       0        0
.................................................................

WIND (MPH)
AVERAGE WIND SPEED              7.6
HIGHEST WIND SPEED/DIRECTION    31/040    DATE  01/23
HIGHEST GUST SPEED/DIRECTION    45/060    DATE  01/23

SKY COVER
POSSIBLE SUNSHINE (PERCENT)   MM
AVERAGE SKY COVER           0.40
NUMBER OF DAYS FAIR           16
NUMBER OF DAYS PC             10
NUMBER OF DAYS CLOUDY          5

AVERAGE RH (PERCENT)     60

WEATHER CONDITIONS. NUMBER OF DAYS WITH
THUNDERSTORM              0     MIXED PRECIP               0
HEAVY RAIN                1     RAIN                       2
LIGHT RAIN                6     FREEZING RAIN              0
LT FREEZING RAIN          0     HEAVY SNOW                 1
SNOW                      2     LIGHT SNOW                 7
SLEET                     0     FOG                       10
FOG W/VIS <= 1/4 MILE     1     HAZE                       5

-  INDICATES NEGATIVE NUMBERS.
R  INDICATES RECORD WAS SET OR TIED.
MM INDICATES DATA IS MISSING.
T  INDICATES TRACE AMOUNT.

$$
