000
CXUS54 KTSA 011809
CLMTUL

CLIMATE REPORT
NATIONAL WEATHER SERVICE TULSA OK
547 AM CDT SUN MAY 1 2016

...................................

...THE TULSA OKLAHOMA CLIMATE SUMMARY FOR THE MONTH OF APRIL 2016...

CLIMATE NORMAL PERIOD 1981 TO 2010
CLIMATE RECORD PERIOD 1882 TO 2016

WEATHER         OBSERVED          NORMAL  DEPART  LAST YEAR`S
                 VALUE   DATE(S)  VALUE   FROM    VALUE  DATE(S)
                                          NORMAL
................................................................
TEMPERATURE (F)
RECORD
 HIGH             102   04/12/1972
 LOW               22   04/13/1957
                        04/02/1936
                        04/05/1920
HIGHEST            87   04/05        72      15       87  04/07
LOWEST             34   04/02        49     -15       36  04/04
AVG. MAXIMUM     74.5              71.8     2.7     73.2
AVG. MINIMUM     52.0              49.3     2.7     52.6
MEAN             63.2              60.6     2.6     62.9
DAYS MAX >= 90      0               0.5    -0.5        0
DAYS MAX <= 32      0               0.0     0.0        0
DAYS MIN <= 32      0               0.7    -0.7        0
DAYS MIN <= 0       0               0.0     0.0        0

PRECIPITATION (INCHES)
RECORD
 MAXIMUM         9.33   2008
 MINIMUM         0.34   1989
TOTALS           5.89              3.79    2.10     4.10
DAILY AVG.       0.20              0.13    0.07     0.14
DAYS >= .01        10               8.5     1.5       15
DAYS >= .10         8               6.1     1.9        8
DAYS >= .50         6               2.7     3.3        3
DAYS >= 1.00        2               1.2     0.8        1
GREATEST
 24 HR. TOTAL    1.71   04/17 TO 04/18

SNOWFALL (INCHES)
RECORDS
 TOTAL            1.7   1957
TOTALS            0.0                 T     0.0      0.0
SINCE 7/1         3.0               9.6    -6.6      8.5
SNOWDEPTH AVG.      0                MM      MM        0
DAYS >= 1.0         0               0.0     0.0        0
GREATEST
 SNOW DEPTH         0   MM                             0  MM
 24 HR TOTAL      0.0   04/30 TO 04/30

DEGREE_DAYS
HEATING TOTAL      84               186    -102      115
 SINCE 7/1       2683              3535    -852     3511
COOLING TOTAL      39                53     -14       61
 SINCE 1/1         54                65     -11       74
.................................................................

WIND (MPH)
AVERAGE WIND SPEED              10.0
HIGHEST WIND SPEED/DIRECTION    40/270    DATE  04/26
HIGHEST GUST SPEED/DIRECTION    52/270    DATE  04/26

SKY COVER
POSSIBLE SUNSHINE (PERCENT)   MM
AVERAGE SKY COVER           0.50
NUMBER OF DAYS FAIR            7
NUMBER OF DAYS PC             14
NUMBER OF DAYS CLOUDY          9

AVERAGE RH (PERCENT)     65

WEATHER CONDITIONS. NUMBER OF DAYS WITH
THUNDERSTORM              8     MIXED PRECIP               0
HEAVY RAIN                5     RAIN                       9
LIGHT RAIN               11     FREEZING RAIN              0
LT FREEZING RAIN          0     HAIL                       0
HEAVY SNOW                0     SNOW                       0
LIGHT SNOW                0     SLEET                      0
FOG                      11     FOG W/VIS <= 1/4 MILE      0
HAZE                      0

-  INDICATES NEGATIVE NUMBERS.
R  INDICATES RECORD WAS SET OR TIED.
MM INDICATES DATA IS MISSING.
T  INDICATES TRACE AMOUNT.

&&
-------------------------------------------------------------------
 YEARLY PRECIPITATION (INCHES):
 TOTAL..................... 9.95
 DEPARTURE FROM NORMAL.....-0.64
$$
