000
CXUS55 KTWC 011525
CLMTUS

CLIMATE REPORT
NATIONAL WEATHER SERVICE TUCSON AZ
822 AM MST WED MAR 1 2017

...................................

...THE TUCSON AZ CLIMATE SUMMARY FOR THE MONTH OF FEBRUARY 2017...

CLIMATE NORMAL PERIOD 1981 TO 2010
CLIMATE RECORD PERIOD 1895 TO 2017

WEATHER         OBSERVED          NORMAL  DEPART  LAST YEAR`S
                 VALUE   DATE(S)  VALUE   FROM    VALUE  DATE(S)
                                          NORMAL
................................................................
TEMPERATURE (F)
RECORD
 HIGH              92   02/14/1957
 LOW               17   02/07/1899
HIGHEST            89   02/10        82       7       90  02/17
LOWEST             35   02/24        31       4       28  02/03
AVG. MAXIMUM     72.8              68.5     4.3     78.0
AVG. MINIMUM     46.4              42.2     4.2     44.2
MEAN             59.6              55.3     4.3     61.1
DAYS MAX >= 90      0               0.0     0.0        1
DAYS MAX <= 32      0               0.0     0.0        0
DAYS MIN <= 32      0               1.3    -1.3        3
DAYS MIN <= 0       0               0.0     0.0        0

PRECIPITATION (INCHES)
RECORD
 MAXIMUM         4.15   1905
 MINIMUM         0.00   1984
                        1972
                        1898
TOTALS           0.20              0.86   -0.66     0.18
DAILY AVG.       0.01              0.03   -0.02     0.01
DAYS >= .01         5               4.1     0.9        1
DAYS >= .10         1               2.4    -1.4        1
DAYS >= .50         0               0.4    -0.4        0
DAYS >= 1.00        0               0.0     0.0        0
GREATEST
 24 HR. TOTAL    0.10   02/19 TO 02/19           02/01 TO 02/01
                                                          02/01 TO 02/01
                                                          02/01 TO 02/01

DEGREE_DAYS
HEATING TOTAL     154               273    -119      142
 SINCE 7/1        881              1267    -386     1128
..................................................

WIND (MPH)
AVERAGE WIND SPEED              7.3
HIGHEST WIND SPEED/DIRECTION    33/200    DATE  02/18
HIGHEST GUST SPEED/DIRECTION    43/200    DATE  02/18

AVERAGE RH (PERCENT)     42

WEATHER CONDITIONS. NUMBER OF DAYS WITH
THUNDERSTORM              0     MIXED PRECIP               0
HEAVY RAIN                1     RAIN                       1
LIGHT RAIN                6     FREEZING RAIN              0
LT FREEZING RAIN          0     HAIL                       0
HEAVY SNOW                0     SNOW                       0
LIGHT SNOW                0     SLEET                      0
FOG                       1     FOG W/VIS <= 1/4 MILE      0
HAZE                      2

-  INDICATES NEGATIVE NUMBERS.
R  INDICATES RECORD WAS SET OR TIED.
MM INDICATES DATA IS MISSING.
T  INDICATES TRACE AMOUNT.

$$
