000
CXUS54 KMRX 050441
CLMTYS


CLIMATE REPORT
NATIONAL WEATHER SERVICE MORRISTOWN TN
1240 AM EDT TUE SEP 5 2017

...................................

...THE KNOXVILLE    ASOS CLIMATE SUMMARY FOR THE MONTH OF AUGUST 2017...

CLIMATE NORMAL PERIOD 1981 TO 2010
CLIMATE RECORD PERIOD 1871 TO 2017

WEATHER         OBSERVED          NORMAL  DEPART
                 VALUE   DATE(S)  VALUE   FROM
                                          NORMAL
................................................
TEMPERATURE (F)
HIGHEST            91   08/22
                        08/20
LOWEST             56   08/06
AVG. MAXIMUM     85.4              87.8    -2.4
AVG. MINIMUM     66.8              67.8    -1.0
MEAN             76.1              77.8    -1.7
DAYS MAX >= 90      3
DAYS MAX <= 32      0
DAYS MIN <= 32      0
DAYS MIN <= 0       0

PRECIPITATION (INCHES)
RECORD
 MAXIMUM        11.33   1920
 MINIMUM         0.77   1954
TOTALS           5.95              3.27    2.68
DAYS >= .01        11
DAYS >= .10         8
DAYS >= .50         3
DAYS >= 1.00        2
GREATEST
 24 HR. TOTAL    2.00   08/12 TO 08/12

SNOWFALL (INCHES)
TOTALS            0.0               0.0     0.0
SINCE 7/1         0.0
SNOWDEPTH AVG.      0
DAYS >= TRACE       0
GREATEST
 SNOW DEPTH         0   MM

DEGREE_DAYS
HEATING TOTAL       0                 0       0
 SINCE 7/1          0                 0       0
COOLING TOTAL     351               397     -46
 SINCE 1/1       1288              1281       7
.................................................



-  INDICATES NEGATIVE NUMBERS.
R  INDICATES RECORD WAS SET OR TIED.
MM INDICATES DATA IS MISSING.
T  INDICATES TRACE AMOUNT.

$$
