000
CXUS53 KLOT 010722
CLMUGN


CLIMATE REPORT
NATIONAL WEATHER SERVICE CHICAGO IL
104 AM CST WED MAR 1 2017

...................................

...THE WAUKEGAN   CLIMATE SUMMARY FOR THE MONTH OF FEBRUARY 2017...

CLIMATE NORMAL PERIOD 1981 TO 2010
CLIMATE RECORD PERIOD 2000 TO 2017

WEATHER         OBSERVED          NORMAL  DEPART  LAST YEAR`S
                 VALUE   DATE(S)  VALUE   FROM    VALUE
                                          NORMAL
.............................................................
TEMPERATURE (F)
RECORD
 HIGH              68   02/22/2017
 LOW              -14   02/19/2015
HIGHEST            68R  02/22        MM      MM       61
LOWEST             10   02/04        MM      MM        0
AVG. MAXIMUM     44.6              33.5    11.1     35.5
AVG. MINIMUM     25.6              18.3     7.3     20.7
MEAN             35.1              25.9     9.2     28.1

PRECIPITATION (INCHES)
RECORD
 MAXIMUM         2.98   2011
 MINIMUM            T   2015
TOTALS           1.72              1.66    0.06     0.88

DEGREE_DAYS
HEATING TOTAL     833              1095    -262     1061
 SINCE 7/1       4112              4946    -834     4345
COOLING TOTAL       0                 0       0        0
 SINCE 1/1          0                 0       0        0
..............................................................

WIND (MPH)
AVERAGE WIND SPEED              8.3
HIGHEST WIND SPEED/DIRECTION    31/220    DATE  02/26
HIGHEST GUST SPEED/DIRECTION    44/320    DATE  02/12

AVERAGE RH (PERCENT)     68


-  INDICATES NEGATIVE NUMBERS.
R  INDICATES RECORD WAS SET OR TIED.
MM INDICATES DATA IS MISSING.
T  INDICATES TRACE AMOUNT.

$$
