000
CXUS55 KGJT 011038
CLMVEL


CLIMATE REPORT
NATIONAL WEATHER SERVICE GRAND JUNCTION CO
430 AM MDT THU JUN 1 2017

...................................

...THE VERNAL UT CLIMATE SUMMARY FOR THE MONTH OF MAY 2017...

CLIMATE NORMAL PERIOD 1981 TO 2010
CLIMATE RECORD PERIOD 9999 TO 9999

WEATHER         OBSERVED          NORMAL  DEPART  LAST YEAR`S
                 VALUE   DATE(S)  VALUE   FROM    VALUE  DATE(S)
                                          NORMAL
................................................................
TEMPERATURE (F)
HIGHEST            88   05/31        MM      MM       81  05/14
                                                          05/05
LOWEST             32   05/20        MM      MM       31  05/02
AVG. MAXIMUM     72.5              70.0     2.5     68.5
AVG. MINIMUM     40.8              43.2    -2.4     42.1
MEAN             56.7              56.6     0.1     55.3
DAYS MAX >= 90      0               0.1    -0.1        0
DAYS MAX <= 32      0               0.0     0.0        0
DAYS MIN <= 32      1               1.5    -0.5        2
DAYS MIN <= 0       0               0.0     0.0        0

PRECIPITATION (INCHES)
TOTALS           0.21              0.89   -0.68     3.19
DAILY AVG.       0.01              0.03   -0.02     0.10
DAYS >= .01         5               6.4    -1.4        8
DAYS >= .10         0               2.7    -2.7        5
DAYS >= .50         0               0.3    -0.3        2
DAYS >= 1.00        0               0.0     0.0        2
GREATEST
 24 HR. TOTAL    0.09   05/10 TO 05/10              1.34

SNOWFALL (INCHES)
TOTALS             MM                MM      MM       MM
SINCE 7/1          MM              17.5      MM       MM
SNOWDEPTH AVG.     MM                MM      MM       MM
DAYS >= 1.0         0                MM      MM       MM
GREATEST
 SNOW DEPTH        MM                                 MM  MM
 24 HR TOTAL       MM                                 MM

DEGREE_DAYS
HEATING TOTAL     257               269     -12      293
 SINCE 7/1       6469              7148    -679     6864
COOLING TOTAL       6                 9      -3        0
 SINCE 1/1          6                 9      -3        0
.................................................................

WIND (MPH)
AVERAGE WIND SPEED              6.8
HIGHEST WIND SPEED/DIRECTION    38/200    DATE  05/06
HIGHEST GUST SPEED/DIRECTION    56/270    DATE  05/26

SKY COVER
POSSIBLE SUNSHINE (PERCENT)   MM
AVERAGE SKY COVER           0.20
NUMBER OF DAYS FAIR           24
NUMBER OF DAYS PC              5
NUMBER OF DAYS CLOUDY          2

AVERAGE RH (PERCENT)     45

WEATHER CONDITIONS. NUMBER OF DAYS WITH
THUNDERSTORM              2     MIXED PRECIP               0
HEAVY RAIN                0     RAIN                       0
LIGHT RAIN               14     FREEZING RAIN              0
LT FREEZING RAIN          0     HAIL                       0
HEAVY SNOW                0     SNOW                       0
LIGHT SNOW                0     SLEET                      0
FOG                       1     FOG W/VIS <= 1/4 MILE      0
HAZE                      3

-  INDICATES NEGATIVE NUMBERS.
R  INDICATES RECORD WAS SET OR TIED.
MM INDICATES DATA IS MISSING.
T  INDICATES TRACE AMOUNT.

$$
