000
CXUS53 KLOT 010722
CLMVPZ


CLIMATE REPORT
NATIONAL WEATHER SERVICE CHICAGO IL
104 AM CST WED MAR 1 2017

...................................

...THE VALPARAISO CLIMATE SUMMARY FOR THE MONTH OF FEBRUARY 2017...

CLIMATE NORMAL PERIOD 1981 TO 2010
CLIMATE RECORD PERIOD 1998 TO 2017

WEATHER         OBSERVED          NORMAL  DEPART  LAST YEAR`S
                 VALUE   DATE(S)  VALUE   FROM    VALUE
                                          NORMAL
.............................................................
TEMPERATURE (F)
RECORD
 HIGH              71   02/25/2000
 LOW              -14   02/20/2015
HIGHEST            68   02/20        36      32       65
                        02/18
LOWEST             12   02/04        20      -8        4
AVG. MAXIMUM     50.6              35.3    15.3     38.7
AVG. MINIMUM     29.4              19.9     9.5     23.5
MEAN             40.0              27.6    12.4     31.1

PRECIPITATION (INCHES)
RECORD
 MAXIMUM         3.59   2009
 MINIMUM         0.31   2003
TOTALS           1.03              1.42   -0.39     0.87

DEGREE_DAYS
HEATING TOTAL     660              1047    -387      977
 SINCE 7/1       3714              4732   -1018     3858
COOLING TOTAL       0                 0       0        0
 SINCE 1/1          0                 0       0        0
..............................................................

WIND (MPH)
AVERAGE WIND SPEED              9.6
HIGHEST WIND SPEED/DIRECTION    32/230    DATE  02/26
HIGHEST GUST SPEED/DIRECTION    40/240    DATE  02/26

AVERAGE RH (PERCENT)     69


-  INDICATES NEGATIVE NUMBERS.
R  INDICATES RECORD WAS SET OR TIED.
MM INDICATES DATA IS MISSING.
T  INDICATES TRACE AMOUNT.

$$
