583
CXUS52 KMLB 011642 RRB
CLMVRB

CLIMATE REPORT
NATIONAL WEATHER SERVICE MELBOURNE FL
841 AM EDT MON MAY 1 2017

...................................

...THE VERO BEACH CLIMATE SUMMARY FOR THE MONTH OF APRIL 2017...

CLIMATE NORMAL PERIOD 1981 TO 2010
CLIMATE RECORD PERIOD 1942 TO 2017

WEATHER         OBSERVED          NORMAL  DEPART  LAST YEAR`S
                 VALUE   DATE(S)  VALUE   FROM    VALUE  DATE(S)
                                          NORMAL
................................................................
TEMPERATURE (F)
MONTHLY REOCRD
 HOTTEST          76.9  2015
 COLDEST          66.7  1950

DAILY RECORD
 HIGH              95   04/26/2015
                        04/10/1977
                        04/26/1945
 LOW               36   04/05/1987


APRIL 2017
HIGHEST            91   04/05                         87

LOWEST             47   04/08                         47
AVG. MAXIMUM     83.4              80.5     2.9     81.4
AVG. MINIMUM     65.7              61.2     4.5     62.7
MEAN             74.6              70.9     3.7     72.0
DAYS MAX >= 90      2               0.8     1.2        0
DAYS MAX <= 32      0               0.0     0.0        0
DAYS MIN <= 32      0               0.0     0.0        0
DAYS MIN <= 0       0               0.0     0.0        0

PRECIPITATION (INCHES)
MONTHLY RECORD
 MAXIMUM        10.45   1997
 MINIMUM         0.02   1946

DAILY RECORD
 MAXIMUM         4.13  04/07/1951

APRIL 2017
TOTALS           2.89              2.72    0.17     1.60
DAYS >= .01         9               6.0     3.0        7
DAYS >= .10         3               4.1    -1.1        4
DAYS >= .50         1               1.6    -0.6        1
DAYS >= 1.00        1               0.8     0.2        0
GREATEST
 24 HR. TOTAL    2.50   04/06 TO 04/06

SNOWFALL (INCHES)
TOTALS            0.0               0.0     0.0      0.0
SINCE 7/1         0.0               0.0     0.0      0.0
DAYS >= TRACE       0                                  0

DEGREE_DAYS
HEATING TOTAL       3                15     -12        5
 SINCE 7/1        185               455    -270      284
COOLING TOTAL     300               190     110      223
 SINCE 1/1        658               458     200      557
.................................................................

WIND (MPH)
AVERAGE WIND SPEED              11.0
HIGHEST WIND SPEED/DIRECTION    29/140    DATE  04/03
HIGHEST GUST SPEED/DIRECTION    36/280    DATE  04/24

SKY COVER
POSSIBLE SUNSHINE (PERCENT)   MM
AVERAGE SKY COVER           0.30
NUMBER OF DAYS FAIR           17
NUMBER OF DAYS PC             13
NUMBER OF DAYS CLOUDY          0

AVERAGE RH (PERCENT)     69

WEATHER CONDITIONS. NUMBER OF DAYS WITH
THUNDERSTORM              2     MIXED PRECIP               0
HEAVY RAIN                2     RAIN                       3
LIGHT RAIN               11     LT FREEZING RAIN           0
HAIL                      0     LIGHT SNOW                 0
SLEET                     0     FOG                       15
FOG W/VIS <= 1/4 MILE     3     HAZE                       4

-  INDICATES NEGATIVE NUMBERS.
R  INDICATES RECORD WAS SET OR TIED.
MM INDICATES DATA IS MISSING.
T  INDICATES TRACE AMOUNT.

$$
MLBCLMVRB 000
TTAA00 KMLB 011617


CLIMATE REPORT
NATIONAL WEATHER SERVICE MELBOURNE FL
1023 AM EST SUN JAN 1 2017

...................................

...THE VERO BEACH CLIMATE SUMMARY FOR THE YEAR OF 2016...

CLIMATE NORMAL PERIOD 1981 TO 2010
CLIMATE RECORD PERIOD 1942 TO 2016

WEATHER         OBSERVED          NORMAL  DEPART  LAST YEAR`S
                 VALUE   DATE(S)  VALUE   FROM    VALUE
                                          NORMAL
.............................................................
TEMPERATURE (F)
YEARLY RECORDS
 WARMEST         76.2   2015
 COOLEST         70.6   1968
DAILY RECORD
 HIGH             102   06/22/2009
 LOW               21   01/22/1985
2016 DATA
HIGHEST            96   08/07                         97
                        07/29
LOWEST             35   01/24                         30
AVG. MAXIMUM     83.0              81.9     1.1     84.8
AVG. MINIMUM     65.9              64.2     1.7     67.6
MEAN             74.5              73.1     1.4     76.2
DAYS MAX >= 90     89              48.1    40.9      108
DAYS MAX <= 32      0               0.0     0.0        0
DAYS MIN <= 32      0               1.7    -1.7        1
DAYS MIN <= 0       0               0.0     0.0        0

PRECIPITATION (INCHES)
YEARLY RECORD
 MAXIMUM        81.74   1982
 MINIMUM        32.70   1961
2016 DATA
TOTALS          65.30             51.87   13.43    49.69
DAILY AVG.       0.18              0.14    0.04     0.14
DAYS >= .01       122             122.6    -0.6      132
DAYS >= .10        73              75.5    -2.5       81
DAYS >= .50        35              32.5     2.5       30
DAYS >= 1.00       17              15.2     1.8       15
GREATEST
 24 HR. TOTAL   11.26   05/17 TO 05/18

SNOWFALL (INCHES)
TOTALS            0.0               0.0              0.0
SINCE 7/1         0.0               0.0              0.0
DAYS >= TRACE       0               0.0                0

DEGREE_DAYS
HEATING TOTAL     315               455    -140      233
 SINCE 7/1         34               135    -101        3
COOLING TOTAL    3886              3404     482     4419
 SINCE 1/1       3886              3404     482     4419
..............................................................

WIND (MPH)
AVERAGE WIND SPEED              8.2
HIGHEST WIND SPEED/DIRECTION    55/310    DATE  10/07
HIGHEST GUST SPEED/DIRECTION    74/280    DATE  10/07

SKY COVER
POSSIBLE SUNSHINE (PERCENT)   MM
AVERAGE SKY COVER           0.30
NUMBER OF DAYS FAIR          244
NUMBER OF DAYS PC            108
NUMBER OF DAYS CLOUDY         14

AVERAGE RH (PERCENT)     73

WEATHER CONDITIONS. NUMBER OF DAYS WITH
THUNDERSTORM             88     MIXED PRECIP               0
HEAVY RAIN               62     RAIN                      74
LIGHT RAIN              132     LT FREEZING RAIN           0
HAIL                      0     LIGHT SNOW                 0
SLEET                     0     FOG                      166
FOG W/VIS <= 1/4 MILE    29     HAZE                      52

-  INDICATES NEGATIVE NUMBERS.
R  INDICATES RECORD WAS SET OR TIED.
MM INDICATES DATA IS MISSING.
T  INDICATES TRACE AMOUNT.

$$

SMITH
