000
CXUS51 KBTV 011359
CLMVSF


CLIMATE REPORT
NATIONAL WEATHER SERVICE BURLINGTON VT
955 AM EDT WED OCT 1 2014

...................................

...THE SPRINGFIELD VT CLIMATE SUMMARY FOR THE MONTH OF SEPTEMBER 2014...

CLIMATE NORMAL PERIOD 1981 TO 2010
CLIMATE RECORD PERIOD 9999 TO 9999

WEATHER         OBSERVED          NORMAL  DEPART  LAST YEAR`S
                 VALUE   DATE(S)  VALUE   FROM    VALUE  DATE(S)
                                          NORMAL
................................................................
TEMPERATURE (F)
RECORD
 HIGH              MM   MM
 LOW               32   09/19/2014
HIGHEST            88   09/05        MM      MM       92  09/11
LOWEST             32R  09/19        MM      MM       33  09/17
AVG. MAXIMUM     71.4              70.9     0.5     70.8
AVG. MINIMUM     48.2              47.5     0.7     46.3
MEAN             59.8              59.2     0.6     58.6
DAYS MAX >= 90      0               0.3    -0.3        1
DAYS MAX <= 32      0               0.0     0.0        0
DAYS MIN <= 32      1               0.9     0.1        0
DAYS MIN <= 0       0               0.0     0.0        0

PRECIPITATION (INCHES)
RECORD
 MAXIMUM           MM   MM
 MINIMUM           MM   MM
TOTALS           1.15              3.76   -2.61     2.98
DAILY AVG.       0.04              0.13   -0.09     0.10
DAYS >= .01         5                MM      MM       10
DAYS >= .10         3                MM      MM        7
DAYS >= .50         0                MM      MM        2
DAYS >= 1.00        0                MM      MM        1
GREATEST
 24 HR. TOTAL    0.45   09/01 TO 09/02           09/02 TO 09/02
                        09/02 TO 09/02                    09/28 TO 09/28
                        09/02 TO 09/03                    09/28 TO 09/28
 STORM TOTAL       MM                                 MM
 (MM/DD(HH))            MM                    09/02(00) TO 09/02(00)
                                                 09/28(00) TO 09/28(00)8
                                                 09/28(00) TO 09/28(00)8

DEGREE_DAYS
HEATING TOTAL     167               197     -30      226
 SINCE 7/1        216               252     -36      271
COOLING TOTAL      40                23      17       42
 SINCE 1/1        277               344     -67      495
.........................................................

WIND (MPH)
AVERAGE WIND SPEED              3.0
HIGHEST WIND SPEED/DIRECTION    23/270    DATE  09/02
HIGHEST GUST SPEED/DIRECTION    33/MM     DATE   MM

SKY COVER
POSSIBLE SUNSHINE (PERCENT)   MM
AVERAGE SKY COVER           0.50
NUMBER OF DAYS FAIR            6
NUMBER OF DAYS PC             15
NUMBER OF DAYS CLOUDY          6

AVERAGE RH (PERCENT)     75

WEATHER CONDITIONS. NUMBER OF DAYS WITH
THUNDERSTORM              0     MIXED PRECIP               0
HEAVY RAIN                1     RAIN                       1
LIGHT RAIN                7     FREEZING RAIN              0
LT FREEZING RAIN          0     HAIL                       0
HEAVY SNOW                0     SNOW                       0
LIGHT SNOW                0     SLEET                      0
FOG                      23     FOG W/VIS <= 1/4 MILE     18
HAZE                      0

-  INDICATES NEGATIVE NUMBERS.
R  INDICATES RECORD WAS SET OR TIED.
MM INDICATES DATA IS MISSING.
T  INDICATES TRACE AMOUNT.

$$
