000
CXUS53 KLBF 011114
CLMVTN


CLIMATE REPORT
NATIONAL WEATHER SERVICE NORTH PLATTE
511 AM CST MON JAN 1 2018

...................................

...THE VALENTINE NE CLIMATE SUMMARY FOR THE MONTH OF DECEMBER 2017...

CLIMATE NORMAL PERIOD 1981 TO 2010
CLIMATE RECORD PERIOD 1885 TO 2017

WEATHER         OBSERVED          NORMAL  DEPART  LAST YEAR`S
                 VALUE   DATE(S)  VALUE   FROM    VALUE  DATE(S)
                                          NORMAL
................................................................
TEMPERATURE (F)
RECORD
 HIGH              76   12/11/1939
 LOW              -39   12/22/1989
HIGHEST            63   12/02        60       3       51  12/30
LOWEST            -20   12/31       -14      -6      -31  12/18
AVG. MAXIMUM     36.5              36.6    -0.1     32.7
AVG. MINIMUM     13.9              11.0     2.9      5.5
MEAN             25.2              23.8     1.4     19.1
DAYS MAX >= 90      0               0.0     0.0        0
DAYS MAX <= 32     11              10.7     0.3       14
DAYS MIN <= 32     29              30.6    -1.6       31
DAYS MIN <= 0       8               5.3     2.7       11

PRECIPITATION (INCHES)
RECORD
 MAXIMUM         1.81   1987
 MINIMUM            T   2004
                        2001
                        1991
TOTALS           0.34              0.37   -0.03     0.94
DAILY AVG.       0.01              0.01    0.00     0.03
DAYS >= .01         7               4.5     2.5        5
DAYS >= .10         1               1.0     0.0        3
DAYS >= .50         0               0.1    -0.1        1
DAYS >= 1.00        0               0.0     0.0        0
GREATEST
 24 HR. TOTAL    0.11   12/21 TO 12/21           12/25 TO 12/25
                                                          12/24 TO 12/25
                                                          12/25 TO 12/25

SNOWFALL (INCHES)
RECORDS
 TOTAL           22.5   1987
TOTALS            4.5               5.1    -0.6      5.4
SINCE 7/1         5.8              12.7    -6.9     11.7
SNOWDEPTH AVG.      1                 2      -1        1
DAYS >= 1.0         1               1.6    -0.6        3
GREATEST
 SNOW DEPTH         2   12/31                          4  12/19
                        12/30                             12/18
                        12/27                             12/17
 24 HR TOTAL      1.7   12/21 TO 12/21

DEGREE_DAYS
HEATING TOTAL    1228              1277     -49     1415
 SINCE 7/1       2527              2895    -368     2521
COOLING TOTAL       0                 0       0        0
 SINCE 1/1       1060               821     239      880
......................................................

WIND (MPH)
AVERAGE WIND SPEED              10.5
HIGHEST WIND SPEED/DIRECTION    40/320    DATE  12/04
HIGHEST GUST SPEED/DIRECTION    57/320    DATE  12/04

SKY COVER
POSSIBLE SUNSHINE (PERCENT)   MM
AVERAGE SKY COVER           0.40
NUMBER OF DAYS FAIR           15
NUMBER OF DAYS PC              8
NUMBER OF DAYS CLOUDY          8

AVERAGE RH (PERCENT)     62

WEATHER CONDITIONS. NUMBER OF DAYS WITH
THUNDERSTORM              0     MIXED PRECIP               0
HEAVY RAIN                0     RAIN                       0
LIGHT RAIN                1     FREEZING RAIN              0
LT FREEZING RAIN          0     HAIL                       0
HEAVY SNOW                2     SNOW                       2
LIGHT SNOW               11     SLEET                      0
FOG                       4     FOG W/VIS <= 1/4 MILE      1
HAZE                     10

-  INDICATES NEGATIVE NUMBERS.
R  INDICATES RECORD WAS SET OR TIED.
MM INDICATES DATA IS MISSING.
T  INDICATES TRACE AMOUNT.

$$
