000
CXUS53 KLBF 110353
CLMVTN


CLIMATE REPORT
NATIONAL WEATHER SERVICE NORTH PLATTE
1050 PM CDT FRI JUL 10 2015

...................................

...THE VALENTINE NE CLIMATE SUMMARY FOR THE MONTH OF JUNE 2015...

CLIMATE NORMAL PERIOD 1981 TO 2010
CLIMATE RECORD PERIOD 1885 TO 2015

WEATHER         OBSERVED          NORMAL  DEPART  LAST YEAR`S
                 VALUE   DATE(S)  VALUE   FROM    VALUE  DATE(S)
                                          NORMAL
................................................................
TEMPERATURE (F)
RECORD
 HIGH             110   06/24/1988
 LOW               30   06/14/1969
HIGHEST            95   06/09        99      -4       92  06/21
LOWEST             50   06/12        40      10       42  06/12
AVG. MAXIMUM     81.1              81.1     0.0     78.8
AVG. MINIMUM     57.0              54.0     3.0     54.4
MEAN             69.1              67.5     1.6     66.6
DAYS MAX >= 90      2               5.5    -3.5        3
DAYS MAX <= 32      0               0.0     0.0        0
DAYS MIN <= 32      0               0.0     0.0        0
DAYS MIN <= 0       0               0.0     0.0        0

PRECIPITATION (INCHES)
RECORD
 MAXIMUM         8.63   2014
 MINIMUM         0.32   1918
TOTALS           3.42              3.56   -0.14     8.63
DAILY AVG.       0.11              0.12   -0.01     0.29
DAYS >= .01        11              11.1    -0.1       14
DAYS >= .10        10               6.4     3.6       11
DAYS >= .50         3               2.3     0.7        5
DAYS >= 1.00        0               0.8    -0.8        3
GREATEST
 24 HR. TOTAL    0.59   06/01 TO 06/02           06/06 TO 06/06
                                                          06/05 TO 06/06
                                                          06/06 TO 06/06

SNOWFALL (INCHES)
RECORDS
 TOTAL              T   2002
TOTALS            0.0               0.0     0.0      0.0
SINCE 7/1        22.5              33.3   -10.8     35.8
SNOWDEPTH AVG.      0                MM      MM        0
DAYS >= 1.0         0               0.0     0.0        0
GREATEST
 SNOW DEPTH         0   MM                             0  MM
 24 HR TOTAL      0.0   06/30 TO 06/30

DEGREE_DAYS
HEATING TOTAL       8                61     -53       54
 SINCE 7/1       6578              7003    -425     7298
COOLING TOTAL     140               137       3      111
 SINCE 1/1        146               171     -25      172
.......................................................

WIND (MPH)
AVERAGE WIND SPEED              9.0
HIGHEST WIND SPEED/DIRECTION    45/270    DATE  06/02
HIGHEST GUST SPEED/DIRECTION    60/330    DATE  06/20

SKY COVER
POSSIBLE SUNSHINE (PERCENT)   MM
AVERAGE SKY COVER           0.20
NUMBER OF DAYS FAIR           22
NUMBER OF DAYS PC              7
NUMBER OF DAYS CLOUDY          1

AVERAGE RH (PERCENT)     70

WEATHER CONDITIONS. NUMBER OF DAYS WITH
THUNDERSTORM              0     MIXED PRECIP               0
HEAVY RAIN                5     RAIN                       9
LIGHT RAIN               13     FREEZING RAIN              0
LT FREEZING RAIN          0     HAIL                       0
HEAVY SNOW                0     SNOW                       0
LIGHT SNOW                0     SLEET                      0
FOG                       9     FOG W/VIS <= 1/4 MILE      0
HAZE                      0

-  INDICATES NEGATIVE NUMBERS.
R  INDICATES RECORD WAS SET OR TIED.
MM INDICATES DATA IS MISSING.
T  INDICATES TRACE AMOUNT.

$$
