000
CXUS55 KLKN 011856
CLMWMC


CLIMATE REPORT
NATIONAL WEATHER SERVICE ELKO NV
1145 AM PDT FRI SEP 1 2017

...................................

...THE WINNEMUCCA AIRPORT NV CLIMATE SUMMARY FOR THE MONTH OF AUGUST 2017...

CLIMATE NORMAL PERIOD 1981 TO 2010
CLIMATE RECORD PERIOD 1877 TO 2017

WEATHER         OBSERVED          NORMAL  DEPART  LAST YEAR`S
                 VALUE   DATE(S)  VALUE   FROM    VALUE  DATE(S)
                                          NORMAL
................................................................
TEMPERATURE (F)
RECORD
 HIGH             108   08/06/1983
 LOW               26   08/31/1887
HIGHEST           104   08/03       101       3      100  08/16
                        08/02                             08/14
                        08/01
LOWEST             44   08/19        36       8       38  08/24
AVG. MAXIMUM     95.0              91.3     3.7     93.0
AVG. MINIMUM     53.7              48.8     4.9     49.0
MEAN             74.4              70.0     4.4     71.0
DAYS MAX >= 90     28              19.8     8.2       24
DAYS MAX <= 32      0               0.0     0.0        0
DAYS MIN <= 32      0               0.1    -0.1        0
DAYS MIN <= 0       0               0.0     0.0        0

PRECIPITATION (INCHES)
RECORD
 MAXIMUM         1.74   1979
 MINIMUM         0.00   1995
                        1969
                        1937
TOTALS           0.40              0.18    0.22        T
DAILY AVG.       0.01              0.01    0.00        T
DAYS >= .01         7               2.0     5.0        0
DAYS >= .10         1               0.4     0.6        0
DAYS >= .50         0               0.0     0.0        0
DAYS >= 1.00        0               0.0     0.0        0
GREATEST
 24 HR. TOTAL    0.19   08/06 TO 08/06                 T

SNOWFALL (INCHES)
RECORDS
 TOTAL              T   1990
TOTALS            0.0               0.0     0.0      0.0
SINCE 7/1         0.0               0.0     0.0      0.0
SNOWDEPTH AVG.      0                                  0
DAYS >= TRACE       0               0.0     0.0        0
DAYS >= 1.0         0               0.0     0.0        0
DAYS >= 5.0         0                                  0
GREATEST
 SNOW DEPTH         0   MM                             0
 24 HR TOTAL      0.0   08/31 TO 08/31               0.0

DEGREE_DAYS
HEATING TOTAL       0                20     -20        3
 SINCE 7/1          0                30     -30       20
COOLING TOTAL     298               177     121      201
 SINCE 1/1        807               510     297      565
.................................................................

WIND (MPH)
AVERAGE WIND SPEED              7.1
HIGHEST WIND SPEED/DIRECTION    36/150    DATE  08/30
HIGHEST GUST SPEED/DIRECTION    49/130    DATE  08/30

AVERAGE RH (PERCENT)     36

WEATHER CONDITIONS. NUMBER OF DAYS WITH
THUNDERSTORM              0     MIXED PRECIP               0
HEAVY RAIN                0     RAIN                       2
LIGHT RAIN               10     FREEZING RAIN              0
LT FREEZING RAIN          0     HAIL                       0
HEAVY SNOW                0     SNOW                       0
LIGHT SNOW                0     SLEET                      0
FOG                       2     FOG W/VIS <= 1/4 MILE      0
HAZE                      2

-  INDICATES NEGATIVE NUMBERS.
R  INDICATES RECORD WAS SET OR TIED.
MM INDICATES DATA IS MISSING.
T  INDICATES TRACE AMOUNT.

&&

=====================================================================

...3RD WARMEST AUGUST ON RECORD IN WINNEMUCCA...

A RECORD DAILY MAXIMUM TEMP OF 104 DEGREES WAS TIED ON THE 1ST.
A RECORD DAILY MAXIMUM TEMP OF 104 DEGREES WAS TIED ON THE 2ND.
A RECORD DAILY MAXIMUM TEMP OF 104 DEGREES WAS TIED ON THE 3RD.
A RECORD DAILY MAXIMUM TEMP OF 102 DEGREES WAS TIED ON THE 27TH.
A RECORD DAILY MAXIMUM TEMP OF 101 DEGREES WAS SET ON THE 28TH.

$$

DS
