147
CXUS55 KLKN 011020
CLMWMC


CLIMATE REPORT
NATIONAL WEATHER SERVICE ELKO NV
312 AM PDT WED NOV 1  2017

...................................

...THE WINNEMUCCA AIRPORT NV CLIMATE SUMMARY FOR THE MONTH OF OCTOBER 2017...

CLIMATE NORMAL PERIOD 1981 TO 2010
CLIMATE RECORD PERIOD 1877 TO 2017

WEATHER         OBSERVED          NORMAL  DEPART  LAST YEAR`S
                 VALUE   DATE(S)  VALUE   FROM    VALUE  DATE(S)
                                          NORMAL
................................................................
TEMPERATURE (F)
RECORD
 HIGH              94   10/01/2010
 LOW               -2   10/31/2002
HIGHEST            81   10/07        84      -3       81  10/09
LOWEST             13   10/13        15      -2       20  10/06
AVG. MAXIMUM     67.4              66.9     0.5     67.0
AVG. MINIMUM     24.5              29.5    -5.0     32.7
MEAN             46.0              48.2    -2.2     49.9
DAYS MAX >= 90      0               0.2    -0.2        0
DAYS MAX <= 32      0               0.0     0.0        0
DAYS MIN <= 32     27              19.5     7.5       16
DAYS MIN <= 0       0               0.0     0.0        0

PRECIPITATION (INCHES)
RECORD
 MAXIMUM         2.93   1946
 MINIMUM         0.00   1880
TOTALS           0.08              0.67   -0.59     1.94
DAILY AVG.       0.00              0.02   -0.02     0.06
DAYS >= .01         1               4.7    -3.7        7
DAYS >= .10         0               2.1    -2.1        3
DAYS >= .50         0               0.1    -0.1        1
DAYS >= 1.00        0               0.0     0.0        1
GREATEST
 24 HR. TOTAL    0.08   10/20 TO 10/20              1.19

SNOWFALL (INCHES)
RECORDS
 TOTAL           10.0   1899
TOTALS            0.0               0.5    -0.5        T
SINCE 7/1         0.0               0.5    -0.5        T
SNOWDEPTH AVG.      0                                  0
DAYS >= TRACE       0               0.5    -0.5        1
DAYS >= 1.0         0               0.2    -0.2        0
GREATEST
 SNOW DEPTH         0   MM                             0
 24 HR TOTAL      0.0   10/31 TO 10/31                 T

DEGREE_DAYS
HEATING TOTAL     581               521      60      462
 SINCE 7/1        809               725      84      651
COOLING TOTAL       0                 0       0        0
 SINCE 1/1        927               541     386      577
.................................................................

WIND (MPH)
AVERAGE WIND SPEED              6.9
HIGHEST WIND SPEED/DIRECTION    35/270    DATE  10/20
HIGHEST GUST SPEED/DIRECTION    44/260    DATE  10/20

AVERAGE RH (PERCENT)     46

WEATHER CONDITIONS. NUMBER OF DAYS WITH
THUNDERSTORM              0     MIXED PRECIP               0
HEAVY RAIN                0     RAIN                       0
LIGHT RAIN                2     FREEZING RAIN              0
LT FREEZING RAIN          0     HAIL                       0
HEAVY SNOW                0     SNOW                       0
LIGHT SNOW                0     SLEET                      0
FOG                       1     FOG W/VIS <= 1/4 MILE      0
HAZE                      8

-  INDICATES NEGATIVE NUMBERS.
R  INDICATES RECORD WAS SET OR TIED.
MM INDICATES DATA IS MISSING.
T  INDICATES TRACE AMOUNT.

&&

=====================================================================

...TIED LEAST SNOWY OCTOBER ON RECORD IN WINNEMUCCA...

A RECORD DAILY MINIMUM TEMP OF 14 WAS SET ON THE 9TH.
A RECORD DAILY MINIMUM TEMP OF 14 WAS SET ON THE 12TH
A RECORD DAILY MAXIMUM TEMP OF 78 WAS TIED ON THE 29TH.

$$

DS
