000
CXAK57 PAJK 042036
CLMYAK
CLIMATE REPORT
NATIONAL WEATHER SERVICE JUNEAU, AK
1117 AM AKST MON DEC 4 2017

...................................

...THE YAKUTAT CLIMATE SUMMARY FOR THE MONTH OF NOVEMBER 2017...

CLIMATE NORMAL PERIOD 1981 TO 2010
CLIMATE RECORD PERIOD 1917 TO 2017

WEATHER         OBSERVED          NORMAL  DEPART  LAST YEAR`S
                 VALUE   DATE(S)  VALUE   FROM    VALUE
                                          NORMAL
.............................................................
TEMPERATURE (F)
RECORD
 HIGH              59   11/01/1947
 LOW              -10   11/27/1948
HIGHEST            51   11/07
                        11/01
LOWEST              4   11/19
AVG. MAXIMUM     38.7              38.4     0.3
AVG. MINIMUM     23.0              26.3    -3.3
MEAN             30.8              32.3    -1.5
DAYS MAX >= 90      0               0.0     0.0
DAYS MAX <= 32      3               4.5    -1.5
DAYS MIN <= 32     27              20.9     6.1
DAYS MIN <= 0       0               0.4    -0.4

PRECIPITATION (INCHES)
RECORD
 MAXIMUM        43.88   1956
 MINIMUM         1.82   2006
TOTALS           2.14             14.45  -12.31
DAILY AVG.       0.07              0.48   -0.41
DAYS >= .01        13              21.6    -8.6
DAYS >= .10         6              17.7   -11.7
DAYS >= .50         1              10.1    -9.1
DAYS >= 1.00        0               4.8    -4.8
GREATEST
 24 HR. TOTAL    0.82   11/29 TO 11/29

SNOWFALL (INCHES)
RECORDS
 TOTAL           82.5   2011
 24 HR TOTAL     15.3   11/24/1961
 SNOW DEPTH        62   11/27/2011
TOTALS           26.7              18.2     8.5
SINCE 7/1        26.8              20.7     6.1
SNOWDEPTH AVG.      4               3.1     0.9
DAYS >= TRACE      16               8.6     7.4
DAYS >= 1.0         5               4.9     0.1        3
GREATEST
 SNOW DEPTH        12   11/27
                        11/19
 24 HR TOTAL     12.0   11/17 TO 11/17

DEGREE_DAYS
HEATING TOTAL    1019               979      40
 SINCE 7/1       2674              2886    -212
COOLING TOTAL       0                 0       0
 SINCE 1/1          0                 0       0

FREEZE DATES
EARLIEST                        09/16
LATEST                          05/25
..............................................................

WIND (MPH)
AVERAGE WIND SPEED              5.1
HIGHEST WIND SPEED/DIRECTION    26/070    DATE  11/25
HIGHEST GUST SPEED/DIRECTION    37/060    DATE  11/07


WEATHER CONDITIONS. NUMBER OF DAYS WITH
THUNDERSTORM              0     MIXED PRECIP               0
HEAVY RAIN                0     RAIN                       3
LIGHT RAIN                7     FREEZING RAIN              0
LT FREEZING RAIN          0     HAIL                       0
HEAVY SNOW                2     SNOW                       6
LIGHT SNOW               15     SLEET                      0
FOG                      14     FOG W/VIS <= 1/4 MILE      2
HAZE                      4

-  INDICATES NEGATIVE NUMBERS.
R  INDICATES RECORD WAS SET OR TIED.
MM INDICATES DATA IS MISSING.
T  INDICATES TRACE AMOUNT.

$$
...Below normal temperatures and well below normal precipitation for
November 2017...

November started out  decidedly colder than October and generally
below normal across all of Southeast Alaska. Departures from normal
ranged from less than a degree to more than 6 degrees below normal
with the coldest values over the norhtern Panhandle. This was
largely due to an extended outflow event. High pressure set up over
western Canada early in the month and, with the routine presence of
lows in the gulf, strong norhterly or northeasterly winds dominated
the wind regime over the northern two thirds of the panhandle for
much of the month.

With cold surface air in place earlier than normal, November snow
totals were generally above normal and, in some cases, more than a
foot above normal. In spite of the excellent start to the snow
season, most locations reported lower than normal monthly
precipitation with at least 11 climate sites that are routinely
monitored with regular daily data reporting record low precipitation
totals for the month.

$$
