000
CXUS56 KPDT 031440 RRA
CLMYKM

CLIMATE REPORT
NATIONAL WEATHER SERVICE PENDLETON OREGON
737 AM PDT MON AUG 03 2015

....................................

...THE YAKIMA WA CLIMATE SUMMARY FOR THE MONTH OF JULY 2015...

CLIMATE NORMAL PERIOD 1981 TO 2010
CLIMATE RECORD PERIOD 1909 TO 2015

WEATHER         OBSERVED          NORMAL  DEPART  LAST YEAR`S
                 VALUE   DATE(S)  VALUE   FROM    VALUE  DATE(S)
                                          NORMAL

................................................................

TEMPERATURE (F)
RECORD
 HIGH             109   7/23/2006
 LOW               34   7/ 7/1971
HIGHEST           107   7/31      100         7           107   7/16
LOWEST             51   7/29       42         9            44   7/25
AVG. MAXIMUM     94.8            87.9       6.9          94.9
AVG. MINUMUM     59.4            53.3       6.1          60.6
MEAN             77.1            70.6       6.5          77.8
DAYS MAX >= 90     22              14         8            24
DAYS MAX <= 32      0               0         0             0
DAYS MIN <= 32      0               0         0             0
DAYS MIN <= 0       0               0         0             0


PRECIPITATION (INCHES)
RECORD
 MAXIMUM          0.71   1966
 MINIMUM             T   2013
TOTALS            0.06            0.22     -0.16          0.06
DAILY AVG.        0.00            0.01     -0.01          0.00
DAYS >=  0.01        2               2         0             2
DAYS >=  0.10        0               1        -1             0
DAYS >=  0.50        0               0         0             0
DAYS >=  1.00        0               0         0             0
GREATEST
 24 HR. TOTAL     0.05   7/12


DEGREE DAYS
HEATING TOTAL        0              19       -19             5
 SINCE 7/1           0              19       -19             5
COOLING TOTAL      382             190       192           408
 SINCE 1/1         781             273       508           533

.............................................................

WIND (MPH)
AVERAGE WIND SPEED                     7.5
RESULTANT WIND SPEED/DIRECTION         4/278
HIGHEST WIND SPEED/DIRECTION          30/320      DATE          07/27
HIGHEST GUST SPEED/DIRECTION          56/360      DATE          07/27


WEATHER CONDITIONS. NUMBER OF DAYS WITH
THUNDERSTORM               1    MIXED PRECIP                           0
HEAVY RAIN                 0    RAIN                                   1
LIGHT RAIN                 2    FREEZING RAIN                          0
LT FREEZING RAIN           0    HAIL                                   0
HEAVY SNOW                 0    SNOW                                   0
LIGHT SNOW                 0    SLEET                                  0
FOG                        0    FOG W/VIS <=1/4 MILE                   0
HAZE                       8

-  INDICATES NEGATIVE NUMBERS.
R  INDICATES RECORD WAS SET OR TIED.
MM INDICATES DATA IS MISSING.
T  INDICATES TRACE AMOUNT.

$$
