000
CXUS55 KPUB 021233 RRA
CLSALS

CLIMATE REPORT
NATIONAL WEATHER SERVICE PUEBLO
537 PM MST SUN MAR 1 2015

...................................

...THE ALAMOSA CO CLIMATE SUMMARY FOR THE SEASON...FROM
12/1/2014 TO 2/28/2015...

CLIMATE NORMAL PERIOD 1981 TO 2010
CLIMATE RECORD PERIOD 1932 TO 2015

WEATHER         OBSERVED          NORMAL  DEPART  LAST YEAR`S
                 VALUE   DATE(S)  VALUE   FROM    VALUE  DATE(S)
                                          NORMAL
................................................................
TEMPERATURE (F)
RECORD
 HIGH              66   02/25/1986
 LOW              -50   01/28/1948
HIGHEST            59   02/14                         62  02/15
                        02/08
                        02/10
LOWEST            -11   12/29                        -23  12/10
                        12/28
AVG. MAXIMUM     41.0              36.5     4.5     32.3
AVG. MINIMUM      7.6               3.5     4.1     -1.2
MEAN             24.4              19.0     5.4     15.5
DAYS MAX >= 90      0               0.0     0.0
DAYS MAX <= 32     22              29.4    -7.4
DAYS MIN <= 32     90              89.8     0.2
DAYS MIN <= 0      18              39.7   -21.7

PRECIPITATION (INCHES)
RECORD
 MAXIMUM         2.17   1965
 MINIMUM         0.08   1999
TOTALS           1.55              0.87    0.68     0.29
DAILY AVG.       0.02              0.01    0.01
DAYS >= .01        21              11.9     9.1
DAYS >= .10         3               3.0     0.0
DAYS >= .50         0               0.0     0.0
DAYS >= 1.00        0               0.0     0.0
GREATEST
 24 HR. TOTAL    0.56   02/22 TO 02/23

SNOWFALL (INCHES)
RECORDS
 TOTAL           38.1   1965
TOTALS           21.6              12.3     9.3      6.5
SINCE 7/1        23.2              18.1     5.1     28.1
SNOWDEPTH AVG.      0
DAYS >= 1.0         4               4.3    -0.3
GREATEST
 SNOW DEPTH         9   02/22                          7
 24 HR TOTAL      9.7   02/22 TO 02/23               3.0

DEGREE_DAYS
HEATING TOTAL    3649              4154    -505     4468
 SINCE 7/1       5492              6329    -837     6568
COOLING TOTAL       0                 0       0        0
 SINCE 1/1          0                 0       0        0
.................................................................

WIND (MPH)
AVERAGE WIND SPEED              4.7
HIGHEST WIND SPEED/DIRECTION    37/340    DATE  12/22
HIGHEST GUST SPEED/DIRECTION    48/330    DATE  12/22

SKY COVER
POSSIBLE SUNSHINE (PERCENT)   MM
AVERAGE SKY COVER           0.30
NUMBER OF DAYS FAIR           57
NUMBER OF DAYS PC             22
NUMBER OF DAYS CLOUDY         11

AVERAGE RH (PERCENT)     65

WEATHER CONDITIONS. NUMBER OF DAYS WITH
THUNDERSTORM              1     MIXED PRECIP               1
HEAVY RAIN                0     RAIN                       0
LIGHT RAIN                3     FREEZING RAIN              0
LT FREEZING RAIN          0     HAIL                       0
HEAVY SNOW                4     SNOW                       6
LIGHT SNOW               29     SLEET                      0
FOG                      43     FOG W/VIS <= 1/4 MILE     18
HAZE                     19

-  INDICATES NEGATIVE NUMBERS.
R  INDICATES RECORD WAS SET OR TIED.
MM INDICATES DATA IS MISSING.
T  INDICATES TRACE AMOUNT.

$$
