000
CXUS51 KCTP 012101
CLSAOO

CLIMATE REPORT
NATIONAL WEATHER SERVICE STATE COLLEGE PA
500 PM EDT TUE SEP 1 2015

...................................

...THE ALTOONA CLIMATE SUMMARY FOR THE SEASON, FROM
6/1/2015 TO 8/31/2015...

CLIMATE NORMAL PERIOD 1981 TO 2010
CLIMATE RECORD PERIOD 1948 TO 2015

...CORRECTION...

WEATHER         OBSERVED          NORMAL  DEPART  LAST YEAR`S
                 VALUE   DATE(S)  VALUE   FROM    VALUE  DATE(S)
                                          NORMAL
................................................................
TEMPERATURE (F)
RECORD
 HIGH             103   07/22/2011
 LOW               32   06/01/1966
HIGHEST            91   08/17        MM      MM       88  07/01
LOWEST             47   06/07        MM      MM       47  08/16
AVG. MAXIMUM     79.8              79.6     0.2     78.4
AVG. MINIMUM     59.0              58.2     0.8     58.8
MEAN             69.4              69.0     0.4     68.6

DAYS MAX >= 90      1                MM      MM        0
DAYS MAX <= 32      0                MM      MM        0
DAYS MIN <= 32      0                MM      MM        0
DAYS MIN <= 0       0                MM      MM        0

PRECIPITATION (INCHES)
RECORD
 MAXIMUM        17.77   1972
 MINIMUM         5.05   1966
TOTALS          14.66             10.07    4.59    15.12
DAILY AVG.       0.16              0.11    0.05     0.17
DAYS >= .01        37                MM      MM       34
DAYS >= .10        26                MM      MM       30
DAYS >= .50        10                MM      MM        9
DAYS >= 1.00        4                MM      MM        4
GREATEST
 24 HR. TOTAL    2.42   06/27

 STORM TOTAL       MM
 (MM/DD(HH))            MM


DEGREE_DAYS
HEATING TOTAL      53                83     -30       49
 SINCE 7/1         14                24     -10       MM
COOLING TOTAL     481               447      34      405
 SINCE 1/1        585               473     112      452

FREEZE DATES
RECORD
 EARLIEST     09/21/1956
 LATEST       06/01/1966
EARLIEST                        MM
LATEST                          MM
..................................................

WIND (MPH)
AVERAGE WIND SPEED              4.9
RESULTANT WIND SPEED/DIRECTION   2/244
HIGHEST WIND SPEED/DIRECTION    29/310    DATE  06/23
HIGHEST GUST SPEED/DIRECTION    38/330    DATE  06/23

SKY COVER
POSSIBLE SUNSHINE (PERCENT)   MM
AVERAGE SKY COVER           0.40
NUMBER OF DAYS FAIR           43
NUMBER OF DAYS PC             35
NUMBER OF DAYS CLOUDY         14

AVERAGE RH (PERCENT)     73

WEATHER CONDITIONS. NUMBER OF DAYS WITH
THUNDERSTORM             19     MIXED PRECIP               0
HEAVY RAIN               23     RAIN                      25
LIGHT RAIN               46     FREEZING RAIN              0
LT FREEZING RAIN          0     HAIL                       0
HEAVY SNOW                0     SNOW                       0
LIGHT SNOW                0     SLEET                      0
FOG                      71     FOG W/VIS <= 1/4 MILE      9
HAZE                     28

-  INDICATES NEGATIVE NUMBERS.
R  INDICATES RECORD WAS SET OR TIED.
MM INDICATES DATA IS MISSING.
T  INDICATES TRACE AMOUNT.

$$

LA CORTE
