236
CXUS51 KCTP 022256
CLSBFD

CLIMATE REPORT
NATIONAL WEATHER SERVICE STATE COLLEGE PA
557 PM EST THU MAR 2 2017

...................................

...THE BRADFORD CLIMATE SUMMARY FOR THE SEASON, FROM
12/1/2016 TO 2/28/2017...

CLIMATE NORMAL PERIOD 1981 TO 2010
CLIMATE RECORD PERIOD 1957 TO 2017

WEATHER         OBSERVED          NORMAL  DEPART  LAST YEAR`S
                 VALUE   DATE(S)  VALUE   FROM    VALUE  DATE(S)
                                          NORMAL
................................................................
TEMPERATURE (F)
RECORD
 HIGH              75   12/01/2010
 LOW              -30   02/11/1979
HIGHEST            69   02/24        MM      MM       64  12/14
LOWEST            -10   01/07        MM      MM      -11  02/14
AVG. MAXIMUM     36.7              31.8     4.9     37.3
AVG. MINIMUM     22.1              16.3     5.8     21.2
MEAN             29.4              24.1     5.3     29.3
DAYS MAX >= 90      0                MM      MM        0
DAYS MAX <= 32     36                MM      MM       30
DAYS MIN <= 32     77                MM      MM       71
DAYS MIN <= 0       3                MM      MM        3

PRECIPITATION (INCHES)
RECORD
 MAXIMUM        15.38   1993
 MINIMUM         3.73   2000
TOTALS          10.32              9.04    1.28     9.41
DAILY AVG.       0.11              0.10    0.01     0.10
DAYS >= .01        56                MM      MM       46
DAYS >= .10        25                MM      MM       24
DAYS >= .50         3                MM      MM        6
DAYS >= 1.00        2                MM      MM        2
GREATEST
 24 HR. TOTAL    2.10   MM
 STORM TOTAL       MM
 (MM/DD(HH))            MM

DEGREE_DAYS
HEATING TOTAL    3195              3735    -540     3220
 SINCE 7/1       4583              5570    -987     4700
COOLING TOTAL       0                 0       0        0
 SINCE 1/1          0                 0       0        0

FREEZE DATES
RECORD
 EARLIEST     08/05/1972
 LATEST       06/30/1961
EARLIEST                        MM
LATEST                          MM
..........................................................

WIND (MPH)
AVERAGE WIND SPEED              8.4
RESULTANT WIND SPEED/DIRECTION   4/251
HIGHEST WIND SPEED/DIRECTION    36/300    DATE  02/12
HIGHEST GUST SPEED/DIRECTION    49/300    DATE  02/12

SKY COVER
POSSIBLE SUNSHINE (PERCENT)   MM
AVERAGE SKY COVER           0.80
NUMBER OF DAYS FAIR           10
NUMBER OF DAYS PC             19
NUMBER OF DAYS CLOUDY         61

AVERAGE RH (PERCENT)     79

WEATHER CONDITIONS. NUMBER OF DAYS WITH
THUNDERSTORM              0     MIXED PRECIP               0
HEAVY RAIN                6     RAIN                      16
LIGHT RAIN               28     FREEZING RAIN              2
LT FREEZING RAIN          8     HAIL                       0
HEAVY SNOW                6     SNOW                      23
LIGHT SNOW               56     SLEET                      0
FOG                      79     FOG W/VIS <= 1/4 MILE     20
HAZE                     24

-  INDICATES NEGATIVE NUMBERS.
R  INDICATES RECORD WAS SET OR TIED.
MM INDICATES DATA IS MISSING.
T  INDICATES TRACE AMOUNT.

$$
