000
CXUS51 KCTP 041700 RRB
CLSBFD

PHLCLMBFD 000
TTAA00 KCTP 041627


CLIMATE REPORT
NATIONAL WEATHER SERVICE STATE COLLEGE PA
1127 AM EST FRI MAR 4 2016

...................................

...THE BRADFORD CLIMATE SUMMARY FOR THE SEASON, FROM
12/1/2015 TO 2/29/2016...

CLIMATE NORMAL PERIOD 1981 TO 2010
CLIMATE RECORD PERIOD 1957 TO 2016

WEATHER         OBSERVED          NORMAL  DEPART  LAST YEAR`S
                 VALUE   DATE(S)  VALUE   FROM    VALUE  DATE(S)
                                          NORMAL
................................................................
TEMPERATURE (F)
RECORD
 HIGH              75   12/01/2010
 LOW              -30   02/11/1979
HIGHEST            64   12/14        MM      MM       56  12/01
LOWEST            -11   02/14        MM      MM      -25  02/16
AVG. MAXIMUM     37.3              31.8     5.5     27.3
AVG. MINIMUM     21.2              16.3     4.9     10.9
MEAN             29.3              24.1     5.2     19.1
DAYS MAX >= 90      0                MM      MM        0
DAYS MAX <= 32     30                MM      MM       63
DAYS MIN <= 32     71                MM      MM       84
DAYS MIN <= 0       3                MM      MM       23

PRECIPITATION (INCHES)
RECORD
 MAXIMUM        15.38   1993
 MINIMUM         3.73   2000
TOTALS           9.41              9.04    0.37     5.04
DAILY AVG.       0.10              0.10    0.00     0.06
DAYS >= .01        46                MM      MM       36
DAYS >= .10        24                MM      MM       16
DAYS >= .50         6                MM      MM        2
DAYS >= 1.00        2                MM      MM        0
GREATEST
 24 HR. TOTAL    1.59   12/26 TO 12/27
 STORM TOTAL       MM
 (MM/DD(HH))            MM

DEGREE_DAYS
HEATING TOTAL    3220              3768    -548     4081
 SINCE 7/1       4700              5603    -903     5899
COOLING TOTAL       0                 0       0        0
 SINCE 1/1          0                 0       0        0

FREEZE DATES
RECORD
 EARLIEST     08/05/1972
 LATEST       06/30/1961
EARLIEST                        MM
LATEST                          MM
.........................................................

WIND (MPH)
AVERAGE WIND SPEED              8.0
RESULTANT WIND SPEED/DIRECTION   3/238
HIGHEST WIND SPEED/DIRECTION    30/320    DATE  02/13
HIGHEST GUST SPEED/DIRECTION    42/240    DATE  02/20

SKY COVER
POSSIBLE SUNSHINE (PERCENT)   MM
AVERAGE SKY COVER           0.70
NUMBER OF DAYS FAIR           19
NUMBER OF DAYS PC             20
NUMBER OF DAYS CLOUDY         52

AVERAGE RH (PERCENT)     74

WEATHER CONDITIONS. NUMBER OF DAYS WITH
THUNDERSTORM              1     MIXED PRECIP               0
HEAVY RAIN                6     RAIN                      14
LIGHT RAIN               34     FREEZING RAIN              4
LT FREEZING RAIN          6     HAIL                       0
HEAVY SNOW                7     SNOW                      19
LIGHT SNOW               42     SLEET                      0
FOG                      69     FOG W/VIS <= 1/4 MILE     18
HAZE                     35

-  INDICATES NEGATIVE NUMBERS.
R  INDICATES RECORD WAS SET OR TIED.
MM INDICATES DATA IS MISSING.
T  INDICATES TRACE AMOUNT.

&&

WINTER 2015-2016 WAS THE 3RD WARMEST ON RECORD FOR BRADFORD. THE
WARMEST WAS 2001-2002 WITH AN AVERAGE TEMPERATURE OF 30.9 DEGREES.

WINTER 2015-2016 WAS THE 24TH WETTEST ON RECORD FOR BRADFORD. THE
WETTEST WAS 1992-1993 WITH 15.38 INCHES OF PRECIPITATION.

$$

HAGNER/RICE
