000
CXUS53 KGRR 012154
CLSBIV

WRKCLMBIV 000
TTAA00 KGRR 012144


CLIMATE REPORT
NATIONAL WEATHER SERVICE GRAND RAPIDS, MI
431 PM EST THU DEC 1 2016

...................................

...THE HOLLAND/TULIP CITY MI CLIMATE SUMMARY FOR THE SEASON, FROM
9/1/2016 TO 11/30/2016...

CLIMATE NORMAL PERIOD 1981 TO 2010
CLIMATE RECORD PERIOD 1996 TO 2016

WEATHER         OBSERVED          NORMAL  DEPART  LAST YEAR`S
                 VALUE   DATE(S)  VALUE   FROM    VALUE  DATE(S)
                                          NORMAL
................................................................
TEMPERATURE (F)
HIGHEST            89   09/06        MM      MM       90  09/06
LOWEST             22   11/22        MM      MM       21  11/29
AVG. MAXIMUM     64.9              61.3     3.6     64.4
AVG. MINIMUM     47.3              43.8     3.5     45.7
MEAN             56.0              52.5     3.5     55.1
DAYS MAX >= 90      0               0.3    -0.3        1
DAYS MAX <= 32      0               1.1    -1.1        1
DAYS MIN <= 32      5              13.0    -8.0       12
DAYS MIN <= 0       0               0.0     0.0        0

PRECIPITATION (INCHES)
TOTALS           6.62             10.95   -4.33     6.75
DAILY AVG.       0.09              0.12   -0.03     0.07
DAYS >= .01        30                MM      MM       27
DAYS >= .10        17                MM      MM       16
DAYS >= .50         5                MM      MM        6
DAYS >= 1.00        1                MM      MM        0
GREATEST
 24 HR. TOTAL    1.51   11/02 TO 11/02
 STORM TOTAL       MM                               0.83
 (MM/DD(HH))            MM

DEGREE_DAYS
HEATING TOTAL     891              1207    -316     1008
 SINCE 7/1        898              1223    -325     1030
COOLING TOTAL     106                74      32      125
 SINCE 1/1        785               693      92      601

FREEZE DATES
EARLIEST                        MM
LATEST                          MM
.................................................................

WIND (MPH)
AVERAGE WIND SPEED              7.7
RESULTANT WIND SPEED/DIRECTION   3/200
HIGHEST WIND SPEED/DIRECTION    35/250    DATE  11/18
HIGHEST GUST SPEED/DIRECTION    47/210    DATE  11/29

SKY COVER
POSSIBLE SUNSHINE (PERCENT)   MM
AVERAGE SKY COVER           0.40
NUMBER OF DAYS FAIR           42
NUMBER OF DAYS PC             27
NUMBER OF DAYS CLOUDY         22

AVERAGE RH (PERCENT)     76

WEATHER CONDITIONS. NUMBER OF DAYS WITH
THUNDERSTORM              7     MIXED PRECIP               0
HEAVY RAIN               13     RAIN                      21
LIGHT RAIN               41     FREEZING RAIN              0
LT FREEZING RAIN          0     HAIL                       0
HEAVY SNOW                0     SNOW                       1
LIGHT SNOW                1     SLEET                      0
FOG                      50     FOG W/VIS <= 1/4 MILE     14
HAZE                      7

-  INDICATES NEGATIVE NUMBERS.
R  INDICATES RECORD WAS SET OR TIED.
MM INDICATES DATA IS MISSING.
T  INDICATES TRACE AMOUNT.

$$
