000
CXUS51 KCLE 012311
CLSCAK


CLIMATE REPORT
NATIONAL WEATHER SERVICE CLEVELAND OH
608 PM EST THU DEC 1 2016

...................................

...THE AKRON CANTON OH CLIMATE SUMMARY FOR THE SEASON, FROM
9/1/2016 TO 11/30/2016...

CLIMATE NORMAL PERIOD 1981 TO 2010
CLIMATE RECORD PERIOD 1887 TO 2016

WEATHER         OBSERVED          NORMAL  DEPART
                 VALUE   DATE(S)  VALUE   FROM
                                          NORMAL
................................................
TEMPERATURE (F)
RECORD
 HIGH              99   09/03/1953
                        09/02/1953
 LOW                    11/30/1958
HIGHEST            92   09/06
LOWEST             21   11/22
AVG. MAXIMUM     67.0              61.0     6.0
AVG. MINIMUM     47.2              43.2     4.0
MEAN             57.1              52.1     5.0
DAYS MAX >= 90      2               0.3
DAYS MAX <= 32      1               1.7
DAYS MIN <= 32      8              15.9
DAYS MIN <= 0       0               0.0

PRECIPITATION (INCHES)
RECORD
 MAXIMUM        19.79   1926
 MINIMUM         2.52   1953
TOTALS          12.05              9.58    2.47
DAYS >= .01        33              34.9
DAYS >= .10        21              19.9
DAYS >= .50         8               5.9
DAYS >= 1.00        4               1.8

SNOWFALL (INCHES)
RECORDS
 TOTAL           22.3   1950
TOTALS            2.1               3.4
DAYS >= TRACE       3
DAYS >= 1.0         2               1.2

DEGREE_DAYS
HEATING TOTAL     875              1239    -364
COOLING TOTAL     179                69     110
.................................................

WIND (MPH)
HIGHEST GUST SPEED/DIRECTION    45/270    DATE  11/30

SKY COVER
POSSIBLE SUNSHINE (PERCENT)   MM
NUMBER OF DAYS FAIR           32
NUMBER OF DAYS PC             33
NUMBER OF DAYS CLOUDY         26


WEATHER CONDITIONS. NUMBER OF DAYS WITH
THUNDERSTORM              0     MIXED PRECIP               0
HEAVY RAIN                8     RAIN                      18
LIGHT RAIN               36     FREEZING RAIN              0
LT FREEZING RAIN          0     HAIL                       0
HEAVY SNOW                0     SNOW                       2
LIGHT SNOW                3     SLEET                      0
FOG                      42     FOG W/VIS <= 1/4 MILE      3
HAZE                     22

-  INDICATES NEGATIVE NUMBERS.
R  INDICATES RECORD WAS SET OR TIED.
MM INDICATES DATA IS MISSING.
T  INDICATES TRACE AMOUNT.

$$
