000
CXUS51 KGYX 021846
CLSCON

PWMCLMCON 000
TTAA00 KGYX 011819


CLIMATE REPORT
NATIONAL WEATHER SERVICE GRAY ME
143 PM EST WED MAR 2 2016

...................................

...THE CONCORD NH CLIMATE SUMMARY FOR THE WINTER SEASON, FROM
12/1/2015 TO 2/29/2016...

CLIMATE NORMAL PERIOD 1981 TO 2010
CLIMATE RECORD PERIOD 1868 TO 2016

WEATHER         OBSERVED          NORMAL  DEPART  LAST YEAR`S
                 VALUE   DATE(S)  VALUE   FROM    VALUE  DATE(S)
                                          NORMAL
................................................................
TEMPERATURE (F)
RECORD
 HIGH              73   12/07/1998
 LOW              -37   02/16/1943
HIGHEST            63   02/25        60       3       53  12/01
LOWEST            -13   02/14       -15       2      -21  02/24
AVG. MAXIMUM     40.3              34.0     6.3     30.3
AVG. MINIMUM     21.6              13.8     7.8     10.9
MEAN             30.9              23.9     7.0     20.6
DAYS MAX >= 90      0               0.0     0.0        0
DAYS MAX <= 32     22              39.8   -17.8       51
DAYS MIN <= 32     77              85.8    -8.8       83
DAYS MIN <= 0       5              14.2    -9.2       22

PRECIPITATION (INCHES)
RECORD
 MAXIMUM        16.68   2008
 MINIMUM         3.14   1980
TOTALS          10.53              8.52    2.01    11.22
DAILY AVG.       0.11              0.09    0.02     0.13
DAYS >= .01        37              31.3     5.7       41
DAYS >= .10        20              18.0     2.0       25
DAYS >= .50         8               6.0     2.0        8
DAYS >= 1.00        2               1.8     0.2        1
GREATEST
 24 HR. TOTAL    1.64   02/24 TO 02/25

SNOWFALL (INCHES)
RECORDS
 TOTAL          102.0   2008
TOTALS           24.7              44.9   -20.2     71.4
SINCE 7/1        24.7              47.5   -22.8     84.3
SNOWDEPTH AVG.      3
DAYS >= TRACE      23              21.6     1.4       40
DAYS >= 1.0         6              11.5    -5.5       15
GREATEST
 SNOW DEPTH         8   02/16
 24 HR TOTAL      5.2   02/05

DEGREE_DAYS
HEATING TOTAL    3069              3700    -631     3950
 SINCE 7/1       4349              5297    -948     5454
COOLING TOTAL       0                 0       0        0
 SINCE 1/1          0                 0       0        0
.................................................................

WIND (MPH)
AVERAGE WIND SPEED              6.1
HIGHEST WIND SPEED/DIRECTION    33/290    DATE  01/13
HIGHEST GUST SPEED/DIRECTION    48/300    DATE  01/13

SKY COVER
AVERAGE SKY COVER           0.50

AVERAGE RH (PERCENT)     66

WEATHER CONDITIONS. NUMBER OF DAYS WITH
THUNDERSTORM              1     HEAVY RAIN                 6
RAIN                     12     LIGHT RAIN                23
FREEZING RAIN             3     LT FREEZING RAIN           7
HEAVY SNOW                3     SNOW                       4
LIGHT SNOW               24     FOG                       45
FOG W/VIS <= 1/4 MILE    19     HAZE                      22

-  INDICATES NEGATIVE NUMBERS.
R  INDICATES RECORD WAS SET OR TIED.
MM INDICATES DATA IS MISSING.
T  INDICATES TRACE AMOUNT.

&&

WINTER 2015-16 WAS THE WARMEST AND ONE OF THE LEAST SNOWY ON RECORD
AT CONCORD. BEGINNING IN THE LATE FALL OF 2015, A STAGNANT JET
STREAM PATTERN KEPT COOL TEMPERATURES IN THE WESTERN UNITED STATES
AND WARM TEMPERATURES IN THE EAST. THIS WARMTH CONTINUED TO BUILD
THROUGH THE MONTH OF DECEMBER, PEAKING WITH A HIGH TEMPERATURE OF 62
DEGREES ON CHRISTMAS DAY. EVERY DAY FROM DECEMBER 2 THROUGH 28 WAS
ABOVE NORMAL, LEADING TO THE WARMEST DECEMBER ON RECORD. COLDER AIR
FINALLY ARRIVED AFTER CHRISTMAS ALONG WITH THE FIRST SNOW OF THE
SEASON ON DECEMBER 29, THE SECOND LATEST START OF THE SNOW SEASON ON
RECORD. JANUARY FEATURED A FEW PERIODS OF COLD AND LIGHT SNOW ALONG
WITH MORE PERIODS OF WARM WEATHER. THE WARMTH BEGAN TO BUILD AGAIN
BY THE END OF JANUARY AND THE BEGINNING OF FEBRUARY, BUT A SNOWSTORM
ON FEBRUARY 5 SIGNALED A CHANGE IN THE WEATHER PATTERN.
PROGRESSIVELY COLDER AIR BEGAN ARRIVING OVER THE FOLLOWING WITH, AND
BY MID FEBRUARY A BRUTALLY COLD ARCTIC AIR MASS WAS IN PLACE. THE
TEMPERATURE DROPPED BELOW ZERO FOR 4 STRAIGHT DAYS, BOTTOMING OUT AT
13 BELOW ZERO ON FEBRUARY 13. BUT THE COLD WOULD NOT LAST MUCH
LONGER. ANOTHER STORM SYSTEM BROUGHT LIGHT SNOW CHANGING TO RAIN AS
THE TEMPERATURE WARMED INTO THE 50S. WARM WEATHER DOMINATED THE LAST
HALF OF FEBRUARY AND WHAT WAS LEFT OF THE MEAGER WINTER SNOW PACK
MELTED DOWN TO JUST A TRACE BY THE END OF THE MONTH.

THE AVERAGE TEMPERATURE WAS 30.9 DEGREES WHICH WAS 7.0 DEGREES ABOVE
NORMAL AND THE WARMEST WINTER ON RECORD. UNTIL THIS YEAR THE WARMEST
WINTER WAS 1879-80 WHEN THE AVERAGE TEMPERATURE WAS 30.4 DEGREES.
THE COLDEST WAS 1917-18 AT ONLY 15.5 DEGREES. THE FOLLOWING TABLE
LISTS THE WARMEST WINTERS ON RECORD.

WINTER (DEC-FEB) AVERAGE TEMPERATURE AT CONCORD (SINCE 1868)...
RANK  TEMP  SEASON
1     30.9  2015-16 <===
2     30.4  1879-80
3     29.6  2001-02
4     29.5  1932-33
5     29.3  1936-37
6     29.0  2011-12
7     28.9  1877-78
8     28.7  1997-98
9     28.6  1889-90
10    28.3  1931-32

A TOTAL OF 10.53 INCHES OF PRECIPITATION FELL WHICH WAS 2.01 INCHES
ABOVE NORMAL. THIS MARKS THE 4TH STRAIGHT WINTER WITH ABOVE NORMAL
PRECIPITATION. THE HEAVIEST PRECIPITATION FELL ON FEBRUARY 24 AND 25
WHEN 1.67 INCHES OF RAIN AND MELTED SNOW WAS RECORDED. THE WETTEST
WINTER WAS 2007-08 WHEN 16.68 INCHES OF PRECIPITATION WAS MEASURED.
THE DRIEST WAS 1979-80 WITH ONLY 3.14 INCHES.

A TOTAL OF 24.7 INCHES OF SNOW FELL WHICH WAS 20.2 INCHES BELOW
NORMAL AND THE 9TH LEAST SNOWY ON RECORD. THE HEAVIEST SNOW OF THE
SEASON WAS ON FEBRUARY 5 WHEN 5.2 INCHES OF SNOW FELL. THE LEAST
SNOWY WINTER WAS 1929-30 WITH ONLY 13.8 INCHES. THE SNOWIEST WAS
1950-51 WITH 102.0 INCHES. THE FOLLOWING TABLE LISTS THE LEAST SNOWY
WINTERS ON RECORD.

LEAST SNOWFALL IN WINTER (DEC-FEB) AT CONCORD (SINCE 1868)...
RANK  SNOW  SEASON
1     13.8  1929-30
2     17.1  2009-10
3     17.6  2006-07
4     19.3  2001-02
5     21.2  1998-99
6     21.3  1895-96
7     22.6  1920-21
8     23.4  1958-59
9     24.7  2015-16 <===
10    25.4  1914-15

THE FOLLOWING DAILY RECORDS WERE SET OR TIED IN WINTER 2015/16...
DATE    RECORD                               PREVIOUS
DEC 25  62   - WARMEST HIGH TEMPERATURE      56 IN 1889
JAN 10  54   - WARMEST HIGH TEMPERATURE      54 IN 1939 /TIED/

$$

KIMBLE
