000
CXUS53 KEAX 010905
CLSDMO

CLIMATE REPORT
NATIONAL WEATHER SERVICE KANSAS CITY/PLEASANT HILL MO
259 AM CST TUE DEC 1 2015

...................................

...THE SEDALIA CLIMATE SUMMARY FOR THE SEASON, FROM
9/1/2015 TO 11/30/2015...

CLIMATE NORMAL PERIOD 1981 TO 2010
CLIMATE RECORD PERIOD 9999 TO 9999

WEATHER         OBSERVED          NORMAL  DEPART  LAST YEAR`S
                 VALUE   DATE(S)  VALUE   FROM    VALUE  DATE(S)
                                          NORMAL
................................................................
TEMPERATURE (F)
HIGHEST            97   09/06        92       5       93  09/04
LOWEST             25   11/22        17       8       13  11/18
                        11/21
AVG. MAXIMUM     72.1              67.9     4.2     66.0
AVG. MINIMUM     50.2              48.1     2.1     46.0
MEAN             61.2              58.0     3.2     56.0
DAYS MAX >= 90      9               3.2     5.8        3
DAYS MAX <= 32      0               1.0    -1.0        4
DAYS MIN <= 32      4              19.2   -15.2       20
DAYS MIN <= 0       0               0.0     0.0        0

PRECIPITATION (INCHES)
TOTALS          10.20             10.85   -0.65    11.76
DAILY AVG.       0.11              0.12   -0.01     0.13
DAYS >= .01        22              25.6    -3.6       26
DAYS >= .10        15              15.9    -0.9       14
DAYS >= .50         6               6.7    -0.7        6
DAYS >= 1.00        4               3.0     1.0        4
GREATEST
 24 HR. TOTAL    3.04   MM

DEGREE_DAYS
HEATING TOTAL     645               844    -199      985
COOLING TOTAL     313               206     107      192
.................................................................

WIND (MPH)
AVERAGE WIND SPEED              9.2
HIGHEST WIND SPEED/DIRECTION    40/230    DATE  11/11
HIGHEST GUST SPEED/DIRECTION    54/230    DATE  11/11

SKY COVER
POSSIBLE SUNSHINE (PERCENT)   MM
AVERAGE SKY COVER           0.30
NUMBER OF DAYS FAIR           60
NUMBER OF DAYS PC             19
NUMBER OF DAYS CLOUDY         12

AVERAGE RH (PERCENT)     64

WEATHER CONDITIONS. NUMBER OF DAYS WITH
THUNDERSTORM             11     MIXED PRECIP               0
HEAVY RAIN                7     RAIN                      13
LIGHT RAIN               26     FREEZING RAIN              0
LT FREEZING RAIN          0     HAIL                       0
HEAVY SNOW                0     SNOW                       0
LIGHT SNOW                2     SLEET                      1
FOG                      31     FOG W/VIS <= 1/4 MILE      3
HAZE                     10

-  INDICATES NEGATIVE NUMBERS.
R  INDICATES RECORD WAS SET OR TIED.
MM INDICATES DATA IS MISSING.
T  INDICATES TRACE AMOUNT.

$$
