000
CXUS55 KLKN 040322
CLSELY


CLIMATE REPORT
NATIONAL WEATHER SERVICE ELKO NV
802 PM PDT TUE JUN 3 2014

...................................

...THE ELY AIRPORT NV CLIMATE SUMMARY FOR THE SEASON, FROM
3/1/2014 TO 5/31/2014...

CLIMATE NORMAL PERIOD 1981 TO 2010
CLIMATE RECORD PERIOD 1893 TO 2014

WEATHER         OBSERVED          NORMAL  DEPART  LAST YEAR`S
                 VALUE   DATE(S)  VALUE   FROM    VALUE
                                          NORMAL
.............................................................
TEMPERATURE (F)
RECORD
 HIGH              95   05/31/1910
 LOW              -13   03/03/1952
HIGHEST            87   05/27        82       5       85
LOWEST             10   03/19         3       7       11
AVG. MAXIMUM     61.4              58.6     2.8     60.8
AVG. MINIMUM     27.8              27.7     0.1     28.5
MEAN             44.6              43.2     1.4     44.6
DAYS MAX >= 90      0               0.1    -0.1        0
DAYS MAX <= 32      0               0.8    -0.8        0
DAYS MIN <= 32     65              64.0     1.0       69
DAYS MIN <= 0       0               0.3    -0.3        0

PRECIPITATION (INCHES)
RECORD
 MAXIMUM         6.80   1896
 MINIMUM         0.50   1910
TOTALS           2.44              2.98   -0.54     1.66
DAILY AVG.       0.03              0.03    0.00     0.02
DAYS >= .01        16              22.8    -6.8       19
DAYS >= .10         5               9.6    -4.6        5
DAYS >= .50         2               0.9     1.1        0
DAYS >= 1.00        0               0.0     0.0        0

SNOWFALL (INCHES)
RECORDS
 TOTAL           50.0   1964
TOTALS           12.7              15.8    -3.1      9.6
DAYS >= 1.0         3               5.4    -2.4        4
GREATEST
 SNOW DEPTH         2   05/07                          3
                        04/26

DEGREE_DAYS
HEATING TOTAL    1857              2010    -153     1854
COOLING TOTAL       2                 1       1        0
..............................................................

WIND (MPH)
AVERAGE WIND SPEED              10.0
HIGHEST WIND SPEED/DIRECTION    47/190    DATE  04/22
HIGHEST GUST SPEED/DIRECTION    66/190    DATE  04/22

AVERAGE RH (PERCENT)     48

WEATHER CONDITIONS. NUMBER OF DAYS WITH
THUNDERSTORM              0     MIXED PRECIP               0
HEAVY RAIN                1     RAIN                       3
LIGHT RAIN               14     FREEZING RAIN              0
LT FREEZING RAIN          0     HAIL                       2
HEAVY SNOW                3     SNOW                       6
LIGHT SNOW               14     SLEET                      0
FOG                      19     FOG W/VIS <= 1/4 MILE      5
HAZE                      4

-  INDICATES NEGATIVE NUMBERS.
R  INDICATES RECORD WAS SET OR TIED.
MM INDICATES DATA IS MISSING.
T  INDICATES TRACE AMOUNT.

&&

==============================================================

...16TH WARMEST METEOROLOGICAL SPRING ON RECORD IN ELY...
...37TH DRIEST METEOROLOGICAL SPRING ON RECORD IN ELY...
...38TH LEAST SNOWY METEOROLOGICAL SPRING ON RECORD IN ELY...

THE AVERAGE TEMPERATURE IN ELY DURING METEOROLOGICAL SPRING
(MARCH, APRIL AND MAY) 2014 WAS 44.6 DEGREES...WHICH IS 1.4
DEGREES ABOVE THE 1981-2010 CLIMATOLOGICAL NORMAL OF 43.2
DEGREES. THIS MAKES METEOROLOGICAL SPRING 2014 THE 16TH
WARMEST ON RECORD. THE TOTAL PRECIPITATION WAS 2.44 INCHES...
WHICH IS 0.54 INCHES OR 18 PERCENT BELOW THE 1981-2010
CLIMATOLOGICAL NORMAL OF 2.98 INCHES. THIS MAKES
METEOROLOGICAL SPRING 2014 THE 37TH DRIEST ON RECORD. THE
TOTAL SNOWFALL WAS 12.7 INCHES...WHICH IS 3.1 INCHES OR 20
PERCENT BELOW THE 1981-2010 CLIMATOLOGICAL NORMAL OF 15.8
INCHES. THIS MAKES METEOROLOGICAL SPRING 2014 THE 38TH LEAST
SNOWY ON RECORD.

NO MONTHLY RECORDS WERE SET IN ELY DURING METEOROLOGICAL
SPRING 2014.

$$

RCM
