001
CXUS53 KDDC 020133
CLSGCK


CLIMATE REPORT
NATIONAL WEATHER SERVICE DODGE CITY KS
816 PM CDT THU JUN 1 2017

...................................

...THE GARDEN CITY REGIONAL ARPT KS CLIMATE SUMMARY FOR THE SEASON, FROM
3/1/2017 TO 5/31/2017...

CLIMATE NORMAL PERIOD 1981 TO 2010
CLIMATE RECORD PERIOD 1948 TO 2017

WEATHER         OBSERVED          NORMAL  DEPART  LAST YEAR`S
                 VALUE   DATE(S)  VALUE   FROM    VALUE  DATE(S)
                                          NORMAL
................................................................
TEMPERATURE (F)
RECORD
 HIGH             106   05/26/1953
 LOW              -22   03/11/1948
HIGHEST            93   03/19        MM      MM       MM  MM
LOWEST             17   03/07        MM      MM       MM  MM
                        03/02
AVG. MAXIMUM     69.8              67.2     2.6       MM
AVG. MINIMUM     40.6              39.4     1.2       MM
MEAN             55.2              53.3     1.9       MM
DAYS MAX >= 90      5               3.5     1.5       MM
DAYS MAX <= 32      0               1.6    -1.6       MM
DAYS MIN <= 32     18              26.0    -8.0       MM
DAYS MIN <= 0       0               0.1    -0.1       MM

PRECIPITATION (INCHES)
RECORD
 MAXIMUM        13.01   1990
 MINIMUM         0.77   1966
TOTALS           7.02              6.06    0.96       MM
DAILY AVG.       0.07              0.07    0.00       MM
DAYS >= .01        21              21.3    -0.3       MM
DAYS >= .10        12              11.7     0.3       MM
DAYS >= .50         5               3.9     1.1       MM
DAYS >= 1.00        1               1.3    -0.3       MM
GREATEST
 24 HR. TOTAL    1.44   03/28 TO 03/28                MM

DEGREE_DAYS
HEATING TOTAL     957              1167    -210       MM
 SINCE 7/1       4431              5191    -760       MM
COOLING TOTAL      90                90       0       MM
 SINCE 1/1         90                89       1       MM
.................................................................

WIND (MPH)
AVERAGE WIND SPEED              13.8
RESULTANT WIND SPEED/DIRECTION   1/084
HIGHEST WIND SPEED/DIRECTION    51/240    DATE  03/23
HIGHEST GUST SPEED/DIRECTION    64/230    DATE  03/23

SKY COVER
POSSIBLE SUNSHINE (PERCENT)   MM
NUMBER OF DAYS FAIR           52
NUMBER OF DAYS PC             30
NUMBER OF DAYS CLOUDY         10

AVERAGE RH (PERCENT)     60

WEATHER CONDITIONS. NUMBER OF DAYS WITH
THUNDERSTORM             13     MIXED PRECIP               0
HEAVY RAIN                3     RAIN                      14
LIGHT RAIN               26     FREEZING RAIN              0
LT FREEZING RAIN          0     HAIL                       0
HEAVY SNOW                1     SNOW                       2
LIGHT SNOW                2     SLEET                      0
FOG                      22     FOG W/VIS <= 1/4 MILE      4
HAZE                     10

-  INDICATES NEGATIVE NUMBERS.
R  INDICATES RECORD WAS SET OR TIED.
MM INDICATES DATA IS MISSING.
T  INDICATES TRACE AMOUNT.

$$
