000
CXUS53 KFGF 011118
CLSGFK

FGFCLMGFK 000
TTAA00 KFGF 011106


CLIMATE REPORT
NATIONAL WEATHER SERVICE EASTERN NORTH DAKOTA/GRAND FORKS
518 AM CST WED MAR 1 2017

...................................

...THE GRAND FORKS INTL AP ND CLIMATE SUMMARY FOR THE SEASON, FROM
12/1/2016 TO 2/28/2017...

CLIMATE NORMAL PERIOD 1981 TO 2010
CLIMATE RECORD PERIOD 1941 TO 2017

WEATHER         OBSERVED          NORMAL  DEPART  LAST YEAR`S
                 VALUE   DATE(S)  VALUE   FROM    VALUE  DATE(S)
                                          NORMAL
................................................................
TEMPERATURE (F)
RECORD
 HIGH              67   02/22/2000
 LOW              -43   01/30/2004
HIGHEST            46   02/21        19      27       45  02/27
                        02/19                             12/05
LOWEST            -27   01/13         1     -28      -23  01/17
                                                          01/10
AVG. MAXIMUM     22.8              19.5     3.3     25.1
AVG. MINIMUM      7.0               0.5     6.5      9.8
MEAN             14.9              10.0     4.9     17.5
DAYS MAX >= 90      0               0.0     0.0        0
DAYS MAX <= 32     60              71.5   -11.5       62
DAYS MIN <= 32     85              89.5    -4.5       90
DAYS MIN <= 0      32              44.3   -12.3       24

PRECIPITATION (INCHES)
RECORD
 MAXIMUM         3.78   1989
 MINIMUM         0.37   2002
TOTALS           2.46              1.68    0.78     1.64
DAILY AVG.       0.02              0.02    0.00     0.02
DAYS >= .01        27              23.2     3.8       18
DAYS >= .10         9               5.1     3.9        7
DAYS >= .50         0               0.2    -0.2        0
DAYS >= 1.00        0               0.0     0.0        0
GREATEST
 24 HR. TOTAL    0.52   MM                       02/29 TO 02/29
                                                          02/29 TO 02/29
                                                          02/29 TO 02/29
 STORM TOTAL       MM                                 MM
 (MM/DD(HH))            MM                    02/29(00) TO 02/29(00)
                                                 02/29(00) TO 02/29(00)9
                                                 02/29(00) TO 02/29(00)9

SNOWFALL (INCHES)
RECORDS
 TOTAL           57.7   1997
 24 HR TOTAL     13.5   01/17/1996 TO 01/17/1996
 SNOW DEPTH        MM   MM
TOTALS           37.2              28.0     9.2     23.2
 LIQUID EQUIV    3.72              2.80    0.92     1.64
SINCE 7/1        38.3              37.2     1.1     25.9
 LIQUID 7/1      3.83                MM      MM     1.91
SNOWDEPTH AVG.      6                 6       0        3
DAYS >= TRACE      42              27.0    15.0       53
DAYS >= 1.0        10               8.5     1.5        7
GREATEST
 SNOW DEPTH        12   01/13                          7  01/16
                        01/11                             01/15
                        01/12
 24 HR TOTAL      8.8   MM                       02/29 TO 02/29
                                                          02/29 TO 02/29
                                                          02/29 TO 02/29
 STORM TOTAL       MM                                 MM
 (MM/DD(HH))            MM                    02/29(00) TO 02/29(00)
                                                 02/29(00) TO 02/29(00)9
                                                 02/29(00) TO 02/29(00)9

DEGREE_DAYS
HEATING TOTAL    4501              4951    -450     4314
 SINCE 7/1         MM              7150      MM       MM
COOLING TOTAL       0                 0       0        0
 SINCE 1/1          0                 0       0        0

FREEZE DATES
RECORD
 EARLIEST     MM
 LATEST       MM
EARLIEST                        MM
LATEST                          MM
..........................................................

WIND (MPH)
AVERAGE WIND SPEED              12.0
RESULTANT WIND SPEED/DIRECTION   4/286
HIGHEST WIND SPEED/DIRECTION    38/330    DATE  12/26
HIGHEST GUST SPEED/DIRECTION    47/320    DATE  12/06

SKY COVER
POSSIBLE SUNSHINE (PERCENT)   MM
AVERAGE SKY COVER           0.60
NUMBER OF DAYS FAIR           28
NUMBER OF DAYS PC             29
NUMBER OF DAYS CLOUDY         33

AVERAGE RH (PERCENT)     74

WEATHER CONDITIONS. NUMBER OF DAYS WITH
THUNDERSTORM              0     MIXED PRECIP               0
HEAVY RAIN                0     RAIN                       1
LIGHT RAIN                7     FREEZING RAIN              1
LT FREEZING RAIN          4     HAIL                       0
HEAVY SNOW                4     SNOW                      12
LIGHT SNOW               41     SLEET                      1
FOG                      33     FOG W/VIS <= 1/4 MILE      8
HAZE                     34

-  INDICATES NEGATIVE NUMBERS.
R  INDICATES RECORD WAS SET OR TIED.
MM INDICATES DATA IS MISSING.
T  INDICATES TRACE AMOUNT.

&&

REMARKS...

THE 2016-2017 WINTER SEASON WAS MUCH WETTER AND WARMER THAN THE LONG
TERM AVERAGE. THE AVERAGE TEMPERATURES FOR THE WINTER (DEC JAN FEB)
WAS 14.9 DEGREES OR 4.9 DEGREES ABOVE NORMAL...WHICH RANKS AS THE
10TH WARMEST SEASON ON RECORD.

PRECIPITATION FOR THE WINTER WAS 2.46 INCHES OR 0.78 INCHES ABOVE
NORMAL. THIS RANKS AS THE 8TH WETTEST WINTER ON RECORD. THE 37.2
INCHES OF SNOW THAT FELL WAS 9.2 INCHES ABOVE THE NORMAL 28.0
INCHES. THIS RANKS AS THE 15TH SNOWIEST WINTER.

THE DATA IS PROVISIONAL AND SUBJECT TO CHANGE. THE FINAL AND
OFFICIAL RECORDS WILL BE AVAILABLE FROM THE NATIONAL CENTERS FOR
ENVIRONMENTAL INFORMATION (FORMERLY THE NATIONAL CLIMATIC DATA
CENTER).

$$
