000
CXUS54 KLZK 020004
CLSHRO

CLIMATE REPORT
NATIONAL WEATHER SERVICE LITTLE ROCK AR
512 PM CDT TUE SEP 1 2015

...................................

...THE HARRISON CLIMATE SUMMARY FOR THE SEASON, FROM
6/1/2015 TO 8/31/2015...

CLIMATE NORMAL PERIOD 1981 TO 2010
CLIMATE RECORD PERIOD 1891 TO 2015

WEATHER         OBSERVED          NORMAL  DEPART  LAST YEAR`S
                 VALUE   DATE(S)  VALUE   FROM    VALUE  DATE(S)
                                          NORMAL
................................................................
TEMPERATURE (F)
RECORD
 HIGH             112   08/03/2011
                        07/18/1936
                        08/09/1934
 LOW               40   06/12/1903
HIGHEST            97   08/09        87      10       96  08/23
LOWEST             52   08/20        67     -15       54  07/03
                                                          06/14
AVG. MAXIMUM     86.5              87.5    -1.0     85.0
AVG. MINIMUM     66.9              65.7     1.2     64.9
MEAN             76.7              76.6     0.1     75.0
DAYS MAX >= 90     28              33.4    -5.4       21
DAYS MAX <= 32      0               0.0     0.0        0
DAYS MIN <= 32      0               0.0     0.0        0
DAYS MIN <= 0       0               0.0     0.0        0

PRECIPITATION (INCHES)
RECORD
 MAXIMUM        25.55   1915
 MINIMUM         2.99   2006
TOTALS          17.27             10.96    6.31    11.37
DAILY AVG.       0.19              0.12    0.07     0.12
DAYS >= .01        27              29.9    -2.9       23
DAYS >= .10        21                                 16
DAYS >= .50        11                                  7
DAYS >= 1.00        6               2.9     3.1        3
GREATEST
 24 HR. TOTAL    2.51   08/30 TO 08/30

SNOWFALL (INCHES)
TOTALS            0.0               0.0     0.0      0.0
 LIQUID EQUIV    0.00              0.00    0.00     0.00
SINCE 7/1         0.0
 LIQUID 7/1      0.00              0.00    0.00     0.00
SNOWDEPTH AVG.      0                 0       0        0
DAYS >= TRACE       0               0.0     0.0        0
DAYS >= 1.0         0               0.0     0.0        0
GREATEST
 SNOW DEPTH         0
 24 HR TOTAL      0.0

DEGREE_DAYS
HEATING TOTAL       1                 7      -6        0
 SINCE 7/1          1                 1       0        0
COOLING TOTAL    1096              1072      24      947
 SINCE 1/1       1220              1211       9     1134

FREEZE DATES
RECORD
 EARLIEST     09/13/1902
 LATEST       05/17/1912
EARLIEST                        10/29
LATEST                          04/04
....................................................

WIND (MPH)
AVERAGE WIND SPEED              5.3
HIGHEST WIND SPEED/DIRECTION    38/030    DATE  07/24
HIGHEST GUST SPEED/DIRECTION    55/030    DATE  07/24

SKY COVER
POSSIBLE SUNSHINE (PERCENT)   MM
AVERAGE SKY COVER           0.20
NUMBER OF DAYS FAIR           62
NUMBER OF DAYS PC             23
NUMBER OF DAYS CLOUDY          3

AVERAGE RH (PERCENT)     77

WEATHER CONDITIONS. NUMBER OF DAYS WITH
THUNDERSTORM              0     MIXED PRECIP               0
HEAVY RAIN               18     RAIN                      18
LIGHT RAIN               31     FREEZING RAIN              0
LT FREEZING RAIN          0     HAIL                       0
HEAVY SNOW                0     SNOW                       0
LIGHT SNOW                0     SLEET                      0
FOG                      49     FOG W/VIS <= 1/4 MILE     10
HAZE                      6

-  INDICATES NEGATIVE NUMBERS.
R  INDICATES RECORD WAS SET OR TIED.
MM INDICATES DATA IS MISSING.
T  INDICATES TRACE AMOUNT.

&&

...DATA FOR HARRISON FOR SUMMER 2015...

.SUMMARY...
ON THE WHOLE...SUMMER WAS CLOSE TO AVERAGE. JUNE AND JULY WERE ABOVE
AVERAGE. WITH AUGUST HAVING A DEPARTURE FROM NORMAL OF -3.1
DEGREES...THE SEASONAL AVERAGE TEMPERATURE ENDED 0.1 ABOVE THE 30-
YEAR NORMAL.

JULY WAS THE HOTTEST MONTH...AND AUGUST WAS THE COOLEST MONTH. FOR
THE SECOND SUMMER IN A ROW...THERE WERE NO TEMPERATURES AT OR ABOVE
100 DEGREES.

RAINFALL WAS WELL ABOVE AVERAGE.

.TEMPERATURES
THE AVERAGE HIGH...LOW AND SEASONAL TEMPERATURES WERE THE WARMEST
SINCE 2012.

.RAINFALL...
IT WAS THE WETTEST SUMMER SINCE 2008.

$$

57
