000
CXUS51 KCTP 011347
CLSIPT

CLIMATE REPORT
NATIONAL WEATHER SERVICE STATE COLLEGE PA
946 AM EDT WED JUN 1 2016

...................................

...THE WILLIAMSPORT PA CLIMATE SUMMARY FOR THE SPRING SEASON, FROM
3/1/2016 TO 5/31/2016...

CLIMATE NORMAL PERIOD 1981 TO 2010
CLIMATE RECORD PERIOD 1895 TO 2016

WEATHER         OBSERVED          NORMAL  DEPART  LAST YEAR`S
                 VALUE   DATE(S)  VALUE   FROM    VALUE  DATE(S)
                                          NORMAL
................................................................
TEMPERATURE (F)
RECORD
 HIGH              96   05/20/1996
                        05/19/1996
                        05/23/1925
 LOW               -5   03/18/1916
HIGHEST            91   05/28         0      91       88  05/08
LOWEST             20   03/03         0      20        1  03/06

AVG. MAXIMUM     63.4              60.1     3.3     60.9
AVG. MINIMUM     40.0              38.5     1.5     38.5
MEAN             51.7              49.3     2.4     49.7

DAYS MAX >= 90      2               1.6     0.4        0
DAYS MAX <= 32      0               1.9    -1.9        3
DAYS MIN <= 32     21              27.0    -6.0       35
DAYS MIN <= 0       0               0.1    -0.1        0

PRECIPITATION (INCHES)
RECORD
 MAXIMUM        23.75   2011
 MINIMUM         5.15   1926
TOTALS           4.92R             9.87   -4.95     9.63
DAILY AVG.       0.05              0.11   -0.06     0.11
DAYS >= .01        35              36.4    -1.4       36
DAYS >= .10        18              21.4    -3.4       23
DAYS >= .50         0               6.5    -6.5        3
DAYS >= 1.00        0               1.8    -1.8        2
GREATEST
 24 HR. TOTAL    0.46   MM
 STORM TOTAL       MM
 (MM/DD(HH))            MM

SNOWFALL (INCHES)
RECORDS
 TOTAL           37.1   1915
 24 HR TOTAL       MM
 SNOW DEPTH        MM   MM
TOTALS            2.0               8.0    -6.0     11.4
 LIQUID EQUIV    0.20              0.00    0.20     1.14
SINCE 7/1         7.7              36.0   -28.3     44.4
 LIQUID 7/1      0.77              3.60   -2.83     4.44
SNOWDEPTH AVG.      0                MM      MM        1
DAYS >= TRACE       8               4.2     3.8       12
DAYS >= 1.0         1               1.9    -0.9        4
GREATEST
 SNOW DEPTH         T   03/04                          7  03/02
 24 HR TOTAL      1.8   MM

 STORM TOTAL       MM                                 MM
 (MM/DD(HH))            MM


DEGREE_DAYS
HEATING TOTAL    1264              1490    -226     1517
 SINCE 7/1       4907              5958   -1051       MM
COOLING TOTAL      73                44      29      128
 SINCE 1/1         73                43      30      128

FREEZE DATES
RECORD
 EARLIEST     09/22/1904
 LATEST       05/25/1956
EARLIEST                        09/22
LATEST                          05/25
..................................................

WIND (MPH)
AVERAGE WIND SPEED              6.1
RESULTANT WIND SPEED/DIRECTION   1/291
HIGHEST WIND SPEED/DIRECTION    38/270    DATE  03/02
HIGHEST GUST SPEED/DIRECTION    51/250    DATE  03/28

SKY COVER
POSSIBLE SUNSHINE (PERCENT)   MM
AVERAGE SKY COVER           0.50
NUMBER OF DAYS FAIR           36
NUMBER OF DAYS PC             32
NUMBER OF DAYS CLOUDY         24

AVERAGE RH (PERCENT)     59

WEATHER CONDITIONS. NUMBER OF DAYS WITH
THUNDERSTORM              6     MIXED PRECIP               0
HEAVY RAIN                7     RAIN                      19
LIGHT RAIN               42     FREEZING RAIN              0
LT FREEZING RAIN          0     HAIL                       0
HEAVY SNOW                1     SNOW                       1
LIGHT SNOW                8     SLEET                      0
FOG                      35     FOG W/VIS <= 1/4 MILE      4
HAZE                      8

-  INDICATES NEGATIVE NUMBERS.
R  INDICATES RECORD WAS SET OR TIED.
MM INDICATES DATA IS MISSING.
T  INDICATES TRACE AMOUNT.

$$

LA CORTE
