000
CXUS51 KCLE 070336
CLSMFD


CLIMATE REPORT
NATIONAL WEATHER SERVICE CLEVELAND OH
1132 PM EDT MON JUL 6 2015

...................................

...THE MANSFIELD OH CLIMATE SUMMARY FOR THE SEASON, FROM
3/1/2015 TO 5/31/2015...

CLIMATE NORMAL PERIOD 1981 TO 2010
CLIMATE RECORD PERIOD 1916 TO 2015

WEATHER         OBSERVED          NORMAL  DEPART
                 VALUE   DATE(S)  VALUE   FROM
                                          NORMAL
................................................
TEMPERATURE (F)
RECORD
 HIGH              92   05/18/1962
 LOW               -6   03/02/1980
HIGHEST            87   05/08
LOWEST              0   03/06
AVG. MAXIMUM     59.9              58.3     1.6
AVG. MINIMUM     39.6              38.1     1.5
MEAN             49.8              48.2     1.6
DAYS MAX >= 90      0               0.0
DAYS MAX <= 32      6               4.6
DAYS MIN <= 32     26              29.6
DAYS MIN <= 0       1               0.1

PRECIPITATION (INCHES)
RECORD
 MAXIMUM        18.41   2011
 MINIMUM         4.59   1934
TOTALS          12.63             12.07    0.56
DAYS >= .01        37              42.1
DAYS >= .10        28              25.8
DAYS >= .50        10               8.3
DAYS >= 1.00        1               2.1

SNOWFALL (INCHES)
RECORDS
 TOTAL           34.4   2005
TOTALS           10.7              10.4
DAYS >= TRACE       9
DAYS >= 1.0         2               3.0

DEGREE_DAYS
HEATING TOTAL    1497              1591     -94
COOLING TOTAL     118                45      73
.................................................

WIND (MPH)
HIGHEST GUST SPEED/DIRECTION    53/220    DATE  03/03

SKY COVER
POSSIBLE SUNSHINE (PERCENT)   MM
NUMBER OF DAYS FAIR           39
NUMBER OF DAYS PC             31
NUMBER OF DAYS CLOUDY         22


WEATHER CONDITIONS. NUMBER OF DAYS WITH
THUNDERSTORM              0     MIXED PRECIP               0
HEAVY RAIN               11     RAIN                      17
LIGHT RAIN               35     FREEZING RAIN              0
LT FREEZING RAIN          1     HAIL                       0
HEAVY SNOW                0     SNOW                       1
LIGHT SNOW                6     SLEET                      2
FOG                      44     FOG W/VIS <= 1/4 MILE     10
HAZE                     18

-  INDICATES NEGATIVE NUMBERS.
R  INDICATES RECORD WAS SET OR TIED.
MM INDICATES DATA IS MISSING.
T  INDICATES TRACE AMOUNT.

$$
