000
CXUS54 KLZK 020523
CLSPBF

CLIMATE REPORT
NATIONAL WEATHER SERVICE LITTLE ROCK AR
1215 AM CDT SAT JUL 2 2016

...................................

...THE PINE BLUFF CLIMATE SUMMARY FOR THE SEASON, FROM
7/1/2015 TO 6/30/2016...

CLIMATE NORMAL PERIOD 1981 TO 2010
CLIMATE RECORD PERIOD 1883 TO 2016

WEATHER         OBSERVED          NORMAL  DEPART  LAST YEAR`S
                 VALUE   DATE(S)  VALUE   FROM    VALUE  DATE(S)
                                          NORMAL
................................................................
SNOWFALL (INCHES)
TOTALS            3.6               3.1     0.5       MM
 LIQUID EQUIV    0.36              0.30    0.06       MM
SINCE 7/1         3.6               3.1     0.5       MM
 LIQUID 7/1      0.36              0.30    0.06       MM
SNOWDEPTH AVG.      0                MM      MM       MM
DAYS >= TRACE       3               0.9     2.1       MM
DAYS >= 1.0         1               0.8     0.2       MM
GREATEST
 SNOW DEPTH         4   01/22                         MM  MM
 24 HR TOTAL      3.6   01/21 TO 01/22                MM

-  INDICATES NEGATIVE NUMBERS.
R  INDICATES RECORD WAS SET OR TIED.
MM INDICATES DATA IS MISSING.
T  INDICATES TRACE AMOUNT.

&&

...DATA FOR PINE BLUFF FOR THE SNOWFALL SEASON 2015-2016...

.SUMMARY...
IT WAS THE LEAST SNOWIEST SEASON SINCE THE 2012-2013 SEASON. SNOW
FELL IN ONE MONTH ONLY...WHICH WAS THE FIRST SUCH OCCURRENCE SINCE
THE 2006-2007 SEASON.

$$

57
