000
CXUS51 KRNK 011259
CLSROA


CLIMATE REPORT
NATIONAL WEATHER SERVICE BLACKSBURG VA
851 AM EDT MON JUN 1 2015

...................................

...THE ROANOKE VA CLIMATE SUMMARY FOR THE SEASON, FROM
3/1/2015 TO 5/31/2015...

CLIMATE NORMAL PERIOD 1981 TO 2010
CLIMATE RECORD PERIOD 1912 TO 2015

WEATHER         OBSERVED          NORMAL  DEPART  LAST YEAR`S
                 VALUE   DATE(S)  VALUE   FROM    VALUE
                                          NORMAL
.............................................................
TEMPERATURE (F)
RECORD
 HIGH              99   05/22/1941
 LOW                9   03/10/1996
                        03/15/1993
HIGHEST            88   05/18                         91
                        05/11
LOWEST             11   03/06                         13
AVG. MAXIMUM     68.5              67.2     1.3     67.3
AVG. MINIMUM     47.0              45.1     1.9     44.5
MEAN             57.8              56.2     1.6     55.9
DAYS MAX >= 90      0               0.7    -0.7        1
DAYS MAX <= 32      1               0.3     0.7        1
DAYS MIN <= 32      7              11.6    -4.6       19
DAYS MIN <= 0       0               0.0     0.0        0

PRECIPITATION (INCHES)
RECORD
 MAXIMUM        18.67   2003
 MINIMUM         4.55   1915
TOTALS          11.06             10.89    0.17     9.32
DAILY AVG.       0.12              0.12    0.00     0.10
DAYS >= .01        35              32.8     2.2       29
DAYS >= .10        21              20.4     0.6       15
DAYS >= .50         8               7.0     1.0        7
DAYS >= 1.00        2               2.1    -0.1        3
GREATEST
 24 HR. TOTAL    1.84                               1.86

SNOWFALL (INCHES)
TOTALS            1.9                                5.6
DAYS >= TRACE       2                                  9
DAYS >= 1.0         1                                  2
GREATEST
 24 HR TOTAL      1.9                                2.8

DEGREE_DAYS
HEATING TOTAL     815               928    -113      964
COOLING TOTAL     168               116      52      149
..............................................................

WIND (MPH)
AVERAGE WIND SPEED              6.8
HIGHEST WIND SPEED/DIRECTION    44/150    DATE  04/08
HIGHEST GUST SPEED/DIRECTION    49/150    DATE  04/08

SKY COVER
AVERAGE SKY COVER           0.50

AVERAGE RH (PERCENT)     60

WEATHER CONDITIONS. NUMBER OF DAYS WITH
THUNDERSTORM             10     MIXED PRECIP               0
HEAVY RAIN                9     RAIN                      16
LIGHT RAIN               45     FREEZING RAIN              0
LT FREEZING RAIN          1     HAIL                       0
HEAVY SNOW                1     SNOW                       1
LIGHT SNOW                2     SLEET                      1
FOG                      31     FOG W/VIS <= 1/4 MILE      4
HAZE                      1

-  INDICATES NEGATIVE NUMBERS.
R  INDICATES RECORD WAS SET OR TIED.
MM INDICATES DATA IS MISSING.
T  INDICATES TRACE AMOUNT.

$$

PW
