000
CXUS53 KGLD 010800
CF6GLD
PRELIMINARY LOCAL CLIMATOLOGICAL DATA (WS FORM: F-6)

                                          STATION:   GOODLAND KS
                                          MONTH:     JUNE
                                          YEAR:      2013
                                          LATITUDE:   39 22 N
                                          LONGITUDE: 101 42 W

  TEMPERATURE IN F:       :PCPN:    SNOW:  WIND      :SUNSHINE: SKY     :PK WND
================================================================================
1   2   3   4   5  6A  6B    7    8   9   10  11  12  13   14  15   16   17  18
                                     12Z  AVG MX 2MIN
DY MAX MIN AVG DEP HDD CDD  WTR  SNW DPTH SPD SPD DIR MIN PSBL S-S WX    SPD DR
================================================================================

 1  70  43  57  -8   8   0 0.00  0.0    0 18.5 38 330   M    M   3        45 320
 2  81  39  60  -5   5   0 0.00  0.0    0 13.3 29 160   M    M   0        36 170
 3  97  51  74   8   0   9 0.00  0.0    0 19.0 32  80   M    M   0        39  80
 4  75  52  64  -2   1   0 0.09  0.0    0 12.3 25 120   M    M   6 1      30 120
 5  58  48  53 -13  12   0 0.07  0.0    0 10.1 22  20   M    M   8        28  20
 6  77  43  60  -6   5   0 0.00  0.0    0  5.0 14 130   M    M   1        18 130
 7  83  46  65  -2   0   0 0.71  0.0    0  8.4 37 290   M    M   1 13     49 320
 8  78  53  66  -1   0   1    T  0.0    0 14.5 39 360   M    M   1 3      48 360
 9  89  49  69   1   0   4 0.00  0.0    0  7.7 15 250   M    M   0        20 250
10 104  53  79  11   0  14 0.00  0.0    0  8.5 16 160   M    M   0        21 330
11 107  67  87  19   0  22 0.00  0.0    0 11.5 28 340   M    M   0        33 220
12  94  61  78   9   0  13 0.00  0.0    0 12.2 25  80   M    M   0        31  80
13  96  55  76   7   0  11 0.04  0.0    0 15.2 41 260   M    M   0 38     52 260
14  95  63  79  10   0  14 0.03  0.0    0 14.0 29 280   M    M   0 3      41 220
15  91  57  74   4   0   9 0.41  0.0    0  7.4 47 270   M    M   1 35     60 260
16  90  57  74   4   0   9 1.04  0.0    0 10.9 32 150   M    M   1 135    49  30
17  80  54  67  -3   0   2    T  0.0    0  7.1 30 180   M    M   1 1      38 180
18  87  56  72   1   0   7 0.65  0.0    0 11.8 39 250   M    M   2 135    53 250
19  83  58  71   0   0   6 0.00  0.0    0 20.9 33 160   M    M   2        39 160
20  96  63  80   9   0  15 0.00  0.0    0 14.7 28 170   M    M   0 3      37 170
21  97  68  83  11   0  18 0.00  0.0    0 17.9 33 170   M    M   1        43 180
22  90  58  74   2   0   9 0.00  0.0    0 12.2 28 160   M    M   1        35 150
23  87  61  74   2   0   9    T  0.0    0 12.7 32 340   M    M   1 3      45 330
24  95  60  78   5   0  13 0.00  0.0    0 14.0 28 150   M    M   1        38 150
25  95  62  79   6   0  14 0.00  0.0    0 10.6 24 350   M    M   1        32 340
26  99  58  79   6   0  14 0.00  0.0    0  8.1 17 170   M    M   0        22 170
27  95  67  81   8   0  16 0.00  0.0    0 14.8 28  20   M    M   0        33  10
28  97  63  80   6   0  15 0.00  0.0    0  6.7 21  60   M    M   0        25  60
29  91  58  75   1   0  10 0.00  0.0    0  7.0 21  30   M    M   2 3      32  20
30  82  54  68  -6   0   3 0.00  0.0    0  5.8 18  80   M    M   4        24  80
================================================================================
SM 2659 1677        31 257  3.04     0.0 352.8          M       38
================================================================================
AV 88.6 55.9                              11.8 FASTST   M    M   1    MAX(MPH)
                                 MISC ---->  # 47 270               # 60  260
================================================================================
NOTES:
# LAST OF SEVERAL OCCURRENCES

COLUMN 17 PEAK WIND IN M.P.H.

PRELIMINARY LOCAL CLIMATOLOGICAL DATA (WS FORM: F-6) , PAGE 2

                                          STATION:  GOODLAND KS
                                          MONTH:    JUNE
                                          YEAR:     2013
                                          LATITUDE:   39 22 N
                                          LONGITUDE: 101 42 W

[TEMPERATURE DATA]      [PRECIPITATION DATA]       SYMBOLS USED IN COLUMN 16

AVERAGE MONTHLY: 72.3   TOTAL FOR MONTH:   3.04    1 = FOG OR MIST
DPTR FM NORMAL:   2.6   DPTR FM NORMAL:   -0.21    2 = FOG REDUCING VISIBILITY
HIGHEST:   107 ON 11    GRTST 24HR  1.45 ON 15-16      TO 1/4 MILE OR LESS
LOWEST:     39 ON  2                               3 = THUNDER
                        SNOW, ICE PELLETS, HAIL    4 = ICE PELLETS
                        TOTAL MONTH:   0.0 INCH    5 = HAIL
                        GRTST 24HR     0.0         6 = FREEZING RAIN OR DRIZZLE
                        GRTST DEPTH:   0           7 = DUSTSTORM OR SANDSTORM:
                                                       VSBY 1/2 MILE OR LESS
                                                   8 = SMOKE OR HAZE
[NO. OF DAYS WITH]      [WEATHER - DAYS WITH]      9 = BLOWING SNOW
                                                   X = TORNADO
MAX 32 OR BELOW:   0    0.01 INCH OR MORE:   8
MAX 90 OR ABOVE:  17    0.10 INCH OR MORE:   4
MIN 32 OR BELOW:   0    0.50 INCH OR MORE:   3
MIN  0 OR BELOW:   0    1.00 INCH OR MORE:   1

[HDD (BASE 65) ]
TOTAL THIS MO.    31    CLEAR  (SCALE 0-3)  27
DPTR FM NORMAL    -6    PTCLDY (SCALE 4-7)   3
TOTAL FM JUL 1  5985    CLOUDY (SCALE 8-10)  0
DPTR FM NORMAL    82

[CDD (BASE 65) ]
TOTAL THIS MO.   257
DPTR FM NORMAL    78    [PRESSURE DATA]
TOTAL FM JAN 1   346    HIGHEST SLP M ON M
DPTR FM NORMAL   126    LOWEST  SLP 29.46 ON 11

[REMARKS]
#FINAL-06-13#
