000
CXUS53 KGLD 010800
CF6GLD
PRELIMINARY LOCAL CLIMATOLOGICAL DATA (WS FORM: F-6)

                                          STATION:   GOODLAND KS
                                          MONTH:     MAY
                                          YEAR:      2013
                                          LATITUDE:   39 22 N
                                          LONGITUDE: 101 42 W

  TEMPERATURE IN F:       :PCPN:    SNOW:  WIND      :SUNSHINE: SKY     :PK WND
================================================================================
1   2   3   4   5  6A  6B    7    8   9   10  11  12  13   14  15   16   17  18
                                     12Z  AVG MX 2MIN
DY MAX MIN AVG DEP HDD CDD  WTR  SNW DPTH SPD SPD DIR MIN PSBL S-S WX    SPD DR
================================================================================

 1  44  29  37 -17  28   0 0.19  3.5    0 22.8 39  30   M    M  10 1      47  30
 2  48  28  38 -17  27   0    T    T    4 11.3 21 360   M    M   4 1      25 340
 3  59  28  44 -11  21   0 0.00  0.0    0  7.6 21  30   M    M   0        25  20
 4  60  26  43 -12  22   0 0.00  0.0    0 11.9 30  20   M    M   0        37  20
 5  63  25  44 -12  21   0 0.00  0.0    0  6.4 14 360   M    M   0        16 350
 6  74  29  52  -4  13   0 0.00  0.0    0 13.5 31 170   M    M   2        38 170
 7  76  50  63   7   2   0    T  0.0    0 11.3 23 170   M    M   5        28 160
 8  76  49  63   6   2   0 0.05  0.0    0 11.6 35 280   M    M   5 138    41 280
 9  59  42  51  -6  14   0 0.24  0.0    0  9.3 21 360   M    M   7 13     24  10
10  68  41  55  -2  10   0 0.02  0.0    0  8.0 26 320   M    M   2 3      32 320
11  67  43  55  -3  10   0 0.00  0.0    0  9.1 20  40   M    M   1        24  20
12  81  47  64   6   1   0 0.00  0.0    0 12.2 24 350   M    M   0        31 350
13  92  55  74  16   0   9 0.00  0.0    0  7.4 18 200   M    M   0        25 330
14  94  57  76  17   0  11 0.00  0.0    0  8.7 26 240   M    M   0        35 320
15  86  55  71  12   0   6 0.00  0.0    0 10.9 22 280   M    M   0        26 280
16  86  56  71  12   0   6 0.14  0.0    0 11.7 35  20   M    M   3 3      56  30
17  86  58  72  12   0   7 0.00  0.0    0 18.4 30 160   M    M   1 3      38 160
18  87  59  73  13   0   8 0.00  0.0    0 12.6 33  80   M    M   2        43  80
19  70  50  60   0   5   0 0.07  0.0    0 15.5 32 340   M    M   3 3      38 340
20  70  49  60  -1   5   0    T  0.0    0 23.0 36 320   M    M   2        48 330
21  71  42  57  -4   8   0 0.00  0.0    0 19.3 37 330   M    M   1        46 320
22  77  38  58  -3   7   0 0.00  0.0    0  9.1 21  70   M    M   0        25  70
23  71  47  59  -3   6   0    T  0.0    0 15.8 29 130   M    M   8        36 130
24  87  54  71   9   0   6    T  0.0    0 28.2 48 170   M    M   7 138    58 170
25  93  64  79  17   0  14 0.36  0.0    0 17.6 39 200   M    M   2 38     52 220
26  92  62  77  14   0  12 0.00  0.0    0 10.7 24 190   M    M   0        33 200
27  80  51  66   3   0   1 0.00  0.0    0 10.4 30  20   M    M   2        38  20
28  86  56  71   8   0   6 0.00  0.0    0 13.9 38 160   M    M   3 3      49 170
29  86  50  68   4   0   3 0.16  0.0    0 13.7 36 320   M    M   2 3      49 320
30  77  49  63  -1   2   0 0.04  0.0    0  9.7 32 240   M    M   2 3      44 230
31  80  50  65   1   0   0 0.00  0.0    0 16.5 36 290   M    M   0        45 290
================================================================================
SM 2346 1439       204  89  1.27     3.5 408.1          M       74
================================================================================
AV 75.7 46.4                              13.2 FASTST   M    M   2    MAX(MPH)
                                 MISC ---->  # 48 170               # 58  170
================================================================================
NOTES:
# LAST OF SEVERAL OCCURRENCES

COLUMN 17 PEAK WIND IN M.P.H.

PRELIMINARY LOCAL CLIMATOLOGICAL DATA (WS FORM: F-6) , PAGE 2

                                          STATION:  GOODLAND KS
                                          MONTH:    MAY
                                          YEAR:     2013
                                          LATITUDE:   39 22 N
                                          LONGITUDE: 101 42 W

[TEMPERATURE DATA]      [PRECIPITATION DATA]       SYMBOLS USED IN COLUMN 16

AVERAGE MONTHLY: 61.0   TOTAL FOR MONTH:   1.27    1 = FOG OR MIST
DPTR FM NORMAL:   1.6   DPTR FM NORMAL:   -1.68    2 = FOG REDUCING VISIBILITY
HIGHEST:    94 ON 14    GRTST 24HR  0.36 ON 25-25      TO 1/4 MILE OR LESS
LOWEST:     25 ON  5                               3 = THUNDER
                        SNOW, ICE PELLETS, HAIL    4 = ICE PELLETS
                        TOTAL MONTH:   3.5 INCHES  5 = HAIL
                        GRTST 24HR   3.5 ON  1- 1  6 = FREEZING RAIN OR DRIZZLE
                        GRTST DEPTH:   4 ON  2     7 = DUSTSTORM OR SANDSTORM:
                                                       VSBY 1/2 MILE OR LESS
                                                   8 = SMOKE OR HAZE
[NO. OF DAYS WITH]      [WEATHER - DAYS WITH]      9 = BLOWING SNOW
                                                   X = TORNADO
MAX 32 OR BELOW:   0    0.01 INCH OR MORE:   9
MAX 90 OR ABOVE:   4    0.10 INCH OR MORE:   5
MIN 32 OR BELOW:   6    0.50 INCH OR MORE:   0
MIN  0 OR BELOW:   0    1.00 INCH OR MORE:   0

[HDD (BASE 65) ]
TOTAL THIS MO.   204    CLEAR  (SCALE 0-3)  23
DPTR FM NORMAL    -7    PTCLDY (SCALE 4-7)   7
TOTAL FM JUL 1  5954    CLOUDY (SCALE 8-10)  1
DPTR FM NORMAL    88

[CDD (BASE 65) ]
TOTAL THIS MO.    89
DPTR FM NORMAL    52    [PRESSURE DATA]
TOTAL FM JAN 1    89    HIGHEST SLP M ON M
DPTR FM NORMAL    48    LOWEST  SLP 29.26 ON 29

[REMARKS]
#FINAL-05-13#
