000
CXUS53 KGLD 010800
CF6GLD
PRELIMINARY LOCAL CLIMATOLOGICAL DATA (WS FORM: F-6)

                                          STATION:   GOODLAND KS
                                          MONTH:     AUGUST
                                          YEAR:      2013
                                          LATITUDE:   39 22 N
                                          LONGITUDE: 101 42 W

  TEMPERATURE IN F:       :PCPN:    SNOW:  WIND      :SUNSHINE: SKY     :PK WND
================================================================================
1   2   3   4   5  6A  6B    7    8   9   10  11  12  13   14  15   16   17  18
                                     12Z  AVG MX 2MIN
DY MAX MIN AVG DEP HDD CDD  WTR  SNW DPTH SPD SPD DIR MIN PSBL S-S WX    SPD DR
================================================================================

 1  96  67  82   6   0  17    T  0.0    0 15.2 30 120   M    M   1 3      40 130
 2  95  63  79   4   0  14 0.00  0.0    0 10.6 20  70   M    M   2 1      25  70
 3  71  66  69  -6   0   4    T  0.0    0 10.1 23  80   M    M  10 12     28  90
 4  88  65  77   2   0  12 0.01  0.0    0  8.1 17 130   M    M   5 12     22 130
 5  95  62  79   4   0  14 0.04  0.0    0  9.1 32 140   M    M   1 138    39 150
 6  86  62  74  -1   0   9 0.00  0.0    0  7.4 23 360   M    M   0 1      28 360
 7  77  60  69  -6   0   4 0.45  0.0    0  6.5 26 130   M    M   5 13     32 130
 8  73  61  67  -8   0   2 0.06  0.0    0  5.0 16 110   M    M   8 1      22 110
 9  80  54  67  -8   0   2 0.00  0.0    0  6.5 14 130   M    M   2 12     18 110
10  80  57  69  -6   0   4 0.00  0.0    0 12.3 24 160   M    M   0        28 160
11  83  62  73  -2   0   8    T  0.0    0  6.7 16 190   M    M   2 13     21 180
12  86  61  74  -1   0   9 0.03  0.0    0  7.5 20 300   M    M   5 12     24 310
13  79  60  70  -4   0   5    T  0.0    0  8.3 17 120   M    M   4        22 110
14  80  59  70  -4   0   5 0.20  0.0    0  8.5 31 310   M    M   4 13     39 320
15  84  57  71  -3   0   6 0.00  0.0    0  8.0 23  20   M    M   0        28  20
16  85  54  70  -4   0   5 0.00  0.0    0  7.0 17 160   M    M   4 128    20 160
17  81  64  73  -1   0   8 0.00  0.0    0 13.8 21 160   M    M   7 18     26 170
18  83  64  74   0   0   9 0.00  0.0    0 12.8 22 160   M    M   5 18     29 160
19  92  57  75   1   0  10 0.00  0.0    0  9.6 20 160   M    M   0 18     25 170
20  94  59  77   4   0  12 0.00  0.0    0 13.1 22 170   M    M   0 18     28 180
21  98  63  81   8   0  16 0.00  0.0    0 12.7 23 170   M    M   0        31 160
22  92  63  78   5   0  13    T  0.0    0 11.7 22 350   M    M   0 3      26 350
23  91  65  78   5   0  13    T  0.0    0  8.9 20 170   M    M   1 18     26 160
24  96  62  79   6   0  14 0.00  0.0    0 17.7 31 180   M    M   0        40 190
25  97  66  82  10   0  17 0.00  0.0    0 16.7 29 180   M    M   0        35 180
26  98  68  83  11   0  18 0.00  0.0    0 16.9 26 180   M    M   0        35 170
27  98  64  81   9   0  16 0.00  0.0    0 11.3 22 220   M    M   0        26 210
28  96  59  78   6   0  13 0.00  0.0    0  9.9 20 160   M    M   0        24 180
29 101  56  79   7   0  14 0.00  0.0    0  8.0 15 200   M    M   0        21  80
30 102  64  83  12   0  18    T  0.0    0  7.9 25 310   M    M   1        31  40
31  96  67  82  11   0  17 0.15  0.0    0 10.0 32 330   M    M   1 3      44 320
================================================================================
SM 2753 1911         0 328  0.94     0.0 317.8          M       68
================================================================================
AV 88.8 61.6                              10.3 FASTST   M    M   2    MAX(MPH)
                                 MISC ---->  # 32 140               # 44  320
================================================================================
NOTES:
# LAST OF SEVERAL OCCURRENCES

COLUMN 17 PEAK WIND IN M.P.H.

PRELIMINARY LOCAL CLIMATOLOGICAL DATA (WS FORM: F-6) , PAGE 2

                                          STATION:  GOODLAND KS
                                          MONTH:    AUGUST
                                          YEAR:     2013
                                          LATITUDE:   39 22 N
                                          LONGITUDE: 101 42 W

[TEMPERATURE DATA]      [PRECIPITATION DATA]       SYMBOLS USED IN COLUMN 16

AVERAGE MONTHLY: 75.2   TOTAL FOR MONTH:   0.94    1 = FOG OR MIST
DPTR FM NORMAL:   1.5   DPTR FM NORMAL:   -1.76    2 = FOG REDUCING VISIBILITY
HIGHEST:   102 ON 30    GRTST 24HR  0.50 ON  7- 8      TO 1/4 MILE OR LESS
LOWEST:     54 ON 16, 9                            3 = THUNDER
                        SNOW, ICE PELLETS, HAIL    4 = ICE PELLETS
                        TOTAL MONTH:   0.0 INCH    5 = HAIL
                        GRTST 24HR     0.0         6 = FREEZING RAIN OR DRIZZLE
                        GRTST DEPTH:   0           7 = DUSTSTORM OR SANDSTORM:
                                                       VSBY 1/2 MILE OR LESS
                                                   8 = SMOKE OR HAZE
[NO. OF DAYS WITH]      [WEATHER - DAYS WITH]      9 = BLOWING SNOW
                                                   X = TORNADO
MAX 32 OR BELOW:   0    0.01 INCH OR MORE:   7
MAX 90 OR ABOVE:  16    0.10 INCH OR MORE:   3
MIN 32 OR BELOW:   0    0.50 INCH OR MORE:   0
MIN  0 OR BELOW:   0    1.00 INCH OR MORE:   0

[HDD (BASE 65) ]
TOTAL THIS MO.     0    CLEAR  (SCALE 0-3)  21
DPTR FM NORMAL    -8    PTCLDY (SCALE 4-7)   9
TOTAL FM JUL 1     7    CLOUDY (SCALE 8-10)  1
DPTR FM NORMAL    -5

[CDD (BASE 65) ]
TOTAL THIS MO.   328
DPTR FM NORMAL    49    [PRESSURE DATA]
TOTAL FM JAN 1   998    HIGHEST SLP M ON M
DPTR FM NORMAL   165    LOWEST  SLP 29.76 ON M

[REMARKS]
#FINAL-08-13#
