000
CXUS53 KGLD 011841
CF6GLD
PRELIMINARY LOCAL CLIMATOLOGICAL DATA (WS FORM: F-6)

                                          STATION:   GOODLAND KS
                                          MONTH:     JULY
                                          YEAR:      2013
                                          LATITUDE:   39 22 N
                                          LONGITUDE: 101 42 W

  TEMPERATURE IN F:       :PCPN:    SNOW:  WIND      :SUNSHINE: SKY     :PK WND
================================================================================
1   2   3   4   5  6A  6B    7    8   9   10  11  12  13   14  15   16   17  18
                                     12Z  AVG MX 2MIN
DY MAX MIN AVG DEP HDD CDD  WTR  SNW DPTH SPD SPD DIR MIN PSBL S-S WX    SPD DR
================================================================================

 1  81  54  68  -6   0   3 0.00  0.0    0  6.9 18  70   M    M   3        21  50
 2  82  48  65 -10   0   0 0.00  0.0    0  6.5 14 150   M    M   1        20 130
 3  87  51  69  -6   0   4 0.00  0.0    0 12.3 23 180   M    M   1        29 160
 4  92  58  75   0   0  10    T  0.0    0 11.4 21 170   M    M   0        26 170
 5 100  63  82   7   0  17 0.00  0.0    0 13.8 29 170   M    M   0        35 160
 6  99  64  82   7   0  17 0.00  0.0    0  7.3 22 230   M    M   1        30 240
 7 100  68  84   9   0  19 0.01  0.0    0 10.9 28 150   M    M   1        36 150
 8 100  63  82   6   0  17 0.00  0.0    0  9.5 32 200   M    M   0        43 200
 9 101  69  85   9   0  20 0.01  0.0    0  7.9 17 160   M    M   0 3      26  40
10  91  66  79   3   0  14    T  0.0    0 12.7 25 210   M    M   0 3      32 190
11  94  58  76   0   0  11 0.00  0.0    0 12.4 26 180   M    M   0        35 180
12 102  69  86  10   0  21 0.00  0.0    0 15.5 26 170   M    M   0        33 170
13 100  64  82   6   0  17    T  0.0    0  7.8 25 310   M    M   1        31 300
14  83  65  74  -2   0   9    T  0.0    0  7.5 17 300   M    M   4 3      23 310
15  85  55  70  -6   0   5 0.00  0.0    0  9.0 22 160   M    M   4 12     28 130
16  81  59  70  -6   0   5 0.00  0.0    0 15.3 26 160   M    M   4        35 130
17  86  60  73  -3   0   8 0.00  0.0    0 17.8 28 170   M    M   4        36 170
18  91  64  78   2   0  13 0.00  0.0    0 17.4 30 180   M    M   0        40 170
19  95  64  80   4   0  15 0.14  0.0    0 10.7 35 360   M    M   1 3      44 360
20  86  61  74  -2   0   9 0.00  0.0    0  7.1 23  50   M    M   1        29  50
21  88  59  74  -2   0   9 0.00  0.0    0  9.6 23  60   M    M   2        29  80
22  97  68  83   7   0  18 0.00  0.0    0 14.8 25 120   M    M   2 1      33 120
23  91  60  76   0   0  11 0.00  0.0    0 12.0 23  90   M    M   1        30  20
24  88  57  73  -3   0   8 0.05  0.0    0  7.6 24 360   M    M   3 138    29 360
25  85  59  72  -4   0   7 0.00  0.0    0  9.3 23  40   M    M   2 13     29  30
26  85  58  72  -4   0   7 0.00  0.0    0  7.5 15  50   M    M   0 1      21  60
27  76  55  66 -10   0   1 0.12  0.0    0 14.9 28  90   M    M   5 13     36  70
28  62  53  58 -18   7   0 0.11  0.0    0  9.4 17 120   M    M  10 12     20 120
29  79  62  71  -5   0   6 0.01  0.0    0  5.8 15  60   M    M   8 1      18  70
30  88  62  75  -1   0  10 0.00  0.0    0  7.0 24  70   M    M   3 1238   31  60
31  93  63  78   2   0  13    T  0.0    0 11.0 28 150   M    M   2 1      35 150
================================================================================
SM 2768 1879         7 324  0.45     0.0 328.6          M       64
================================================================================
AV 89.3 60.6                              10.6 FASTST   M    M   2    MAX(MPH)
                                 MISC ---->  # 35 360               # 44  360
================================================================================
NOTES:
# LAST OF SEVERAL OCCURRENCES

COLUMN 17 PEAK WIND IN M.P.H.

PRELIMINARY LOCAL CLIMATOLOGICAL DATA (WS FORM: F-6) , PAGE 2

                                          STATION:  GOODLAND KS
                                          MONTH:    JULY
                                          YEAR:     2013
                                          LATITUDE:   39 22 N
                                          LONGITUDE: 101 42 W

[TEMPERATURE DATA]      [PRECIPITATION DATA]       SYMBOLS USED IN COLUMN 16

AVERAGE MONTHLY: 75.0   TOTAL FOR MONTH:   0.45    1 = FOG OR MIST
DPTR FM NORMAL:  -0.7   DPTR FM NORMAL:   -3.02    2 = FOG REDUCING VISIBILITY
HIGHEST:   102 ON 12    GRTST 24HR  0.21 ON 27-28      TO 1/4 MILE OR LESS
LOWEST:     48 ON  2                               3 = THUNDER
                        SNOW, ICE PELLETS, HAIL    4 = ICE PELLETS
                        TOTAL MONTH:   0.0 INCH    5 = HAIL
                        GRTST 24HR     0.0         6 = FREEZING RAIN OR DRIZZLE
                        GRTST DEPTH:   0           7 = DUSTSTORM OR SANDSTORM:
                                                       VSBY 1/2 MILE OR LESS
                                                   8 = SMOKE OR HAZE
[NO. OF DAYS WITH]      [WEATHER - DAYS WITH]      9 = BLOWING SNOW
                                                   X = TORNADO
MAX 32 OR BELOW:   0    0.01 INCH OR MORE:   7
MAX 90 OR ABOVE:  15    0.10 INCH OR MORE:   3
MIN 32 OR BELOW:   0    0.50 INCH OR MORE:   0
MIN  0 OR BELOW:   0    1.00 INCH OR MORE:   0

[HDD (BASE 65) ]
TOTAL THIS MO.     7    CLEAR  (SCALE 0-3)  23
DPTR FM NORMAL     3    PTCLDY (SCALE 4-7)   7
TOTAL FM JUL 1     7    CLOUDY (SCALE 8-10)  1
DPTR FM NORMAL     3

[CDD (BASE 65) ]
TOTAL THIS MO.   324
DPTR FM NORMAL   -10    [PRESSURE DATA]
TOTAL FM JAN 1   670    HIGHEST SLP 30.27 ON 17
DPTR FM NORMAL   116    LOWEST  SLP 29.59 ON  5

[REMARKS]
#FINAL-07-13#
