000
CXUS53 KGLD 010800
CF6GLD
PRELIMINARY LOCAL CLIMATOLOGICAL DATA (WS FORM: F-6)

                                          STATION:   GOODLAND KS
                                          MONTH:     FEBRUARY
                                          YEAR:      2013
                                          LATITUDE:   39 22 N
                                          LONGITUDE: 101 42 W

  TEMPERATURE IN F:       :PCPN:    SNOW:  WIND      :SUNSHINE: SKY     :PK WND
================================================================================
1   2   3   4   5  6A  6B    7    8   9   10  11  12  13   14  15   16   17  18
                                     12Z  AVG MX 2MIN
DY MAX MIN AVG DEP HDD CDD  WTR  SNW DPTH SPD SPD DIR MIN PSBL S-S WX    SPD DR
================================================================================

 1  55  15  35   5  30   0 0.00  0.0    0 11.4 24 350   M    M   2 1      31 340
 2  54  21  38   8  27   0 0.00  0.0    0  9.9 17 310   M    M   0        22 320
 3  52  17  35   5  30   0 0.00  0.0    0 10.2 24 180   M    M   0        30 190
 4  58  19  39   9  26   0 0.00  0.0    0  9.9 18 230   M    M   0        24 230
 5  57  21  39   9  26   0 0.00  0.0    0  8.4 18 350   M    M   0 8      23 200
 6  63  28  46  16  19   0 0.00  0.0    0 11.6 24 350   M    M   2 8      29 350
 7  53  25  39   8  26   0 0.00  0.0    0 11.8 23 340   M    M   2        28 360
 8  56  22  39   8  26   0 0.00  0.0    0 24.5 41 180   M    M   0        49 170
 9  58  28  43  12  22   0 0.05  0.7    0 21.7 44 290   M    M   3 18     58 290
10  40  18  29  -2  36   0 0.02  0.3    1 26.2 44 320   M    M   6 18     54 320
11  36  11  24  -7  41   0 0.00  0.0    0  8.1 16 320   M    M   2        20 330
12  45  14  30  -2  35   0 0.00  0.0    0 11.0 28 330   M    M   2        33 320
13  53  17  35   3  30   0 0.00  0.0    0 13.9 36 340   M    M   0        41 330
14  37  13  25  -7  40   0 0.05  0.2    0 11.7 30 350   M    M   5 1      36 350
15  37  10  24  -8  41   0    T    T    0 10.1 29 340   M    M   5        35 340
16  59  19  39   7  26   0 0.00  0.0    0 14.9 29 320   M    M   1        35 330
17  65  24  45  12  20   0 0.00  0.0    0 13.1 40 350   M    M   0        47 350
18  46  17  32  -1  33   0 0.00  0.0    0 20.3 35 340   M    M   3        44 360
19  44   8  26  -7  39   0 0.00  0.0    0 14.2 28 160   M    M   0        33 150
20  26  21  24 -10  41   0 0.13  3.3    0 21.2 31 130   M    M   8 1269   38 130
21  21   7  14 -20  51   0 0.49  7.4    7 13.8 25 120   M    M  10 128    32 120
22  31  -1  15 -19  50   0 0.00  0.0   10  7.5 14 250   M    M   0 18     15 250
23  36  16  26  -8  39   0 0.00  0.0    6 10.8 15 220   M    M   0 12     18 220
24  30  24  27  -8  38   0 0.04  0.6    4 14.2 26  20   M    M  10 128    32  20
25  33  14  24 -11  41   0    T    T    4 14.6 24 350   M    M   4 1      30 340
26  35   6  21 -14  44   0 0.00  0.0    4  9.2 16 350   M    M   0        18 350
27  36  19  28  -8  37   0 0.00  0.0    3 19.2 31 340   M    M   3        36 340
28  40  15  28  -8  37   0 0.00  0.0    3 12.1 20 320   M    M   1        23 320
================================================================================
SM 1256  468       951   0  0.78    12.5 385.5          M       69
================================================================================
AV 44.9 16.7                              13.8 FASTST   M    M   2    MAX(MPH)
                                 MISC ---->  # 44 290               # 58  290
================================================================================
NOTES:
# LAST OF SEVERAL OCCURRENCES

COLUMN 17 PEAK WIND IN M.P.H.

PRELIMINARY LOCAL CLIMATOLOGICAL DATA (WS FORM: F-6) , PAGE 2

                                          STATION:  GOODLAND KS
                                          MONTH:    FEBRUARY
                                          YEAR:     2013
                                          LATITUDE:   39 22 N
                                          LONGITUDE: 101 42 W

[TEMPERATURE DATA]      [PRECIPITATION DATA]       SYMBOLS USED IN COLUMN 16

AVERAGE MONTHLY: 30.8   TOTAL FOR MONTH:   0.78    1 = FOG OR MIST
DPTR FM NORMAL:  -1.5   DPTR FM NORMAL:    0.29    2 = FOG REDUCING VISIBILITY
HIGHEST:    65 ON 17    GRTST 24HR  0.59 ON 20-21      TO 1/4 MILE OR LESS
LOWEST:     -1 ON 22                               3 = THUNDER
                        SNOW, ICE PELLETS, HAIL    4 = ICE PELLETS
                        TOTAL MONTH:  12.5 INCHES  5 = HAIL
                        GRTST 24HR   7.4 ON   M    6 = FREEZING RAIN OR DRIZZLE
                        GRTST DEPTH:  10 ON 22     7 = DUSTSTORM OR SANDSTORM:
                                                       VSBY 1/2 MILE OR LESS
                                                   8 = SMOKE OR HAZE
[NO. OF DAYS WITH]      [WEATHER - DAYS WITH]      9 = BLOWING SNOW
                                                   X = TORNADO
MAX 32 OR BELOW:   4    0.01 INCH OR MORE:   6
MAX 90 OR ABOVE:   0    0.10 INCH OR MORE:   2
MIN 32 OR BELOW:  28    0.50 INCH OR MORE:   0
MIN  0 OR BELOW:   1    1.00 INCH OR MORE:   0

[HDD (BASE 65) ]
TOTAL THIS MO.   951    CLEAR  (SCALE 0-3)  20
DPTR FM NORMAL    37    PTCLDY (SCALE 4-7)   6
TOTAL FM JUL 1  4287    CLOUDY (SCALE 8-10)  2
DPTR FM NORMAL  -130

[CDD (BASE 65) ]
TOTAL THIS MO.     0
DPTR FM NORMAL     0    [PRESSURE DATA]
TOTAL FM JAN 1     0    HIGHEST SLP M ON M
DPTR FM NORMAL     0    LOWEST  SLP 29.37 ON  9

[REMARKS]
#FINAL-02-13#
