000
CXUS53 KGLD 010800
CF6GLD
PRELIMINARY LOCAL CLIMATOLOGICAL DATA (WS FORM: F-6)

                                          STATION:   GOODLAND KS
                                          MONTH:     APRIL
                                          YEAR:      2013
                                          LATITUDE:   39 22 N
                                          LONGITUDE: 101 42 W

  TEMPERATURE IN F:       :PCPN:    SNOW:  WIND      :SUNSHINE: SKY     :PK WND
================================================================================
1   2   3   4   5  6A  6B    7    8   9   10  11  12  13   14  15   16   17  18
                                     12Z  AVG MX 2MIN
DY MAX MIN AVG DEP HDD CDD  WTR  SNW DPTH SPD SPD DIR MIN PSBL S-S WX    SPD DR
================================================================================

 1  49  27  38  -7  27   0 0.00  0.0    0 10.0 20  50   M    M   4        26  40
 2  40  32  36  -9  29   0 0.01    T    0  9.9 18 170   M    M  10        21 170
 3  49  29  39  -6  26   0    T    T    0 11.2 25 180   M    M   4        29 170
 4  69  24  47   1  18   0 0.00  0.0    0  7.6 18 190   M    M   0        22 190
 5  75  42  59  13   6   0 0.00  0.0    0 14.4 38 330   M    M   0        46 330
 6  70  44  57  11   8   0 0.00  0.0    0 13.2 38 330   M    M   1        46 330
 7  71  39  55   9  10   0    T  0.0    0 10.4 25 200   M    M   2        33 200
 8  74  35  55   8  10   0 0.00  0.0    0 16.5 40 330   M    M   1        49 350
 9  36  14  25 -22  40   0 0.03  0.7    0   M   M   M   M    M  10 16      M  M
10  30  13  22 -25  43   0    T  0.1    1 22.7 36 330   M    M   9 1      40 340
11  51  15  33 -15  32   0 0.00  0.0    0 16.1 39 330   M    M   1        45 340
12  61  23  42  -6  23   0 0.14    T    0  8.2 32 360   M    M   6 13     39  10
13  75  27  51   3  14   0 0.00  0.0    0 14.6 31 180   M    M   2 18     39 190
14  57  32  45  -3  20   0 0.00  0.0    0 19.6 44 330   M    M   3        52 330
15  52  28  40  -9  25   0 0.00  0.0    0 11.4 24  70   M    M   5        30 140
16  45  30  38 -11  27   0 0.00  0.0    0 15.9 26 120   M    M  10        31 120
17  34  24  29 -21  36   0 0.08  1.9    0 18.3 35 360   M    M  10 16     41 360
18  34  20  27 -23  38   0 0.03  0.8    3 23.3 37 330   M    M   8 1      44 330
19  59  21  40 -10  25   0 0.00  0.0    0 15.2 29 310   M    M   1        40 320
20  60  30  45  -5  20   0 0.00  0.0    T  8.8 16 120   M    M   5        24 110
21  68  34  51   0  14   0    T  0.0    0  7.9 20 320   M    M   5        26 340
22  55  24  40 -11  25   0 0.30  6.1    0 17.9 35  20   M    M   7 1      41  10
23  32  21  27 -25  38   0 0.14  3.1    9 14.2 26  10   M    M   7 18     31  10
24  54  19  37 -15  28   0 0.00  0.0    4  9.7 20 270   M    M   0        24 290
25  69  28  49  -3  16   0 0.06  0.0    T 17.2 35 190   M    M   2        44 180
26  76  38  57   4   8   0 0.00  0.0    0 12.6 25  40   M    M   0        32  30
27  80  41  61   8   4   0 0.00  0.0    0  8.2 21 310   M    M   1        25 320
28  87  43  65  12   0   0 0.00  0.0    0 11.8 23 290   M    M   0        28 280
29  83  42  63   9   2   0 0.00  0.0    0  9.2 17 220   M    M   0        23 180
30  70  44  57   3   8   0 0.00  0.0    0 19.7 38  20   M    M   1        47  30
================================================================================
SM 1765  883       620   0  0.79    12.7 395.7          M      115
================================================================================
AV 58.8 29.4                              13.6 FASTST   M    M   4    MAX(MPH)
                                 MISC ---->  # 44 330               # 52  330
================================================================================
NOTES:
# LAST OF SEVERAL OCCURRENCES

COLUMN 17 PEAK WIND IN M.P.H.

PRELIMINARY LOCAL CLIMATOLOGICAL DATA (WS FORM: F-6) , PAGE 2

                                          STATION:  GOODLAND KS
                                          MONTH:    APRIL
                                          YEAR:     2013
                                          LATITUDE:   39 22 N
                                          LONGITUDE: 101 42 W

[TEMPERATURE DATA]      [PRECIPITATION DATA]       SYMBOLS USED IN COLUMN 16

AVERAGE MONTHLY: 44.1   TOTAL FOR MONTH:   0.79    1 = FOG OR MIST
DPTR FM NORMAL:  -5.1   DPTR FM NORMAL:   -0.80    2 = FOG REDUCING VISIBILITY
HIGHEST:    87 ON 28    GRTST 24HR  0.30 ON 22-22      TO 1/4 MILE OR LESS
LOWEST:     13 ON 10                               3 = THUNDER
                        SNOW, ICE PELLETS, HAIL    4 = ICE PELLETS
                        TOTAL MONTH:  12.7 INCHES  5 = HAIL
                        GRTST 24HR   6.1 ON   M    6 = FREEZING RAIN OR DRIZZLE
                        GRTST DEPTH:   9 ON 23     7 = DUSTSTORM OR SANDSTORM:
                                                       VSBY 1/2 MILE OR LESS
                                                   8 = SMOKE OR HAZE
[NO. OF DAYS WITH]      [WEATHER - DAYS WITH]      9 = BLOWING SNOW
                                                   X = TORNADO
MAX 32 OR BELOW:   2    0.01 INCH OR MORE:   8
MAX 90 OR ABOVE:   0    0.10 INCH OR MORE:   3
MIN 32 OR BELOW:  20    0.50 INCH OR MORE:   0
MIN  0 OR BELOW:   0    1.00 INCH OR MORE:   0

[HDD (BASE 65) ]
TOTAL THIS MO.   620    CLEAR  (SCALE 0-3)  15
DPTR FM NORMAL   140    PTCLDY (SCALE 4-7)  10
TOTAL FM JUL 1  5750    CLOUDY (SCALE 8-10)  5
DPTR FM NORMAL    95

[CDD (BASE 65) ]
TOTAL THIS MO.     0
DPTR FM NORMAL    -4    [PRESSURE DATA]
TOTAL FM JAN 1     0    HIGHEST SLP M ON M
DPTR FM NORMAL    -4    LOWEST  SLP 29.18 ON 13

[REMARKS]
#FINAL-04-13#
