000
CXUS53 KGLD 310800
CF6GLD
PRELIMINARY LOCAL CLIMATOLOGICAL DATA (WS FORM: F-6)

                                          STATION:   GOODLAND KS
                                          MONTH:     DECEMBER
                                          YEAR:      2012
                                          LATITUDE:   39 22 N
                                          LONGITUDE: 101 42 W

  TEMPERATURE IN F:       :PCPN:    SNOW:  WIND      :SUNSHINE: SKY     :PK WND
================================================================================
1   2   3   4   5  6A  6B    7    8   9   10  11  12  13   14  15   16   17  18
                                     12Z  AVG MX 2MIN
DY MAX MIN AVG DEP HDD CDD  WTR  SNW DPTH SPD SPD DIR MIN PSBL S-S WX    SPD DR
================================================================================

 1  69  38  54  22  11   0 0.00  0.0    0  9.5 20  10   M    M   0        24 360
 2  66  31  49  17  16   0 0.00  0.0    0 17.3 33 180   M    M   0        40 180
 3  58  21  40   8  25   0 0.00  0.0    0 13.2 39 350   M    M   0        45 350
 4  59  19  39   8  26   0 0.00  0.0    0  9.4 17 220   M    M   0        22 200
 5  67  30  49  18  16   0 0.00  0.0    0 11.2 23 190   M    M   0        28 190
 6  47  24  36   5  29   0 0.00  0.0    0 11.0 23  30   M    M   5        29  30
 7  51  23  37   6  28   0 0.00  0.0    0  7.7 22 360   M    M   3        26  20
 8  50  18  34   4  31   0 0.00  0.0    0 12.8 32 340   M    M   3        40 340
 9  33   0  17 -13  48   0 0.00  0.0    0 20.7 36 350   M    M   4        44 350
10  42   0  21  -9  44   0 0.00  0.0    0 10.7 20 250   M    M   3        23 330
11  43  13  28  -2  37   0 0.00  0.0    0 11.9 21 230   M    M   1        25 250
12  61  18  40  10  25   0 0.00  0.0    0 12.6 21 180   M    M   0        25 180
13  58  16  37   7  28   0 0.00  0.0    0  6.7 17 110   M    M   0        21 120
14  47  16  32   2  33   0 0.06  0.0    0  7.1 20 310   M    M   5 12     24 310
15  50  26  38   9  27   0 0.01  0.0    0 10.0 24 320   M    M   5 1      28 310
16  39  22  31   2  34   0    T  0.0    0  5.5 13 240   M    M   6 12     14 260
17  56  15  36   7  29   0 0.00  0.0    0 11.1 21 230   M    M   2        25 230
18  51  19  35   6  30   0 0.00  0.0    0 10.5 26 340   M    M   0        33 330
19  32  13  23  -6  42   0 0.28  4.2    0 19.9 43 360   M    M   5 1289   55 350
20  37   3  20  -9  45   0 0.00  0.0    4 12.0 22 300   M    M   0        25 300
21  48  14  31   2  34   0 0.00  0.0    3  8.6 15 200   M    M   0        20 210
22  49  17  33   4  32   0 0.00  0.0    2  7.2 15 330   M    M   0        16 350
23  42   9  26  -3  39   0 0.00  0.0    1  5.5 13 280   M    M   0        18 320
24  27   9  18 -11  47   0    T    T    T 11.0 20 120   M    M   4        25 120
25  12  -9   2 -27  63   0 0.15  4.2    1 11.4 21  10   M    M   8 18     24  20
26  17 -10   4 -25  61   0    T    T    4 12.5 23 150   M    M   4 1      29 150
27  19   3  11 -18  54   0    T    T    3  8.1 17 330   M    M   6 18     21 330
28  27   1  14 -15  51   0 0.00  0.0    2 11.6 17 290   M    M   0        22 320
29  38  10  24  -5  41   0 0.00  0.0    1 12.3 21 170   M    M   0        25 180
30  34  17  26  -3  39   0 0.00  0.0    T  8.3 21 180   M    M   1        33 230
================================================================================
SM 1329  426      1065   0  0.50     8.4 327.3          M       65
================================================================================
AV 44.3 14.2                              10.9 FASTST   M    M   2    MAX(MPH)
                                 MISC ---->  # 43 360               # 55  350
================================================================================
NOTES:
# LAST OF SEVERAL OCCURRENCES

COLUMN 17 PEAK WIND IN M.P.H.

PRELIMINARY LOCAL CLIMATOLOGICAL DATA (WS FORM: F-6) , PAGE 2

                                          STATION:  GOODLAND KS
                                          MONTH:    DECEMBER
                                          YEAR:     2012
                                          LATITUDE:   39 22 N
                                          LONGITUDE: 101 42 W

[TEMPERATURE DATA]      [PRECIPITATION DATA]       SYMBOLS USED IN COLUMN 16

AVERAGE MONTHLY: 29.2   TOTAL FOR MONTH:   0.50    1 = FOG OR MIST
DPTR FM NORMAL:  -0.5   DPTR FM NORMAL:    0.05    2 = FOG REDUCING VISIBILITY
HIGHEST:    69 ON  1    GRTST 24HR  0.28 ON 19-19      TO 1/4 MILE OR LESS
LOWEST:    -10 ON 26                               3 = THUNDER
                        SNOW, ICE PELLETS, HAIL    4 = ICE PELLETS
                        TOTAL MONTH:   8.4 INCHES  5 = HAIL
                        GRTST 24HR   4.2 ON   M    6 = FREEZING RAIN OR DRIZZLE
                        GRTST DEPTH:   4 ON 26,20  7 = DUSTSTORM OR SANDSTORM:
                                                       VSBY 1/2 MILE OR LESS
                                                   8 = SMOKE OR HAZE
[NO. OF DAYS WITH]      [WEATHER - DAYS WITH]      9 = BLOWING SNOW
                                                   X = TORNADO
MAX 32 OR BELOW:   6    0.01 INCH OR MORE:   4
MAX 90 OR ABOVE:   0    0.10 INCH OR MORE:   2
MIN 32 OR BELOW:  29    0.50 INCH OR MORE:   0
MIN  0 OR BELOW:   4    1.00 INCH OR MORE:   0

[HDD (BASE 65) ]
TOTAL THIS MO.  1065    CLEAR  (SCALE 0-3)  18
DPTR FM NORMAL     9    PTCLDY (SCALE 4-7)  12
TOTAL FM JUL 1  2221    CLOUDY (SCALE 8-10)  0
DPTR FM NORMAL  -154

[CDD (BASE 65) ]
TOTAL THIS MO.     0
DPTR FM NORMAL     0    [PRESSURE DATA]
TOTAL FM JAN 1  1338    HIGHEST SLP M ON M
DPTR FM NORMAL   397    LOWEST  SLP 29.45 ON 14

[REMARKS]
