000
CXUS53 KGLD 010800
CF6GLD
PRELIMINARY LOCAL CLIMATOLOGICAL DATA (WS FORM: F-6)

                                          STATION:   GOODLAND KS
                                          MONTH:     MARCH
                                          YEAR:      2013
                                          LATITUDE:   39 22 N
                                          LONGITUDE: 101 42 W

  TEMPERATURE IN F:       :PCPN:    SNOW:  WIND      :SUNSHINE: SKY     :PK WND
================================================================================
1   2   3   4   5  6A  6B    7    8   9   10  11  12  13   14  15   16   17  18
                                     12Z  AVG MX 2MIN
DY MAX MIN AVG DEP HDD CDD  WTR  SNW DPTH SPD SPD DIR MIN PSBL S-S WX    SPD DR
================================================================================

 1  42  20  31  -5  34   0 0.00  0.0    3 11.5 24 340   M    M   3        31 340
 2  59  30  45   9  20   0 0.00  0.0    2 11.0 20 350   M    M   3        25 320
 3  67  33  50  13  15   0 0.00  0.0    0  8.5 17 360   M    M   0        22 360
 4  45  20  33  -4  32   0 0.04  0.8    0 16.6 28 350   M    M   5 1      33  10
 5  41  14  28  -9  37   0 0.00  0.0    1 12.2 23 320   M    M   0        28 340
 6  60  19  40   2  25   0 0.00  0.0    0 17.9 25 160   M    M   0        31 150
 7  58  21  40   2  25   0 0.00  0.0    0  8.1 21 170   M    M   0        24 170
 8  62  26  44   6  21   0 0.00  0.0    0  8.5 25 150   M    M   2 1      30 150
 9  50  27  39   0  26   0 0.16  3.8    0 22.3 46 360   M    M   8 129    56 350
10  29  15  22 -17  43   0 0.01  0.1    4 21.4 37 360   M    M   2 189    45 360
11  52  16  34  -5  31   0    T    T    3 12.1 25  10   M    M   3        32  10
12  47  25  36  -4  29   0 0.00  0.0    T 11.2 24 330   M    M   3        29 330
13  67  27  47   7  18   0 0.00  0.0    0 11.0 23 330   M    M   0        28 330
14  74  35  55  15  10   0 0.00  0.0    0  9.2 17 240   M    M   0        22 240
15  80  45  63  23   2   0 0.00  0.0    0 11.1 25 310   M    M   0        33 290
16  47  28  38  -3  27   0 0.00  0.0    0 10.2 28 170   M    M   6        32 170
17  55  24  40  -1  25   0 0.01  0.0    0 18.3 35 160   M    M   2        41 160
18  53  19  36  -5  29   0 0.00  0.0    0 12.1 26 340   M    M   4        37 330
19  51  19  35  -7  30   0 0.00  0.0    0 11.2 22 340   M    M   1        30 330
20  51  12  32 -10  33   0 0.00  0.0    0 15.1 30 180   M    M   1        38 170
21  49  19  34  -8  31   0 0.11  0.1    0  9.4 20 120   M    M   5 1      25  20
22  51  28  40  -2  25   0 0.38  4.0    0 10.4 25  80   M    M   6 1      30  80
23  31  12  22 -20  43   0 0.63 11.0   12 20.2 35 360   M    M  10 129    41  10
24  27   2  15 -28  50   0    T    T   13 11.6 18 330   M    M   2 1      22 330
25  25   1  13 -30  52   0 0.00  0.0   10 11.9 20 320   M    M   0        22 310
26  40   8  24 -19  41   0 0.00  0.0    6  9.9 21 180   M    M   2        24 190
27  48  20  34 -10  31   0 0.00  0.0    4  5.4 14 110   M    M   0        16 100
28  61  27  44   0  21   0 0.00  0.0    2  9.1 16 170   M    M   1        18 170
29  70  37  54  10  11   0    T  0.0    0 11.2 22 160   M    M   2        25 160
30  67  38  53   9  12   0 0.11  0.0    0 10.9 28  10   M    M   2        35  10
31  68  33  51   7  14   0 0.00  0.0    0 10.0 21  50   M    M   0         M  M
================================================================================
SM 1627  700       843   0  1.45    19.8 379.5          M       73
================================================================================
AV 52.5 22.6                              12.2 FASTST   M    M   2    MAX(MPH)
                                 MISC ---->  # 46 360               # 56  350
================================================================================
NOTES:
# LAST OF SEVERAL OCCURRENCES

COLUMN 17 PEAK WIND IN M.P.H.

PRELIMINARY LOCAL CLIMATOLOGICAL DATA (WS FORM: F-6) , PAGE 2

                                          STATION:  GOODLAND KS
                                          MONTH:    MARCH
                                          YEAR:     2013
                                          LATITUDE:   39 22 N
                                          LONGITUDE: 101 42 W

[TEMPERATURE DATA]      [PRECIPITATION DATA]       SYMBOLS USED IN COLUMN 16

AVERAGE MONTHLY: 37.5   TOTAL FOR MONTH:   1.45    1 = FOG OR MIST
DPTR FM NORMAL:  -3.0   DPTR FM NORMAL:    0.38    2 = FOG REDUCING VISIBILITY
HIGHEST:    80 ON 15    GRTST 24HR  0.63 ON 23-23      TO 1/4 MILE OR LESS
LOWEST:      1 ON 25                               3 = THUNDER
                        SNOW, ICE PELLETS, HAIL    4 = ICE PELLETS
                        TOTAL MONTH:  19.8 INCHES  5 = HAIL
                        GRTST 24HR  11.0 ON 23-23  6 = FREEZING RAIN OR DRIZZLE
                        GRTST DEPTH:  13 ON 24     7 = DUSTSTORM OR SANDSTORM:
                                                       VSBY 1/2 MILE OR LESS
                                                   8 = SMOKE OR HAZE
[NO. OF DAYS WITH]      [WEATHER - DAYS WITH]      9 = BLOWING SNOW
                                                   X = TORNADO
MAX 32 OR BELOW:   4    0.01 INCH OR MORE:   8
MAX 90 OR ABOVE:   0    0.10 INCH OR MORE:   5
MIN 32 OR BELOW:  25    0.50 INCH OR MORE:   1
MIN  0 OR BELOW:   0    1.00 INCH OR MORE:   0

[HDD (BASE 65) ]
TOTAL THIS MO.   843    CLEAR  (SCALE 0-3)  23
DPTR FM NORMAL    85    PTCLDY (SCALE 4-7)   6
TOTAL FM JUL 1  5130    CLOUDY (SCALE 8-10)  2
DPTR FM NORMAL   -45

[CDD (BASE 65) ]
TOTAL THIS MO.     0
DPTR FM NORMAL     0    [PRESSURE DATA]
TOTAL FM JAN 1     0    HIGHEST SLP M ON M
DPTR FM NORMAL     0    LOWEST  SLP 29.52 ON  9

[REMARKS]
#FINAL-03-13#
