000
CXUS53 KGLD 010800
CF6GLD
PRELIMINARY LOCAL CLIMATOLOGICAL DATA (WS FORM: F-6)

                                          STATION:   GOODLAND KS
                                          MONTH:     NOVEMBER
                                          YEAR:      2012
                                          LATITUDE:   39 22 N
                                          LONGITUDE: 101 42 W

  TEMPERATURE IN F:       :PCPN:    SNOW:  WIND      :SUNSHINE: SKY     :PK WND
================================================================================
1   2   3   4   5  6A  6B    7    8   9   10  11  12  13   14  15   16   17  18
                                     12Z  AVG MX 2MIN
DY MAX MIN AVG DEP HDD CDD  WTR  SNW DPTH SPD SPD DIR MIN PSBL S-S WX    SPD DR
================================================================================

 1  78  40  59  13   6   0 0.00  0.0    0 10.8 21 170   M    M   0 8      24 170
 2  68  31  50   5  15   0 0.00  0.0    0 13.2 30 350   M    M   0 8      37 340
 3  65  27  46   1  19   0 0.00  0.0    0  9.9 18 210   M    M   0        24 210
 4  70  34  52   8  13   0 0.00  0.0    0 12.8 26 330   M    M   2        32 340
 5  63  39  51   7  14   0 0.00  0.0    0  8.8 14 270   M    M   3        18 360
 6  65  33  49   5  16   0 0.00  0.0    0  7.8 17 340   M    M   0        21 330
 7  75  30  53  10  12   0 0.00  0.0    0  9.4 20 160   M    M   0        23 160
 8  66  29  48   5  17   0 0.00  0.0    0  9.0 25 350   M    M   0        30 350
 9  64  25  45   3  20   0 0.00  0.0    0  8.1 17 160   M    M   0        21 150
10  74  26  50   8  15   0    T  0.0    0 19.7 43 220   M    M   4 38     55 220
11  36  11  24 -17  41   0    T    T    0 11.5 24 340   M    M   3        31 340
12  50  13  32  -9  33   0 0.00  0.0    0 10.2 20 320   M    M   0        26 320
13  53  22  38  -2  27   0 0.00  0.0    0  4.1 13 200   M    M   1        16 200
14  61  21  41   1  24   0 0.00  0.0    0  9.4 21 180   M    M   0        24 180
15  57  22  40   1  25   0 0.00  0.0    0 10.0 20  10   M    M   0        24 360
16  58  24  41   2  24   0 0.00  0.0    0 15.2 26 170   M    M   0        32 160
17  66  28  47   9  18   0 0.00  0.0    0 10.0 22 180   M    M   0        25 190
18  62  21  42   4  23   0 0.00  0.0    0  6.6 13 190   M    M   0        16 350
19  69  28  49  12  16   0 0.00  0.0    0  6.9 17 330   M    M   0        22 350
20  69  29  49  12  16   0 0.00  0.0    0 12.9 24 190   M    M   0        31 210
21  75  31  53  17  12   0 0.00  0.0    0  8.6 17 220   M    M   0        20 220
22  60  22  41   5  24   0 0.00  0.0    0 15.1 33 350   M    M   0        44 360
23  51  22  37   2  28   0 0.00  0.0    0 10.3 16 210   M    M   0        21 210
24  76  31  54  19  11   0 0.00  0.0    0  9.8 18 240   M    M   0        22 240
25  56  22  39   4  26   0 0.00  0.0    0  8.9 18 160   M    M   0        22 150
26  38  19  29  -5  36   0 0.00  0.0    0  8.5 17  20   M    M   5        20 200
27  66  18  42   8  23   0 0.00  0.0    0  9.6 18 220   M    M   0        24 220
28  59  12  36   3  29   0 0.00  0.0    0  8.9 13 240   M    M   0        15 240
29  69  24  47  14  18   0 0.00  0.0    0  7.7 14 300   M    M   0        17 300
30  65  23  44  11  21   0 0.00  0.0    0 10.9 24 170   M    M   0        28 170
================================================================================
SM 1884  757       622   0    T     T    304.6          M       18
================================================================================
AV 62.8 25.2                              10.2 FASTST   M    M   1    MAX(MPH)
                                 MISC ---->  # 43 220               # 55  220
================================================================================
NOTES:
# LAST OF SEVERAL OCCURRENCES

COLUMN 17 PEAK WIND IN M.P.H.

PRELIMINARY LOCAL CLIMATOLOGICAL DATA (WS FORM: F-6) , PAGE 2

                                          STATION:  GOODLAND KS
                                          MONTH:    NOVEMBER
                                          YEAR:     2012
                                          LATITUDE:   39 22 N
                                          LONGITUDE: 101 42 W

[TEMPERATURE DATA]      [PRECIPITATION DATA]       SYMBOLS USED IN COLUMN 16

AVERAGE MONTHLY: 44.0   TOTAL FOR MONTH:      T    1 = FOG OR MIST
DPTR FM NORMAL:   5.0   DPTR FM NORMAL:   -0.71    2 = FOG REDUCING VISIBILITY
HIGHEST:    78 ON  1    GRTST 24HR    T  ON 11-11      TO 1/4 MILE OR LESS
LOWEST:     11 ON 11                               3 = THUNDER
                        SNOW, ICE PELLETS, HAIL    4 = ICE PELLETS
                        TOTAL MONTH:    T          5 = HAIL
                        GRTST 24HR    T  ON 11-11  6 = FREEZING RAIN OR DRIZZLE
                        GRTST DEPTH:   0           7 = DUSTSTORM OR SANDSTORM:
                                                       VSBY 1/2 MILE OR LESS
                                                   8 = SMOKE OR HAZE
[NO. OF DAYS WITH]      [WEATHER - DAYS WITH]      9 = BLOWING SNOW
                                                   X = TORNADO
MAX 32 OR BELOW:   0    0.01 INCH OR MORE:   0
MAX 90 OR ABOVE:   0    0.10 INCH OR MORE:   0
MIN 32 OR BELOW:  26    0.50 INCH OR MORE:   0
MIN  0 OR BELOW:   0    1.00 INCH OR MORE:   0

[HDD (BASE 65) ]
TOTAL THIS MO.   622    CLEAR  (SCALE 0-3)  27
DPTR FM NORMAL  -157    PTCLDY (SCALE 4-7)   3
TOTAL FM JUL 1  1156    CLOUDY (SCALE 8-10)  0
DPTR FM NORMAL  -163

[CDD (BASE 65) ]
TOTAL THIS MO.     0
DPTR FM NORMAL     0    [PRESSURE DATA]
TOTAL FM JAN 1  1338    HIGHEST SLP M ON M
DPTR FM NORMAL   397    LOWEST  SLP 29.34 ON 10

[REMARKS]
#FINAL-11-12#
