000
CXUS53 KGLD 010800
CF6GLD
PRELIMINARY LOCAL CLIMATOLOGICAL DATA (WS FORM: F-6)

                                          STATION:   GOODLAND KS
                                          MONTH:     OCTOBER
                                          YEAR:      2012
                                          LATITUDE:   39 22 N
                                          LONGITUDE: 101 42 W

  TEMPERATURE IN F:       :PCPN:    SNOW:  WIND      :SUNSHINE: SKY     :PK WND
================================================================================
1   2   3   4   5  6A  6B    7    8   9   10  11  12  13   14  15   16   17  18
                                     12Z  AVG MX 2MIN
DY MAX MIN AVG DEP HDD CDD  WTR  SNW DPTH SPD SPD DIR MIN PSBL S-S WX    SPD DR
================================================================================

 1  70  35  53  -5  12   0    T  0.0    0 13.7 29 350   M    M   2        35  20
 2  81  33  57   0   8   0 0.00  0.0    0 10.7 18 210   M    M   0        24 200
 3  90  43  67  10   0   2 0.00  0.0    0 12.5 37  10   M    M   0        46  10
 4  56  31  44 -12  21   0 0.00  0.0    0 11.2 25 350   M    M   1        33 350
 5  37  30  34 -22  31   0 0.08  0.5    0  6.6 21 110   M    M   8 12     24 110
 6  36  32  34 -22  31   0 0.16    T    0  6.0 16 120   M    M  10 1      21  90
 7  55  27  41 -14  24   0 0.00  0.0    0  7.4 17 210   M    M   6        35 250
 8  73  37  55   0  10   0 0.00  0.0    0 10.3 20 250   M    M   0        23 260
 9  57  30  44 -10  21   0 0.00  0.0    0 11.5 24  10   M    M   2        31  10
10  65  28  47  -7  18   0 0.00  0.0    0 13.0 28 180   M    M   0        37 180
11  65  36  51  -3  14   0 0.00  0.0    0 11.1 22  10   M    M   0        29 350
12  58  31  45  -8  20   0    T  0.0    0 13.1 30 170   M    M   5        36 180
13  73  39  56   3   9   0 0.09  0.0    0 12.8 32 330   M    M   3 123    39 330
14  73  44  59   7   6   0 0.00  0.0    0 13.7 25 320   M    M   0        31 330
15  79  46  63  11   2   0 0.00  0.0    0  9.2 14 230   M    M   0        20 190
16  78  43  61   9   4   0 0.00  0.0    0  8.6 37 330   M    M   0        45 340
17  63  29  46  -6  19   0 0.00  0.0    0 19.6 38 330   M    M   2        46 310
18  59  35  47  -4  18   0 0.00  0.0    0 24.0 47 330   M    M   2 8      61 320
19  73  35  54   3  11   0 0.00  0.0    0 11.5 20 310   M    M   0        25 290
20  84  43  64  14   1   0 0.00  0.0    0 12.0 17 200   M    M   0        23 210
21  73  40  57   7   8   0 0.00  0.0    0 11.7 23 360   M    M   0        28 350
22  64  36  50   0  15   0 0.00  0.0    0  9.9 21 160   M    M   4 128    25 160
23  86  40  63  14   2   0 0.00  0.0    0  9.0 28 240   M    M   3 12     38 230
24  53  32  43  -6  22   0 0.08    T    0 14.0 33 360   M    M  10 12     40  10
25  45  28  37 -12  28   0    T    T    T 13.7 29 350   M    M   4 1      39 350
26  40  22  31 -17  34   0    T    T    0  5.0 13 190   M    M   5        16 190
27  51  20  36 -12  29   0 0.00  0.0    0  8.6 22 190   M    M   2        26 180
28  64  36  50   3  15   0 0.00  0.0    0 12.1 26 200   M    M   6        33 200
29  75  35  55   8  10   0 0.00  0.0    0  8.4 15 280   M    M   0        21 250
30  75  41  58  11   7   0 0.00  0.0    0 11.2 20 360   M    M   0        24 340
31  76  38  57  11   8   0 0.00  0.0    0  7.6 17 330   M    M   0        22 330
================================================================================
SM 2027 1075       458   2  0.41     0.5 349.7          M       75
================================================================================
AV 65.4 34.7                              11.3 FASTST   M    M   2    MAX(MPH)
                                 MISC ---->  # 47 330               # 61  320
================================================================================
NOTES:
# LAST OF SEVERAL OCCURRENCES

COLUMN 17 PEAK WIND IN M.P.H.

PRELIMINARY LOCAL CLIMATOLOGICAL DATA (WS FORM: F-6) , PAGE 2

                                          STATION:  GOODLAND KS
                                          MONTH:    OCTOBER
                                          YEAR:     2012
                                          LATITUDE:   39 22 N
                                          LONGITUDE: 101 42 W

[TEMPERATURE DATA]      [PRECIPITATION DATA]       SYMBOLS USED IN COLUMN 16

AVERAGE MONTHLY: 50.0   TOTAL FOR MONTH:   0.41    1 = FOG OR MIST
DPTR FM NORMAL:  -1.9   DPTR FM NORMAL:   -0.96    2 = FOG REDUCING VISIBILITY
HIGHEST:    90 ON  3    GRTST 24HR  0.16 ON  6- 6      TO 1/4 MILE OR LESS
LOWEST:     20 ON 27                               3 = THUNDER
                        SNOW, ICE PELLETS, HAIL    4 = ICE PELLETS
                        TOTAL MONTH:   0.5 INCH    5 = HAIL
                        GRTST 24HR   0.5 ON  5- 5  6 = FREEZING RAIN OR DRIZZLE
                        GRTST DEPTH:   T           7 = DUSTSTORM OR SANDSTORM:
                                                       VSBY 1/2 MILE OR LESS
                                                   8 = SMOKE OR HAZE
[NO. OF DAYS WITH]      [WEATHER - DAYS WITH]      9 = BLOWING SNOW
                                                   X = TORNADO
MAX 32 OR BELOW:   0    0.01 INCH OR MORE:   4
MAX 90 OR ABOVE:   1    0.10 INCH OR MORE:   1
MIN 32 OR BELOW:  12    0.50 INCH OR MORE:   0
MIN  0 OR BELOW:   0    1.00 INCH OR MORE:   0

[HDD (BASE 65) ]
TOTAL THIS MO.   458    CLEAR  (SCALE 0-3)  21
DPTR FM NORMAL    42    PTCLDY (SCALE 4-7)   7
TOTAL FM JUL 1   534    CLOUDY (SCALE 8-10)  3
DPTR FM NORMAL    -6

[CDD (BASE 65) ]
TOTAL THIS MO.     2
DPTR FM NORMAL    -6    [PRESSURE DATA]
TOTAL FM JAN 1  1338    HIGHEST SLP M ON M
DPTR FM NORMAL   397    LOWEST  SLP 29.41 ON 16

[REMARKS]
#FINAL-10-12#
