000
CXUS53 KGLD 010800
CF6GLD
PRELIMINARY LOCAL CLIMATOLOGICAL DATA (WS FORM: F-6)

                                          STATION:   GOODLAND KS
                                          MONTH:     JANUARY
                                          YEAR:      2013
                                          LATITUDE:   39 22 N
                                          LONGITUDE: 101 42 W

  TEMPERATURE IN F:       :PCPN:    SNOW:  WIND      :SUNSHINE: SKY     :PK WND
================================================================================
1   2   3   4   5  6A  6B    7    8   9   10  11  12  13   14  15   16   17  18
                                     12Z  AVG MX 2MIN
DY MAX MIN AVG DEP HDD CDD  WTR  SNW DPTH SPD SPD DIR MIN PSBL S-S WX    SPD DR
================================================================================

 1  26   6  16 -14  49   0    T  0.1    1  8.5 23 220   M    M   2 1      24 220
 2  32  12  22  -8  43   0 0.01  0.2    1 14.9 25 330   M    M   3 1      30 320
 3  30   8  19 -11  46   0    T    T    1  8.7 15 330   M    M   3        18 320
 4  41  11  26  -4  39   0 0.00  0.0    1  8.5 15 250   M    M   0        17 250
 5  41  12  27  -3  38   0 0.00  0.0    1 12.5 22 320   M    M   0        28 330
 6  47  15  31   1  34   0 0.00  0.0    1 16.0 26 190   M    M   0        31 190
 7  48  20  34   4  31   0 0.00  0.0    T  6.5 15 240   M    M   0        18 230
 8  50  17  34   4  31   0 0.00  0.0    T  8.2 17 350   M    M   0        23 330
 9  55  20  38   8  27   0 0.00  0.0    0 12.4 21 190   M    M   0        26 190
10  42  31  37   7  28   0    T  0.0    0 14.0 29 190   M    M   7 1      33 190
11  56  14  35   5  30   0    T    T    0 18.9 38 330   M    M   6 18     49 240
12  22   3  13 -17  52   0 0.00  0.0    T 12.2 24 330   M    M   1        29 350
13  23  -2  11 -19  54   0 0.00  0.0    0  6.9 15 340   M    M   1        22 330
14  26  -3  12 -18  53   0 0.01  0.1    0  8.5 20 170   M    M   8 18     24 180
15  31  13  22  -8  43   0    T    T    T  8.5 18 300   M    M   5 1      22 300
16  52  25  39   9  26   0 0.00  0.0    0 14.3 28 330   M    M   3        33 330
17  53  23  38   8  27   0 0.00  0.0    0  9.7 20 210   M    M   0        29 220
18  62  28  45  15  20   0 0.00  0.0    0 12.2 26 330   M    M   0        32 340
19  57  20  39   9  26   0 0.00  0.0    0 10.2 22 340   M    M   0        28 350
20  47  11  29  -1  36   0 0.00  0.0    0  9.9 30 360   M    M   0        38 350
21  47   9  28  -2  37   0 0.00  0.0    0  9.3 22 230   M    M   0        28 230
22  59   9  34   4  31   0 0.00  0.0    0  7.4 15 220   M    M   0        18 220
23  59  19  39   9  26   0 0.00  0.0    0  9.2 15  80   M    M   0        18  80
24  46  15  31   1  34   0 0.00  0.0    0 10.8 23 190   M    M   4        28 190
25  55  20  38   8  27   0 0.00  0.0    0  9.1 16 220   M    M   0        20 210
26  60  23  42  12  23   0 0.04  0.0    0 10.7 21 160   M    M   3 1      25 160
27  56  30  43  13  22   0 0.00  0.0    0  8.1 15 300   M    M   4 12     20 300
28  69  29  49  19  16   0    T  0.0    0 13.6 28 350   M    M   3 1      35 340
29  32  20  26  -4  39   0 0.01  0.3    0 14.9 25 350   M    M   7 1      31 350
30  39  10  25  -5  40   0    T    T    T 14.9 29 320   M    M   4        36 300
31  38  11  25  -5  40   0    T    T    0 10.3 26 350   M    M   4        33 350
================================================================================
SM 1401  479      1068   0  0.07     0.7 339.8          M       68
================================================================================
AV 45.2 15.5                              11.0 FASTST   M    M   2    MAX(MPH)
                                 MISC ---->  # 38 330               # 49  240
================================================================================
NOTES:
# LAST OF SEVERAL OCCURRENCES

COLUMN 17 PEAK WIND IN M.P.H.

PRELIMINARY LOCAL CLIMATOLOGICAL DATA (WS FORM: F-6) , PAGE 2

                                          STATION:  GOODLAND KS
                                          MONTH:    JANUARY
                                          YEAR:     2013
                                          LATITUDE:   39 22 N
                                          LONGITUDE: 101 42 W

[TEMPERATURE DATA]      [PRECIPITATION DATA]       SYMBOLS USED IN COLUMN 16

AVERAGE MONTHLY: 30.3   TOTAL FOR MONTH:   0.07    1 = FOG OR MIST
DPTR FM NORMAL:   0.7   DPTR FM NORMAL:   -0.31    2 = FOG REDUCING VISIBILITY
HIGHEST:    69 ON 28    GRTST 24HR  0.09 ON 31- 1      TO 1/4 MILE OR LESS
LOWEST:     -3 ON 14                               3 = THUNDER
                        SNOW, ICE PELLETS, HAIL    4 = ICE PELLETS
                        TOTAL MONTH:   0.7 INCH    5 = HAIL
                        GRTST 24HR   0.3 ON   M    6 = FREEZING RAIN OR DRIZZLE
                        GRTST DEPTH:   1 ON  6, 5  7 = DUSTSTORM OR SANDSTORM:
                                                       VSBY 1/2 MILE OR LESS
                                                   8 = SMOKE OR HAZE
[NO. OF DAYS WITH]      [WEATHER - DAYS WITH]      9 = BLOWING SNOW
                                                   X = TORNADO
MAX 32 OR BELOW:   8    0.01 INCH OR MORE:   4
MAX 90 OR ABOVE:   0    0.10 INCH OR MORE:   0
MIN 32 OR BELOW:  31    0.50 INCH OR MORE:   0
MIN  0 OR BELOW:   2    1.00 INCH OR MORE:   0

[HDD (BASE 65) ]
TOTAL THIS MO.  1068    CLEAR  (SCALE 0-3)  20
DPTR FM NORMAL   -28    PTCLDY (SCALE 4-7)  10
TOTAL FM JUL 1  3336    CLOUDY (SCALE 8-10)  1
DPTR FM NORMAL  -167

[CDD (BASE 65) ]
TOTAL THIS MO.     0
DPTR FM NORMAL     0    [PRESSURE DATA]
TOTAL FM JAN 1     0    HIGHEST SLP M ON M
DPTR FM NORMAL     0    LOWEST  SLP 29.25 ON 11

[REMARKS]
#FINAL-01-13#
