000
CXUS53 KGLD 010800
CF6GLD
PRELIMINARY LOCAL CLIMATOLOGICAL DATA (WS FORM: F-6)

                                          STATION:   GOODLAND KS
                                          MONTH:     SEPTEMBER
                                          YEAR:      2012
                                          LATITUDE:   39 22 N
                                          LONGITUDE: 101 42 W

  TEMPERATURE IN F:       :PCPN:    SNOW:  WIND      :SUNSHINE: SKY     :PK WND
================================================================================
1   2   3   4   5  6A  6B    7    8   9   10  11  12  13   14  15   16   17  18
                                     12Z  AVG MX 2MIN
DY MAX MIN AVG DEP HDD CDD  WTR  SNW DPTH SPD SPD DIR MIN PSBL S-S WX    SPD DR
================================================================================

 1  97  53  75   4   0  10 0.00  0.0    0 13.1 28 170   M    M   0 8      33 170
 2  96  57  77   7   0  12 0.00  0.0    0 11.3 29 360   M    M   0        36  10
 3  86  64  75   5   0  10 0.01  0.0    0  8.1 20 180   M    M   4        23 190
 4  95  58  77   7   0  12 0.07  0.0    0  7.6 40 330   M    M   1 3      47 310
 5  85  53  69   0   0   4 0.00  0.0    0 10.4 24 360   M    M   0        30 360
 6  97  53  75   6   0  10 0.00  0.0    0  7.2 15 330   M    M   0        26 330
 7  73  48  61  -7   4   0 0.00  0.0    0 11.7 24  20   M    M   3        32  20
 8  84  43  64  -4   1   0 0.00  0.0    0  6.0 16 320   M    M   0        29 360
 9  85  39  62  -6   3   0 0.00  0.0    0 10.4 22 150   M    M   0        29 160
10  94  46  70   3   0   5 0.00  0.0    0 14.0 24 190   M    M   0        31 190
11  97  58  78  11   0  13 0.00  0.0    0  8.0 26 360   M    M   0        32 360
12  69  50  60  -6   5   0 0.22  0.0    0 16.5 29  40   M    M   4 1      40  60
13  69  49  59  -7   6   0 0.00  0.0    0  6.9 13 200   M    M   4 1      18 130
14  78  44  61  -5   4   0 0.00  0.0    0  9.2 16 170   M    M   0        20 160
15  82  46  64  -1   1   0 0.00  0.0    0  9.4 18 160   M    M   0        22 170
16  89  51  70   6   0   5 0.00  0.0    0 10.7 20 180   M    M   0        25 170
17  66  40  53 -11  12   0    T  0.0    0 12.0 23 350   M    M   2        29 350
18  83  42  63  -1   2   0 0.00  0.0    0  9.5 21 340   M    M   0        28 300
19  90  46  68   5   0   3 0.00  0.0    0 11.5 25  10   M    M   0        31  10
20  86  38  62  -1   3   0 0.00  0.0    0  9.0 24 360   M    M   0        31 360
21  85  48  67   5   0   2 0.00  0.0    0  9.3 21 340   M    M   0        29 340
22  75  43  59  -3   6   0 0.00  0.0    0  9.1 17 160   M    M   0        21 160
23  73  45  59  -2   6   0 0.00  0.0    0 13.8 21 160   M    M   0        29 170
24  86  38  62   1   3   0    T  0.0    0  4.8 17 120   M    M   1        18 120
25  77  45  61   1   4   0 0.00  0.0    0  7.8 15  80   M    M   3 8      21 340
26  77  54  66   6   0   1 0.02  0.0    0  7.2 18 110   M    M   6        24 110
27  68  53  61   2   4   0 0.12  0.0    0  7.6 15 150   M    M   9 13     18 150
28  71  51  61   2   4   0    T  0.0    0  6.4 15 120   M    M   6 12     21 110
29  71  52  62   4   3   0 0.00  0.0    0  7.3 15 170   M    M   6 12     20 170
30  83  48  66   8   0   1 0.01  0.0    0  9.5 35 350   M    M   1 13     49 350
================================================================================
SM 2467 1455        71  88  0.45     0.0 285.3          M       50
================================================================================
AV 82.2 48.5                               9.5 FASTST   M    M   2    MAX(MPH)
                                 MISC ---->  # 40 330               # 49  350
================================================================================
NOTES:
# LAST OF SEVERAL OCCURRENCES

COLUMN 17 PEAK WIND IN M.P.H.

PRELIMINARY LOCAL CLIMATOLOGICAL DATA (WS FORM: F-6) , PAGE 2

                                          STATION:  GOODLAND KS
                                          MONTH:    SEPTEMBER
                                          YEAR:     2012
                                          LATITUDE:   39 22 N
                                          LONGITUDE: 101 42 W

[TEMPERATURE DATA]      [PRECIPITATION DATA]       SYMBOLS USED IN COLUMN 16

AVERAGE MONTHLY: 65.4   TOTAL FOR MONTH:   0.45    1 = FOG OR MIST
DPTR FM NORMAL:   0.8   DPTR FM NORMAL:   -0.77    2 = FOG REDUCING VISIBILITY
HIGHEST:    97 ON 11, 6 GRTST 24HR  0.22 ON 12-12      TO 1/4 MILE OR LESS
LOWEST:     38 ON 24,20                            3 = THUNDER
                        SNOW, ICE PELLETS, HAIL    4 = ICE PELLETS
                        TOTAL MONTH:   0.0 INCH    5 = HAIL
                        GRTST 24HR     0.0         6 = FREEZING RAIN OR DRIZZLE
                        GRTST DEPTH:   0           7 = DUSTSTORM OR SANDSTORM:
                                                       VSBY 1/2 MILE OR LESS
                                                   8 = SMOKE OR HAZE
[NO. OF DAYS WITH]      [WEATHER - DAYS WITH]      9 = BLOWING SNOW
                                                   X = TORNADO
MAX 32 OR BELOW:   0    0.01 INCH OR MORE:   6
MAX 90 OR ABOVE:   7    0.10 INCH OR MORE:   2
MIN 32 OR BELOW:   0    0.50 INCH OR MORE:   0
MIN  0 OR BELOW:   0    1.00 INCH OR MORE:   0

[HDD (BASE 65) ]
TOTAL THIS MO.    71    CLEAR  (SCALE 0-3)  23
DPTR FM NORMAL   -41    PTCLDY (SCALE 4-7)   6
TOTAL FM JUL 1    76    CLOUDY (SCALE 8-10)  1
DPTR FM NORMAL   -48

[CDD (BASE 65) ]
TOTAL THIS MO.    88
DPTR FM NORMAL   -12    [PRESSURE DATA]
TOTAL FM JAN 1  1336    HIGHEST SLP M ON M
DPTR FM NORMAL   403    LOWEST  SLP 29.65 ON 11

[REMARKS]
#FINAL-09-12#
